{"id":16188,"date":"2026-01-05T14:50:00","date_gmt":"2026-01-05T13:50:00","guid":{"rendered":"https:\/\/cmh.ens.fr\/?post_type=these&#038;p=16188"},"modified":"2026-01-05T14:50:00","modified_gmt":"2026-01-05T13:50:00","slug":"la-detention-politique-au-senegal-usages-effets-et-finalites-politiques-et-sociales-de-la-repression-a-laune-des-trajectoires-des-interpelle%e2%88%99es-des-crises-electorales-de-2011-et","status":"publish","type":"these","link":"https:\/\/cmh.ens.fr\/en\/these\/la-detention-politique-au-senegal-usages-effets-et-finalites-politiques-et-sociales-de-la-repression-a-laune-des-trajectoires-des-interpellees-des-crises-electorales-de-2011-et\/","title":{"rendered":"La d\u00e9tention \u00ab\u00a0politique\u00a0\u00bb au S\u00e9n\u00e9gal &#8211; Usages, effets, et finalit\u00e9s politiques et sociales de la r\u00e9pression \u00e0 l&rsquo;aune des trajectoires des \u00ab\u00a0interpell\u00e9\u2219es\u00a0\u00bb des crises \u00e9lectorales de 2011 et de 2024"},"author":94,"featured_media":0,"template":"","class_list":["post-16188","these","type-these","status-publish","hentry"],"acf":[],"yoast_head":"<!-- This site is optimized with the Yoast SEO plugin v25.6 - https:\/\/yoast.com\/wordpress\/plugins\/seo\/ -->\n<title>CMH<\/title>\n<meta name=\"robots\" content=\"index, follow, max-snippet:-1, max-image-preview:large, max-video-preview:-1\" \/>\n<link rel=\"canonical\" href=\"https:\/\/cmh.ens.fr\/en\/these\/la-detention-politique-au-senegal-usages-effets-et-finalites-politiques-et-sociales-de-la-repression-a-laune-des-trajectoires-des-interpellees-des-crises-electorales-de-2011-et\/\" class=\"yoast-seo-meta-tag\" \/>\n<meta property=\"og:locale\" content=\"en_US\" class=\"yoast-seo-meta-tag\" \/>\n<meta property=\"og:type\" content=\"article\" class=\"yoast-seo-meta-tag\" \/>\n<meta property=\"og:title\" content=\"La d\u00e9tention &quot;politique&quot; au S\u00e9n\u00e9gal - Usages, effets, et finalit\u00e9s politiques et sociales de la r\u00e9pression \u00e0 l&#039;aune des trajectoires des &quot;interpell\u00e9\u2219es&quot; des crises \u00e9lectorales de 2011 et de 2024 - CMH\" class=\"yoast-seo-meta-tag\" \/>\n<meta property=\"og:url\" content=\"https:\/\/cmh.ens.fr\/en\/these\/la-detention-politique-au-senegal-usages-effets-et-finalites-politiques-et-sociales-de-la-repression-a-laune-des-trajectoires-des-interpellees-des-crises-electorales-de-2011-et\/\" class=\"yoast-seo-meta-tag\" \/>\n<meta property=\"og:site_name\" content=\"CMH\" class=\"yoast-seo-meta-tag\" \/>\n<meta name=\"twitter:card\" content=\"summary_large_image\" class=\"yoast-seo-meta-tag\" \/>\n<script type=\"application\/ld+json\" class=\"yoast-schema-graph\">{\"@context\":\"https:\/\/schema.org\",\"@graph\":[{\"@type\":\"WebPage\",\"@id\":\"https:\/\/cmh.ens.fr\/en\/these\/la-detention-politique-au-senegal-usages-effets-et-finalites-politiques-et-sociales-de-la-repression-a-laune-des-trajectoires-des-interpellees-des-crises-electorales-de-2011-et\/\",\"url\":\"https:\/\/cmh.ens.fr\/en\/these\/la-detention-politique-au-senegal-usages-effets-et-finalites-politiques-et-sociales-de-la-repression-a-laune-des-trajectoires-des-interpellees-des-crises-electorales-de-2011-et\/\",\"name\":\"La d\u00e9tention \\\"politique\\\" au S\u00e9n\u00e9gal - Usages, effets, et finalit\u00e9s politiques et sociales de la r\u00e9pression \u00e0 l'aune des trajectoires des \\\"interpell\u00e9\u2219es\\\" des crises \u00e9lectorales de 2011 et de 2024 - CMH\",\"isPartOf\":{\"@id\":\"https:\/\/cmh.ens.fr\/en\/#website\"},\"datePublished\":\"2026-01-05T13:50:00+00:00\",\"breadcrumb\":{\"@id\":\"https:\/\/cmh.ens.fr\/en\/these\/la-detention-politique-au-senegal-usages-effets-et-finalites-politiques-et-sociales-de-la-repression-a-laune-des-trajectoires-des-interpellees-des-crises-electorales-de-2011-et\/#breadcrumb\"},\"inLanguage\":\"en-US\",\"potentialAction\":[{\"@type\":\"ReadAction\",\"target\":[\"https:\/\/cmh.ens.fr\/en\/these\/la-detention-politique-au-senegal-usages-effets-et-finalites-politiques-et-sociales-de-la-repression-a-laune-des-trajectoires-des-interpellees-des-crises-electorales-de-2011-et\/\"]}]},{\"@type\":\"BreadcrumbList\",\"@id\":\"https:\/\/cmh.ens.fr\/en\/these\/la-detention-politique-au-senegal-usages-effets-et-finalites-politiques-et-sociales-de-la-repression-a-laune-des-trajectoires-des-interpellees-des-crises-electorales-de-2011-et\/#breadcrumb\",\"itemListElement\":[{\"@type\":\"ListItem\",\"position\":1,\"name\":\"Accueil\",\"item\":\"https:\/\/cmh.ens.fr\/\"},{\"@type\":\"ListItem\",\"position\":2,\"name\":\"Th\u00e8ses\",\"item\":\"https:\/\/cmh.ens.fr\/en\/these\/\"},{\"@type\":\"ListItem\",\"position\":3,\"name\":\"La d\u00e9tention \u00ab\u00a0politique\u00a0\u00bb au S\u00e9n\u00e9gal &#8211; Usages, effets, et finalit\u00e9s politiques et sociales de la r\u00e9pression \u00e0 l&rsquo;aune des trajectoires des \u00ab\u00a0interpell\u00e9\u2219es\u00a0\u00bb des crises \u00e9lectorales de 2011 et de 2024\"}]},{\"@type\":\"WebSite\",\"@id\":\"https:\/\/cmh.ens.fr\/en\/#website\",\"url\":\"https:\/\/cmh.ens.fr\/en\/\",\"name\":\"CMH\",\"description\":\"Centre Maurice Halbwachs\",\"publisher\":{\"@id\":\"https:\/\/cmh.ens.fr\/en\/#organization\"},\"potentialAction\":[{\"@type\":\"SearchAction\",\"target\":{\"@type\":\"EntryPoint\",\"urlTemplate\":\"https:\/\/cmh.ens.fr\/en\/?s={search_term_string}\"},\"query-input\":{\"@type\":\"PropertyValueSpecification\",\"valueRequired\":true,\"valueName\":\"search_term_string\"}}],\"inLanguage\":\"en-US\"},{\"@type\":\"Organization\",\"@id\":\"https:\/\/cmh.ens.fr\/en\/#organization\",\"name\":\"Centre Maurice Halbwachs\",\"url\":\"https:\/\/cmh.ens.fr\/en\/\",\"logo\":{\"@type\":\"ImageObject\",\"inLanguage\":\"en-US\",\"@id\":\"https:\/\/cmh.ens.fr\/en\/#\/schema\/logo\/image\/\",\"url\":\"https:\/\/www.cmh.ens.fr\/wp-content\/uploads\/siteon0.jpg\",\"contentUrl\":\"https:\/\/www.cmh.ens.fr\/wp-content\/uploads\/siteon0.jpg\",\"width\":86,\"height\":53,\"caption\":\"Centre Maurice Halbwachs\"},\"image\":{\"@id\":\"https:\/\/cmh.ens.fr\/en\/#\/schema\/logo\/image\/\"}}]}<\/script>\n<!-- \/ Yoast SEO plugin. -->","yoast_head_json":{"title":"CMH","robots":{"index":"index","follow":"follow","max-snippet":"max-snippet:-1","max-image-preview":"max-image-preview:large","max-video-preview":"max-video-preview:-1"},"canonical":"https:\/\/cmh.ens.fr\/en\/these\/la-detention-politique-au-senegal-usages-effets-et-finalites-politiques-et-sociales-de-la-repression-a-laune-des-trajectoires-des-interpellees-des-crises-electorales-de-2011-et\/","og_locale":"en_US","og_type":"article","og_title":"La d\u00e9tention \"politique\" au S\u00e9n\u00e9gal - Usages, effets, et finalit\u00e9s politiques et sociales de la r\u00e9pression \u00e0 l'aune des trajectoires des \"interpell\u00e9\u2219es\" des crises \u00e9lectorales de 2011 et de 2024 - CMH","og_url":"https:\/\/cmh.ens.fr\/en\/these\/la-detention-politique-au-senegal-usages-effets-et-finalites-politiques-et-sociales-de-la-repression-a-laune-des-trajectoires-des-interpellees-des-crises-electorales-de-2011-et\/","og_site_name":"CMH","twitter_card":"summary_large_image","schema":{"@context":"https:\/\/schema.org","@graph":[{"@type":"WebPage","@id":"https:\/\/cmh.ens.fr\/en\/these\/la-detention-politique-au-senegal-usages-effets-et-finalites-politiques-et-sociales-de-la-repression-a-laune-des-trajectoires-des-interpellees-des-crises-electorales-de-2011-et\/","url":"https:\/\/cmh.ens.fr\/en\/these\/la-detention-politique-au-senegal-usages-effets-et-finalites-politiques-et-sociales-de-la-repression-a-laune-des-trajectoires-des-interpellees-des-crises-electorales-de-2011-et\/","name":"La d\u00e9tention \"politique\" au S\u00e9n\u00e9gal - Usages, effets, et finalit\u00e9s politiques et sociales de la r\u00e9pression \u00e0 l'aune des trajectoires des \"interpell\u00e9\u2219es\" des crises \u00e9lectorales de 2011 et de 2024 - CMH","isPartOf":{"@id":"https:\/\/cmh.ens.fr\/en\/#website"},"datePublished":"2026-01-05T13:50:00+00:00","breadcrumb":{"@id":"https:\/\/cmh.ens.fr\/en\/these\/la-detention-politique-au-senegal-usages-effets-et-finalites-politiques-et-sociales-de-la-repression-a-laune-des-trajectoires-des-interpellees-des-crises-electorales-de-2011-et\/#breadcrumb"},"inLanguage":"en-US","potentialAction":[{"@type":"ReadAction","target":["https:\/\/cmh.ens.fr\/en\/these\/la-detention-politique-au-senegal-usages-effets-et-finalites-politiques-et-sociales-de-la-repression-a-laune-des-trajectoires-des-interpellees-des-crises-electorales-de-2011-et\/"]}]},{"@type":"BreadcrumbList","@id":"https:\/\/cmh.ens.fr\/en\/these\/la-detention-politique-au-senegal-usages-effets-et-finalites-politiques-et-sociales-de-la-repression-a-laune-des-trajectoires-des-interpellees-des-crises-electorales-de-2011-et\/#breadcrumb","itemListElement":[{"@type":"ListItem","position":1,"name":"Accueil","item":"https:\/\/cmh.ens.fr\/"},{"@type":"ListItem","position":2,"name":"Th\u00e8ses","item":"https:\/\/cmh.ens.fr\/en\/these\/"},{"@type":"ListItem","position":3,"name":"La d\u00e9tention \u00ab\u00a0politique\u00a0\u00bb au S\u00e9n\u00e9gal &#8211; Usages, effets, et finalit\u00e9s politiques et sociales de la r\u00e9pression \u00e0 l&rsquo;aune des trajectoires des \u00ab\u00a0interpell\u00e9\u2219es\u00a0\u00bb des crises \u00e9lectorales de 2011 et de 2024"}]},{"@type":"WebSite","@id":"https:\/\/cmh.ens.fr\/en\/#website","url":"https:\/\/cmh.ens.fr\/en\/","name":"CMH","description":"Centre Maurice Halbwachs","publisher":{"@id":"https:\/\/cmh.ens.fr\/en\/#organization"},"potentialAction":[{"@type":"SearchAction","target":{"@type":"EntryPoint","urlTemplate":"https:\/\/cmh.ens.fr\/en\/?s={search_term_string}"},"query-input":{"@type":"PropertyValueSpecification","valueRequired":true,"valueName":"search_term_string"}}],"inLanguage":"en-US"},{"@type":"Organization","@id":"https:\/\/cmh.ens.fr\/en\/#organization","name":"Centre Maurice Halbwachs","url":"https:\/\/cmh.ens.fr\/en\/","logo":{"@type":"ImageObject","inLanguage":"en-US","@id":"https:\/\/cmh.ens.fr\/en\/#\/schema\/logo\/image\/","url":"https:\/\/www.cmh.ens.fr\/wp-content\/uploads\/siteon0.jpg","contentUrl":"https:\/\/www.cmh.ens.fr\/wp-content\/uploads\/siteon0.jpg","width":86,"height":53,"caption":"Centre Maurice Halbwachs"},"image":{"@id":"https:\/\/cmh.ens.fr\/en\/#\/schema\/logo\/image\/"}}]}},"_links":{"self":[{"href":"https:\/\/cmh.ens.fr\/en\/wp-json\/wp\/v2\/these\/16188"}],"collection":[{"href":"https:\/\/cmh.ens.fr\/en\/wp-json\/wp\/v2\/these"}],"about":[{"href":"https:\/\/cmh.ens.fr\/en\/wp-json\/wp\/v2\/types\/these"}],"author":[{"embeddable":true,"href":"https:\/\/cmh.ens.fr\/en\/wp-json\/wp\/v2\/users\/94"}],"version-history":[{"count":1,"href":"https:\/\/cmh.ens.fr\/en\/wp-json\/wp\/v2\/these\/16188\/revisions"}],"predecessor-version":[{"id":16189,"href":"https:\/\/cmh.ens.fr\/en\/wp-json\/wp\/v2\/these\/16188\/revisions\/16189"}],"wp:attachment":[{"href":"https:\/\/cmh.ens.fr\/en\/wp-json\/wp\/v2\/media?parent=16188"}],"curies":[{"name":"wp","href":"https:\/\/api.w.org\/{rel}","templated":true}]}}

La détention « politique » au Sénégal &#8211; Usages, effets, et finalités politiques et sociales de la répression à l&rsquo;aune des trajectoires des « interpellé∙es » des crises électorales de 2011 et de 2024

<!-- This site is optimized with the Yoast SEO plugin v25.6 - https://yoast.com/wordpress/plugins/seo/ -->
<title>CMH</title>
<meta name="robots" content="index, follow, max-snippet:-1, max-image-preview:large, max-video-preview:-1" />
<link rel="canonical" href="https://cmh.ens.fr/en/these/la-detention-politique-au-senegal-usages-effets-et-finalites-politiques-et-sociales-de-la-repression-a-laune-des-trajectoires-des-interpellees-des-crises-electorales-de-2011-et/" class="yoast-seo-meta-tag" />
<meta property="og:locale" content="en_US" class="yoast-seo-meta-tag" />
<meta property="og:type" content="article" class="yoast-seo-meta-tag" />
<meta property="og:title" content="La détention &quot;politique&quot; au Sénégal - Usages, effets, et finalités politiques et sociales de la répression à l&#039;aune des trajectoires des &quot;interpellé∙es&quot; des crises électorales de 2011 et de 2024 - CMH" class="yoast-seo-meta-tag" />
<meta property="og:url" content="https://cmh.ens.fr/en/these/la-detention-politique-au-senegal-usages-effets-et-finalites-politiques-et-sociales-de-la-repression-a-laune-des-trajectoires-des-interpellees-des-crises-electorales-de-2011-et/" class="yoast-seo-meta-tag" />
<meta property="og:site_name" content="CMH" class="yoast-seo-meta-tag" />
<meta name="twitter:card" content="summary_large_image" class="yoast-seo-meta-tag" />
<script type="application/ld+json" class="yoast-schema-graph">{"@context":"https://schema.org","@graph":[{"@type":"WebPage","@id":"https://cmh.ens.fr/en/these/la-detention-politique-au-senegal-usages-effets-et-finalites-politiques-et-sociales-de-la-repression-a-laune-des-trajectoires-des-interpellees-des-crises-electorales-de-2011-et/","url":"https://cmh.ens.fr/en/these/la-detention-politique-au-senegal-usages-effets-et-finalites-politiques-et-sociales-de-la-repression-a-laune-des-trajectoires-des-interpellees-des-crises-electorales-de-2011-et/","name":"La détention \"politique\" au Sénégal - Usages, effets, et finalités politiques et sociales de la répression à l'aune des trajectoires des \"interpellé∙es\" des crises électorales de 2011 et de 2024 - CMH","isPartOf":{"@id":"https://cmh.ens.fr/en/#website"},"datePublished":"2026-01-05T13:50:00+00:00","breadcrumb":{"@id":"https://cmh.ens.fr/en/these/la-detention-politique-au-senegal-usages-effets-et-finalites-politiques-et-sociales-de-la-repression-a-laune-des-trajectoires-des-interpellees-des-crises-electorales-de-2011-et/#breadcrumb"},"inLanguage":"en-US","potentialAction":[{"@type":"ReadAction","target":["https://cmh.ens.fr/en/these/la-detention-politique-au-senegal-usages-effets-et-finalites-politiques-et-sociales-de-la-repression-a-laune-des-trajectoires-des-interpellees-des-crises-electorales-de-2011-et/"]}]},{"@type":"BreadcrumbList","@id":"https://cmh.ens.fr/en/these/la-detention-politique-au-senegal-usages-effets-et-finalites-politiques-et-sociales-de-la-repression-a-laune-des-trajectoires-des-interpellees-des-crises-electorales-de-2011-et/#breadcrumb","itemListElement":[{"@type":"ListItem","position":1,"name":"Accueil","item":"https://cmh.ens.fr/"},{"@type":"ListItem","position":2,"name":"Thèses","item":"https://cmh.ens.fr/en/these/"},{"@type":"ListItem","position":3,"name":"La détention « politique » au Sénégal &#8211; Usages, effets, et finalités politiques et sociales de la répression à l&rsquo;aune des trajectoires des « interpellé∙es » des crises électorales de 2011 et de 2024"}]},{"@type":"WebSite","@id":"https://cmh.ens.fr/en/#website","url":"https://cmh.ens.fr/en/","name":"CMH","description":"Centre Maurice Halbwachs","publisher":{"@id":"https://cmh.ens.fr/en/#organization"},"potentialAction":[{"@type":"SearchAction","target":{"@type":"EntryPoint","urlTemplate":"https://cmh.ens.fr/en/?s={search_term_string}"},"query-input":{"@type":"PropertyValueSpecification","valueRequired":true,"valueName":"search_term_string"}}],"inLanguage":"en-US"},{"@type":"Organization","@id":"https://cmh.ens.fr/en/#organization","name":"Centre Maurice Halbwachs","url":"https://cmh.ens.fr/en/","logo":{"@type":"ImageObject","inLanguage":"en-US","@id":"https://cmh.ens.fr/en/#/schema/logo/image/","url":"https://www.cmh.ens.fr/wp-content/uploads/siteon0.jpg","contentUrl":"https://www.cmh.ens.fr/wp-content/uploads/siteon0.jpg","width":86,"height":53,"caption":"Centre Maurice Halbwachs"},"image":{"@id":"https://cmh.ens.fr/en/#/schema/logo/image/"}}]}</script>
<!-- / Yoast SEO plugin. -->

La détention "politique" au Sénégal - Usages, effets, et finalités politiques et sociales de la répression à l'aune des trajectoires des "interpellé∙es" des crises électorales de 2011 et de 2024 - CMH

Thèses
