{"id":5744,"date":"2021-05-20T16:23:26","date_gmt":"2021-05-20T14:23:26","guid":{"rendered":"https:\/\/w3.cmh.ens.fr\/?page_id=5744"},"modified":"2022-11-21T11:15:28","modified_gmt":"2022-11-21T10:15:28","slug":"coralim5-jeunes-et-confinement","status":"publish","type":"page","link":"https:\/\/cmh.ens.fr\/en\/activites-scientifiques-anterieures\/coralim5-jeunes-et-confinement\/","title":{"rendered":"Coralim5 &#8211; Jeunes et confinement"},"content":{"rendered":"<p><strong>Christine Tichit<\/strong>, charg\u00e9e de recherche INRAE et&nbsp;<strong>Marie-Christine Deleigne<\/strong>, post-doctorante au CMH, m\u00e8nent une recherche sur la jeunesse en confinement, adaptant un terrain engag\u00e9 cette ann\u00e9e dans la continuit\u00e9 de l\u2019enqu\u00eate CORALIM d\u2019INRAE en partenariat avec des \u00e9tablissements scolaires, la Maison du Geste et de l\u2019Image (MGI) et le CNRS, \u00e0 laquelle participent aussi&nbsp;<strong>Simeng Wang<\/strong>, charg\u00e9e de recherche CNRS,&nbsp;<strong>V\u00e9r\u00e8ne Chevalier<\/strong>, ma\u00eetre de conf\u00e9rence UPEC et&nbsp;<strong>No\u00e9mie Rosillette<\/strong>, \u00e9tudiante Master STAPS UPEC en stage au CMH, dans le cadre de deux projets du CMH avec l\u2019INJEP et la Mairie de Paris.<\/p>\n\n\n\n<p>La recherche porte sur le quotidien et le v\u00e9cu du confinement. Elle consiste en un double dispositif de collecte en ligne aupr\u00e8s d\u2019enfants (10-11 ans) et de jeunes (15-25 ans) dans le cadre de l\u2019\u00e9tude CORALIM, enqu\u00eate participative avec des \u00e9l\u00e8ves de coll\u00e8ge sur les modes de vie, l\u2019alimentation et le rapport au corps \u00e0 l\u2019adolescence, men\u00e9e depuis 2010 \u00e0 INRAE. Dans le contexte de l\u2019\u00e9pid\u00e9mie de Covid 19, un volet exceptionnel sur le v\u00e9cu du confinement chez les jeunes et les enfants, questionne le ressenti de la situation et les changements imputables dans la vie quotidienne, l\u2019alimentation, les \u00e9tudes et les relations sociales. Le dispositif utilis\u00e9 comme un journal en ligne \u00e0 mettre r\u00e9guli\u00e8rement \u00e0 jour, produit des donn\u00e9es \u00e9volutives et permet de suivre les processus d\u2019adaptation au fil du confinement.<\/p>","protected":false},"excerpt":{"rendered":"<p>Christine Tichit, charg\u00e9e de recherche INRAE et&nbsp;Marie-Christine Deleigne, post-doctorante au CMH, m\u00e8nent une recherche sur la jeunesse en confinement, adaptant un terrain engag\u00e9 cette ann\u00e9e dans la continuit\u00e9 de l\u2019enqu\u00eate CORALIM d\u2019INRAE en partenariat avec des \u00e9tablissements scolaires, la Maison du Geste et de l\u2019Image (MGI) et le CNRS, \u00e0 laquelle participent aussi&nbsp;Simeng Wang, charg\u00e9e [&hellip;]<\/p>\n","protected":false},"author":1,"featured_media":5745,"parent":2649,"menu_order":2,"comment_status":"closed","ping_status":"closed","template":"","meta":{"_acf_changed":false,"footnotes":""},"class_list":["post-5744","page","type-page","status-publish","has-post-thumbnail","hentry"],"acf":[],"yoast_head":"<!-- This site is optimized with the Yoast SEO plugin v25.6 - https:\/\/yoast.com\/wordpress\/plugins\/seo\/ -->\n<title>CMH<\/title>\n<meta name=\"robots\" content=\"index, follow, max-snippet:-1, max-image-preview:large, max-video-preview:-1\" \/>\n<link rel=\"canonical\" href=\"https:\/\/cmh.ens.fr\/en\/activites-scientifiques-anterieures\/coralim5-jeunes-et-confinement\/\" class=\"yoast-seo-meta-tag\" \/>\n<meta property=\"og:locale\" content=\"en_US\" class=\"yoast-seo-meta-tag\" \/>\n<meta property=\"og:type\" content=\"article\" class=\"yoast-seo-meta-tag\" \/>\n<meta property=\"og:title\" content=\"Coralim5 - Jeunes et confinement - CMH\" class=\"yoast-seo-meta-tag\" \/>\n<meta property=\"og:description\" content=\"Christine Tichit, charg\u00e9e de recherche INRAE et&nbsp;Marie-Christine Deleigne, post-doctorante au CMH, m\u00e8nent une recherche sur la jeunesse en confinement, adaptant un terrain engag\u00e9 cette ann\u00e9e dans la continuit\u00e9 de l\u2019enqu\u00eate CORALIM d\u2019INRAE en partenariat avec des \u00e9tablissements scolaires, la Maison du Geste et de l\u2019Image (MGI) et le CNRS, \u00e0 laquelle participent aussi&nbsp;Simeng Wang, charg\u00e9e [&hellip;]\" class=\"yoast-seo-meta-tag\" \/>\n<meta property=\"og:url\" content=\"https:\/\/cmh.ens.fr\/en\/activites-scientifiques-anterieures\/coralim5-jeunes-et-confinement\/\" class=\"yoast-seo-meta-tag\" \/>\n<meta property=\"og:site_name\" content=\"CMH\" class=\"yoast-seo-meta-tag\" \/>\n<meta property=\"article:modified_time\" content=\"2022-11-21T10:15:28+00:00\" class=\"yoast-seo-meta-tag\" \/>\n<meta property=\"og:image\" content=\"https:\/\/cmh.ens.fr\/wp-content\/uploads\/arton1925.png\" class=\"yoast-seo-meta-tag\" \/>\n\t<meta property=\"og:image:width\" content=\"219\" class=\"yoast-seo-meta-tag\" \/>\n\t<meta property=\"og:image:height\" content=\"230\" class=\"yoast-seo-meta-tag\" \/>\n\t<meta property=\"og:image:type\" content=\"image\/png\" class=\"yoast-seo-meta-tag\" \/>\n<meta name=\"twitter:card\" content=\"summary_large_image\" class=\"yoast-seo-meta-tag\" \/>\n<meta name=\"twitter:label1\" content=\"Est. reading time\" class=\"yoast-seo-meta-tag\" \/>\n\t<meta name=\"twitter:data1\" content=\"2 minutes\" class=\"yoast-seo-meta-tag\" \/>\n<script type=\"application\/ld+json\" class=\"yoast-schema-graph\">{\"@context\":\"https:\/\/schema.org\",\"@graph\":[{\"@type\":\"WebPage\",\"@id\":\"https:\/\/cmh.ens.fr\/en\/activites-scientifiques-anterieures\/coralim5-jeunes-et-confinement\/\",\"url\":\"https:\/\/cmh.ens.fr\/en\/activites-scientifiques-anterieures\/coralim5-jeunes-et-confinement\/\",\"name\":\"Coralim5 - Jeunes et confinement - CMH\",\"isPartOf\":{\"@id\":\"https:\/\/cmh.ens.fr\/en\/#website\"},\"primaryImageOfPage\":{\"@id\":\"https:\/\/cmh.ens.fr\/en\/activites-scientifiques-anterieures\/coralim5-jeunes-et-confinement\/#primaryimage\"},\"image\":{\"@id\":\"https:\/\/cmh.ens.fr\/en\/activites-scientifiques-anterieures\/coralim5-jeunes-et-confinement\/#primaryimage\"},\"thumbnailUrl\":\"https:\/\/cmh.ens.fr\/wp-content\/uploads\/arton1925.png\",\"datePublished\":\"2021-05-20T14:23:26+00:00\",\"dateModified\":\"2022-11-21T10:15:28+00:00\",\"breadcrumb\":{\"@id\":\"https:\/\/cmh.ens.fr\/en\/activites-scientifiques-anterieures\/coralim5-jeunes-et-confinement\/#breadcrumb\"},\"inLanguage\":\"en-US\",\"potentialAction\":[{\"@type\":\"ReadAction\",\"target\":[\"https:\/\/cmh.ens.fr\/en\/activites-scientifiques-anterieures\/coralim5-jeunes-et-confinement\/\"]}]},{\"@type\":\"ImageObject\",\"inLanguage\":\"en-US\",\"@id\":\"https:\/\/cmh.ens.fr\/en\/activites-scientifiques-anterieures\/coralim5-jeunes-et-confinement\/#primaryimage\",\"url\":\"https:\/\/cmh.ens.fr\/wp-content\/uploads\/arton1925.png\",\"contentUrl\":\"https:\/\/cmh.ens.fr\/wp-content\/uploads\/arton1925.png\",\"width\":219,\"height\":230},{\"@type\":\"BreadcrumbList\",\"@id\":\"https:\/\/cmh.ens.fr\/en\/activites-scientifiques-anterieures\/coralim5-jeunes-et-confinement\/#breadcrumb\",\"itemListElement\":[{\"@type\":\"ListItem\",\"position\":1,\"name\":\"Accueil\",\"item\":\"https:\/\/cmh.ens.fr\/\"},{\"@type\":\"ListItem\",\"position\":2,\"name\":\"Activit\u00e9s scientifiques ant\u00e9rieures\",\"item\":\"https:\/\/cmh.ens.fr\/activites-scientifiques-anterieures\/\"},{\"@type\":\"ListItem\",\"position\":3,\"name\":\"Coralim5 &#8211; Jeunes et confinement\"}]},{\"@type\":\"WebSite\",\"@id\":\"https:\/\/cmh.ens.fr\/en\/#website\",\"url\":\"https:\/\/cmh.ens.fr\/en\/\",\"name\":\"CMH\",\"description\":\"Centre Maurice Halbwachs\",\"publisher\":{\"@id\":\"https:\/\/cmh.ens.fr\/en\/#organization\"},\"potentialAction\":[{\"@type\":\"SearchAction\",\"target\":{\"@type\":\"EntryPoint\",\"urlTemplate\":\"https:\/\/cmh.ens.fr\/en\/?s={search_term_string}\"},\"query-input\":{\"@type\":\"PropertyValueSpecification\",\"valueRequired\":true,\"valueName\":\"search_term_string\"}}],\"inLanguage\":\"en-US\"},{\"@type\":\"Organization\",\"@id\":\"https:\/\/cmh.ens.fr\/en\/#organization\",\"name\":\"Centre Maurice Halbwachs\",\"url\":\"https:\/\/cmh.ens.fr\/en\/\",\"logo\":{\"@type\":\"ImageObject\",\"inLanguage\":\"en-US\",\"@id\":\"https:\/\/cmh.ens.fr\/en\/#\/schema\/logo\/image\/\",\"url\":\"https:\/\/www.cmh.ens.fr\/wp-content\/uploads\/siteon0.jpg\",\"contentUrl\":\"https:\/\/www.cmh.ens.fr\/wp-content\/uploads\/siteon0.jpg\",\"width\":86,\"height\":53,\"caption\":\"Centre Maurice Halbwachs\"},\"image\":{\"@id\":\"https:\/\/cmh.ens.fr\/en\/#\/schema\/logo\/image\/\"}}]}<\/script>\n<!-- \/ Yoast SEO plugin. -->","yoast_head_json":{"title":"CMH","robots":{"index":"index","follow":"follow","max-snippet":"max-snippet:-1","max-image-preview":"max-image-preview:large","max-video-preview":"max-video-preview:-1"},"canonical":"https:\/\/cmh.ens.fr\/en\/activites-scientifiques-anterieures\/coralim5-jeunes-et-confinement\/","og_locale":"en_US","og_type":"article","og_title":"Coralim5 - Jeunes et confinement - CMH","og_description":"Christine Tichit, charg\u00e9e de recherche INRAE et&nbsp;Marie-Christine Deleigne, post-doctorante au CMH, m\u00e8nent une recherche sur la jeunesse en confinement, adaptant un terrain engag\u00e9 cette ann\u00e9e dans la continuit\u00e9 de l\u2019enqu\u00eate CORALIM d\u2019INRAE en partenariat avec des \u00e9tablissements scolaires, la Maison du Geste et de l\u2019Image (MGI) et le CNRS, \u00e0 laquelle participent aussi&nbsp;Simeng Wang, charg\u00e9e [&hellip;]","og_url":"https:\/\/cmh.ens.fr\/en\/activites-scientifiques-anterieures\/coralim5-jeunes-et-confinement\/","og_site_name":"CMH","article_modified_time":"2022-11-21T10:15:28+00:00","og_image":[{"width":219,"height":230,"url":"https:\/\/cmh.ens.fr\/wp-content\/uploads\/arton1925.png","type":"image\/png"}],"twitter_card":"summary_large_image","twitter_misc":{"Est. reading time":"2 minutes"},"schema":{"@context":"https:\/\/schema.org","@graph":[{"@type":"WebPage","@id":"https:\/\/cmh.ens.fr\/en\/activites-scientifiques-anterieures\/coralim5-jeunes-et-confinement\/","url":"https:\/\/cmh.ens.fr\/en\/activites-scientifiques-anterieures\/coralim5-jeunes-et-confinement\/","name":"Coralim5 - Jeunes et confinement - CMH","isPartOf":{"@id":"https:\/\/cmh.ens.fr\/en\/#website"},"primaryImageOfPage":{"@id":"https:\/\/cmh.ens.fr\/en\/activites-scientifiques-anterieures\/coralim5-jeunes-et-confinement\/#primaryimage"},"image":{"@id":"https:\/\/cmh.ens.fr\/en\/activites-scientifiques-anterieures\/coralim5-jeunes-et-confinement\/#primaryimage"},"thumbnailUrl":"https:\/\/cmh.ens.fr\/wp-content\/uploads\/arton1925.png","datePublished":"2021-05-20T14:23:26+00:00","dateModified":"2022-11-21T10:15:28+00:00","breadcrumb":{"@id":"https:\/\/cmh.ens.fr\/en\/activites-scientifiques-anterieures\/coralim5-jeunes-et-confinement\/#breadcrumb"},"inLanguage":"en-US","potentialAction":[{"@type":"ReadAction","target":["https:\/\/cmh.ens.fr\/en\/activites-scientifiques-anterieures\/coralim5-jeunes-et-confinement\/"]}]},{"@type":"ImageObject","inLanguage":"en-US","@id":"https:\/\/cmh.ens.fr\/en\/activites-scientifiques-anterieures\/coralim5-jeunes-et-confinement\/#primaryimage","url":"https:\/\/cmh.ens.fr\/wp-content\/uploads\/arton1925.png","contentUrl":"https:\/\/cmh.ens.fr\/wp-content\/uploads\/arton1925.png","width":219,"height":230},{"@type":"BreadcrumbList","@id":"https:\/\/cmh.ens.fr\/en\/activites-scientifiques-anterieures\/coralim5-jeunes-et-confinement\/#breadcrumb","itemListElement":[{"@type":"ListItem","position":1,"name":"Accueil","item":"https:\/\/cmh.ens.fr\/"},{"@type":"ListItem","position":2,"name":"Activit\u00e9s scientifiques ant\u00e9rieures","item":"https:\/\/cmh.ens.fr\/activites-scientifiques-anterieures\/"},{"@type":"ListItem","position":3,"name":"Coralim5 &#8211; Jeunes et confinement"}]},{"@type":"WebSite","@id":"https:\/\/cmh.ens.fr\/en\/#website","url":"https:\/\/cmh.ens.fr\/en\/","name":"CMH","description":"Centre Maurice Halbwachs","publisher":{"@id":"https:\/\/cmh.ens.fr\/en\/#organization"},"potentialAction":[{"@type":"SearchAction","target":{"@type":"EntryPoint","urlTemplate":"https:\/\/cmh.ens.fr\/en\/?s={search_term_string}"},"query-input":{"@type":"PropertyValueSpecification","valueRequired":true,"valueName":"search_term_string"}}],"inLanguage":"en-US"},{"@type":"Organization","@id":"https:\/\/cmh.ens.fr\/en\/#organization","name":"Centre Maurice Halbwachs","url":"https:\/\/cmh.ens.fr\/en\/","logo":{"@type":"ImageObject","inLanguage":"en-US","@id":"https:\/\/cmh.ens.fr\/en\/#\/schema\/logo\/image\/","url":"https:\/\/www.cmh.ens.fr\/wp-content\/uploads\/siteon0.jpg","contentUrl":"https:\/\/www.cmh.ens.fr\/wp-content\/uploads\/siteon0.jpg","width":86,"height":53,"caption":"Centre Maurice Halbwachs"},"image":{"@id":"https:\/\/cmh.ens.fr\/en\/#\/schema\/logo\/image\/"}}]}},"_links":{"self":[{"href":"https:\/\/cmh.ens.fr\/en\/wp-json\/wp\/v2\/pages\/5744"}],"collection":[{"href":"https:\/\/cmh.ens.fr\/en\/wp-json\/wp\/v2\/pages"}],"about":[{"href":"https:\/\/cmh.ens.fr\/en\/wp-json\/wp\/v2\/types\/page"}],"author":[{"embeddable":true,"href":"https:\/\/cmh.ens.fr\/en\/wp-json\/wp\/v2\/users\/1"}],"replies":[{"embeddable":true,"href":"https:\/\/cmh.ens.fr\/en\/wp-json\/wp\/v2\/comments?post=5744"}],"version-history":[{"count":1,"href":"https:\/\/cmh.ens.fr\/en\/wp-json\/wp\/v2\/pages\/5744\/revisions"}],"predecessor-version":[{"id":10939,"href":"https:\/\/cmh.ens.fr\/en\/wp-json\/wp\/v2\/pages\/5744\/revisions\/10939"}],"up":[{"embeddable":true,"href":"https:\/\/cmh.ens.fr\/en\/wp-json\/wp\/v2\/pages\/2649"}],"wp:featuredmedia":[{"embeddable":true,"href":"https:\/\/cmh.ens.fr\/en\/wp-json\/wp\/v2\/media\/5745"}],"wp:attachment":[{"href":"https:\/\/cmh.ens.fr\/en\/wp-json\/wp\/v2\/media?parent=5744"}],"curies":[{"name":"wp","href":"https:\/\/api.w.org\/{rel}","templated":true}]}}

<p><strong>Christine Tichit</strong>, chargée de recherche INRAE et&nbsp;<strong>Marie-Christine Deleigne</strong>, post-doctorante au CMH, mènent une recherche sur la jeunesse en confinement, adaptant un terrain engagé cette année dans la continuité de l’enquête CORALIM d’INRAE en partenariat avec des établissements scolaires, la Maison du Geste et de l’Image (MGI) et le CNRS, à laquelle participent aussi&nbsp;<strong>Simeng Wang</strong>, chargée de recherche CNRS,&nbsp;<strong>Vérène Chevalier</strong>, maître de conférence UPEC et&nbsp;<strong>Noémie Rosillette</strong>, étudiante Master STAPS UPEC en stage au CMH, dans le cadre de deux projets du CMH avec l’INJEP et la Mairie de Paris.</p>



<p>La recherche porte sur le quotidien et le vécu du confinement. Elle consiste en un double dispositif de collecte en ligne auprès d’enfants (10-11 ans) et de jeunes (15-25 ans) dans le cadre de l’étude CORALIM, enquête participative avec des élèves de collège sur les modes de vie, l’alimentation et le rapport au corps à l’adolescence, menée depuis 2010 à INRAE. Dans le contexte de l’épidémie de Covid 19, un volet exceptionnel sur le vécu du confinement chez les jeunes et les enfants, questionne le ressenti de la situation et les changements imputables dans la vie quotidienne, l’alimentation, les études et les relations sociales. Le dispositif utilisé comme un journal en ligne à mettre régulièrement à jour, produit des données évolutives et permet de suivre les processus d’adaptation au fil du confinement.</p>

<p>Christine Tichit, chargée de recherche INRAE et&nbsp;Marie-Christine Deleigne, post-doctorante au CMH, mènent une recherche sur la jeunesse en confinement, adaptant un terrain engagé cette année dans la continuité de l’enquête CORALIM d’INRAE en partenariat avec des établissements scolaires, la Maison du Geste et de l’Image (MGI) et le CNRS, à laquelle participent aussi&nbsp;Simeng Wang, chargée [&hellip;]</p>

<!-- This site is optimized with the Yoast SEO plugin v25.6 - https://yoast.com/wordpress/plugins/seo/ -->
<title>CMH</title>
<meta name="robots" content="index, follow, max-snippet:-1, max-image-preview:large, max-video-preview:-1" />
<link rel="canonical" href="https://cmh.ens.fr/en/activites-scientifiques-anterieures/coralim5-jeunes-et-confinement/" class="yoast-seo-meta-tag" />
<meta property="og:locale" content="en_US" class="yoast-seo-meta-tag" />
<meta property="og:type" content="article" class="yoast-seo-meta-tag" />
<meta property="og:title" content="Coralim5 - Jeunes et confinement - CMH" class="yoast-seo-meta-tag" />
<meta property="og:description" content="Christine Tichit, chargée de recherche INRAE et&nbsp;Marie-Christine Deleigne, post-doctorante au CMH, mènent une recherche sur la jeunesse en confinement, adaptant un terrain engagé cette année dans la continuité de l’enquête CORALIM d’INRAE en partenariat avec des établissements scolaires, la Maison du Geste et de l’Image (MGI) et le CNRS, à laquelle participent aussi&nbsp;Simeng Wang, chargée [&hellip;]" class="yoast-seo-meta-tag" />
<meta property="og:url" content="https://cmh.ens.fr/en/activites-scientifiques-anterieures/coralim5-jeunes-et-confinement/" class="yoast-seo-meta-tag" />
<meta property="og:site_name" content="CMH" class="yoast-seo-meta-tag" />
<meta property="article:modified_time" content="2022-11-21T10:15:28+00:00" class="yoast-seo-meta-tag" />
<meta property="og:image" content="https://cmh.ens.fr/wp-content/uploads/arton1925.png" class="yoast-seo-meta-tag" />
	<meta property="og:image:width" content="219" class="yoast-seo-meta-tag" />
	<meta property="og:image:height" content="230" class="yoast-seo-meta-tag" />
	<meta property="og:image:type" content="image/png" class="yoast-seo-meta-tag" />
<meta name="twitter:card" content="summary_large_image" class="yoast-seo-meta-tag" />
<meta name="twitter:label1" content="Est. reading time" class="yoast-seo-meta-tag" />
	<meta name="twitter:data1" content="2 minutes" class="yoast-seo-meta-tag" />
<script type="application/ld+json" class="yoast-schema-graph">{"@context":"https://schema.org","@graph":[{"@type":"WebPage","@id":"https://cmh.ens.fr/en/activites-scientifiques-anterieures/coralim5-jeunes-et-confinement/","url":"https://cmh.ens.fr/en/activites-scientifiques-anterieures/coralim5-jeunes-et-confinement/","name":"Coralim5 - Jeunes et confinement - CMH","isPartOf":{"@id":"https://cmh.ens.fr/en/#website"},"primaryImageOfPage":{"@id":"https://cmh.ens.fr/en/activites-scientifiques-anterieures/coralim5-jeunes-et-confinement/#primaryimage"},"image":{"@id":"https://cmh.ens.fr/en/activites-scientifiques-anterieures/coralim5-jeunes-et-confinement/#primaryimage"},"thumbnailUrl":"https://cmh.ens.fr/wp-content/uploads/arton1925.png","datePublished":"2021-05-20T14:23:26+00:00","dateModified":"2022-11-21T10:15:28+00:00","breadcrumb":{"@id":"https://cmh.ens.fr/en/activites-scientifiques-anterieures/coralim5-jeunes-et-confinement/#breadcrumb"},"inLanguage":"en-US","potentialAction":[{"@type":"ReadAction","target":["https://cmh.ens.fr/en/activites-scientifiques-anterieures/coralim5-jeunes-et-confinement/"]}]},{"@type":"ImageObject","inLanguage":"en-US","@id":"https://cmh.ens.fr/en/activites-scientifiques-anterieures/coralim5-jeunes-et-confinement/#primaryimage","url":"https://cmh.ens.fr/wp-content/uploads/arton1925.png","contentUrl":"https://cmh.ens.fr/wp-content/uploads/arton1925.png","width":219,"height":230},{"@type":"BreadcrumbList","@id":"https://cmh.ens.fr/en/activites-scientifiques-anterieures/coralim5-jeunes-et-confinement/#breadcrumb","itemListElement":[{"@type":"ListItem","position":1,"name":"Accueil","item":"https://cmh.ens.fr/"},{"@type":"ListItem","position":2,"name":"Activités scientifiques antérieures","item":"https://cmh.ens.fr/activites-scientifiques-anterieures/"},{"@type":"ListItem","position":3,"name":"Coralim5 &#8211; Jeunes et confinement"}]},{"@type":"WebSite","@id":"https://cmh.ens.fr/en/#website","url":"https://cmh.ens.fr/en/","name":"CMH","description":"Centre Maurice Halbwachs","publisher":{"@id":"https://cmh.ens.fr/en/#organization"},"potentialAction":[{"@type":"SearchAction","target":{"@type":"EntryPoint","urlTemplate":"https://cmh.ens.fr/en/?s={search_term_string}"},"query-input":{"@type":"PropertyValueSpecification","valueRequired":true,"valueName":"search_term_string"}}],"inLanguage":"en-US"},{"@type":"Organization","@id":"https://cmh.ens.fr/en/#organization","name":"Centre Maurice Halbwachs","url":"https://cmh.ens.fr/en/","logo":{"@type":"ImageObject","inLanguage":"en-US","@id":"https://cmh.ens.fr/en/#/schema/logo/image/","url":"https://www.cmh.ens.fr/wp-content/uploads/siteon0.jpg","contentUrl":"https://www.cmh.ens.fr/wp-content/uploads/siteon0.jpg","width":86,"height":53,"caption":"Centre Maurice Halbwachs"},"image":{"@id":"https://cmh.ens.fr/en/#/schema/logo/image/"}}]}</script>
<!-- / Yoast SEO plugin. -->

Christine Tichit, chargée de recherche INRAE et&nbsp;Marie-Christine Deleigne, post-doctorante au CMH, mènent une recherche sur la jeunesse en confinement, adaptant un terrain engagé cette année dans la continuité de l’enquête CORALIM d’INRAE en partenariat avec des établissements scolaires, la Maison du Geste et de l’Image (MGI) et le CNRS, à laquelle participent aussi&nbsp;Simeng Wang, chargée [&hellip;]

Activités scientifiques antérieures
