{"id":2970,"date":"2019-08-10T10:33:00","date_gmt":"2019-08-10T08:33:00","guid":{"rendered":"https:\/\/w3.cmh.ens.fr\/?post_type=nomination&#038;p=2970"},"modified":"2021-07-13T14:23:07","modified_gmt":"2021-07-13T12:23:07","slug":"deux-nominations-au-sein-du-conseil-national-de-linformation-statistique","status":"publish","type":"nomination","link":"https:\/\/cmh.ens.fr\/en\/nomination\/deux-nominations-au-sein-du-conseil-national-de-linformation-statistique\/","title":{"rendered":"Deux Nominations au sein du Conseil National de l\u2019Information Statistique"},"content":{"rendered":"<p><strong>J\u00e9r\u00f4me Deauvieau et Roxane Silberman<\/strong><\/p>\n\n\n\n<p><strong>J\u00e9r\u00f4me Deauvieau<\/strong>, professeur \u00e0 l\u2019ENS, est nomm\u00e9 en qualit\u00e9 de chercheurs en sciences \u00e9conomiques ou sociales.<\/p>\n\n\n\n<p><strong>Roxane Silberman<\/strong>, directrice de recherche \u00e9m\u00e9rite CNRS, est nomm\u00e9e au titre de personnalit\u00e9 qualifi\u00e9e apr\u00e8s avoir si\u00e9g\u00e9 plusieurs ann\u00e9es comme repr\u00e9sentante des chercheurs en sciences \u00e9conomiques ou sociales.<\/p>","protected":false},"author":1,"featured_media":7499,"template":"","class_list":["post-2970","nomination","type-nomination","status-publish","has-post-thumbnail","hentry"],"acf":[],"yoast_head":"<!-- This site is optimized with the Yoast SEO plugin v25.6 - https:\/\/yoast.com\/wordpress\/plugins\/seo\/ -->\n<title>CMH<\/title>\n<meta name=\"robots\" content=\"index, follow, max-snippet:-1, max-image-preview:large, max-video-preview:-1\" \/>\n<link rel=\"canonical\" href=\"https:\/\/cmh.ens.fr\/en\/nomination\/deux-nominations-au-sein-du-conseil-national-de-linformation-statistique\/\" class=\"yoast-seo-meta-tag\" \/>\n<meta property=\"og:locale\" content=\"en_US\" class=\"yoast-seo-meta-tag\" \/>\n<meta property=\"og:type\" content=\"article\" class=\"yoast-seo-meta-tag\" \/>\n<meta property=\"og:title\" content=\"Deux Nominations au sein du Conseil National de l\u2019Information Statistique - CMH\" class=\"yoast-seo-meta-tag\" \/>\n<meta property=\"og:description\" content=\"J\u00e9r\u00f4me Deauvieau et Roxane Silberman J\u00e9r\u00f4me Deauvieau, professeur \u00e0 l\u2019ENS, est nomm\u00e9 en qualit\u00e9 de chercheurs en sciences \u00e9conomiques ou sociales. Roxane Silberman, directrice de recherche \u00e9m\u00e9rite CNRS, est nomm\u00e9e au titre de personnalit\u00e9 qualifi\u00e9e apr\u00e8s avoir si\u00e9g\u00e9 plusieurs ann\u00e9es comme repr\u00e9sentante des chercheurs en sciences \u00e9conomiques ou sociales.\" class=\"yoast-seo-meta-tag\" \/>\n<meta property=\"og:url\" content=\"https:\/\/cmh.ens.fr\/en\/nomination\/deux-nominations-au-sein-du-conseil-national-de-linformation-statistique\/\" class=\"yoast-seo-meta-tag\" \/>\n<meta property=\"og:site_name\" content=\"CMH\" class=\"yoast-seo-meta-tag\" \/>\n<meta property=\"article:modified_time\" content=\"2021-07-13T12:23:07+00:00\" class=\"yoast-seo-meta-tag\" \/>\n<meta property=\"og:image\" content=\"https:\/\/cmh.ens.fr\/wp-content\/uploads\/deauvieau.jpg\" class=\"yoast-seo-meta-tag\" \/>\n\t<meta property=\"og:image:width\" content=\"150\" class=\"yoast-seo-meta-tag\" \/>\n\t<meta property=\"og:image:height\" content=\"180\" class=\"yoast-seo-meta-tag\" \/>\n\t<meta property=\"og:image:type\" content=\"image\/jpeg\" class=\"yoast-seo-meta-tag\" \/>\n<meta name=\"twitter:card\" content=\"summary_large_image\" class=\"yoast-seo-meta-tag\" \/>\n<meta name=\"twitter:label1\" content=\"Est. reading time\" class=\"yoast-seo-meta-tag\" \/>\n\t<meta name=\"twitter:data1\" content=\"1 minute\" class=\"yoast-seo-meta-tag\" \/>\n<script type=\"application\/ld+json\" class=\"yoast-schema-graph\">{\"@context\":\"https:\/\/schema.org\",\"@graph\":[{\"@type\":\"WebPage\",\"@id\":\"https:\/\/cmh.ens.fr\/en\/nomination\/deux-nominations-au-sein-du-conseil-national-de-linformation-statistique\/\",\"url\":\"https:\/\/cmh.ens.fr\/en\/nomination\/deux-nominations-au-sein-du-conseil-national-de-linformation-statistique\/\",\"name\":\"Deux Nominations au sein du Conseil National de l\u2019Information Statistique - CMH\",\"isPartOf\":{\"@id\":\"https:\/\/cmh.ens.fr\/en\/#website\"},\"primaryImageOfPage\":{\"@id\":\"https:\/\/cmh.ens.fr\/en\/nomination\/deux-nominations-au-sein-du-conseil-national-de-linformation-statistique\/#primaryimage\"},\"image\":{\"@id\":\"https:\/\/cmh.ens.fr\/en\/nomination\/deux-nominations-au-sein-du-conseil-national-de-linformation-statistique\/#primaryimage\"},\"thumbnailUrl\":\"https:\/\/cmh.ens.fr\/wp-content\/uploads\/deauvieau.jpg\",\"datePublished\":\"2019-08-10T08:33:00+00:00\",\"dateModified\":\"2021-07-13T12:23:07+00:00\",\"breadcrumb\":{\"@id\":\"https:\/\/cmh.ens.fr\/en\/nomination\/deux-nominations-au-sein-du-conseil-national-de-linformation-statistique\/#breadcrumb\"},\"inLanguage\":\"en-US\",\"potentialAction\":[{\"@type\":\"ReadAction\",\"target\":[\"https:\/\/cmh.ens.fr\/en\/nomination\/deux-nominations-au-sein-du-conseil-national-de-linformation-statistique\/\"]}]},{\"@type\":\"ImageObject\",\"inLanguage\":\"en-US\",\"@id\":\"https:\/\/cmh.ens.fr\/en\/nomination\/deux-nominations-au-sein-du-conseil-national-de-linformation-statistique\/#primaryimage\",\"url\":\"https:\/\/cmh.ens.fr\/wp-content\/uploads\/deauvieau.jpg\",\"contentUrl\":\"https:\/\/cmh.ens.fr\/wp-content\/uploads\/deauvieau.jpg\",\"width\":150,\"height\":180},{\"@type\":\"BreadcrumbList\",\"@id\":\"https:\/\/cmh.ens.fr\/en\/nomination\/deux-nominations-au-sein-du-conseil-national-de-linformation-statistique\/#breadcrumb\",\"itemListElement\":[{\"@type\":\"ListItem\",\"position\":1,\"name\":\"Accueil\",\"item\":\"https:\/\/cmh.ens.fr\/\"},{\"@type\":\"ListItem\",\"position\":2,\"name\":\"Nominations\",\"item\":\"https:\/\/cmh.ens.fr\/nomination\/\"},{\"@type\":\"ListItem\",\"position\":3,\"name\":\"Deux Nominations au sein du Conseil National de l\u2019Information Statistique\"}]},{\"@type\":\"WebSite\",\"@id\":\"https:\/\/cmh.ens.fr\/en\/#website\",\"url\":\"https:\/\/cmh.ens.fr\/en\/\",\"name\":\"CMH\",\"description\":\"Centre Maurice Halbwachs\",\"publisher\":{\"@id\":\"https:\/\/cmh.ens.fr\/en\/#organization\"},\"potentialAction\":[{\"@type\":\"SearchAction\",\"target\":{\"@type\":\"EntryPoint\",\"urlTemplate\":\"https:\/\/cmh.ens.fr\/en\/?s={search_term_string}\"},\"query-input\":{\"@type\":\"PropertyValueSpecification\",\"valueRequired\":true,\"valueName\":\"search_term_string\"}}],\"inLanguage\":\"en-US\"},{\"@type\":\"Organization\",\"@id\":\"https:\/\/cmh.ens.fr\/en\/#organization\",\"name\":\"Centre Maurice Halbwachs\",\"url\":\"https:\/\/cmh.ens.fr\/en\/\",\"logo\":{\"@type\":\"ImageObject\",\"inLanguage\":\"en-US\",\"@id\":\"https:\/\/cmh.ens.fr\/en\/#\/schema\/logo\/image\/\",\"url\":\"https:\/\/www.cmh.ens.fr\/wp-content\/uploads\/siteon0.jpg\",\"contentUrl\":\"https:\/\/www.cmh.ens.fr\/wp-content\/uploads\/siteon0.jpg\",\"width\":86,\"height\":53,\"caption\":\"Centre Maurice Halbwachs\"},\"image\":{\"@id\":\"https:\/\/cmh.ens.fr\/en\/#\/schema\/logo\/image\/\"}}]}<\/script>\n<!-- \/ Yoast SEO plugin. -->","yoast_head_json":{"title":"CMH","robots":{"index":"index","follow":"follow","max-snippet":"max-snippet:-1","max-image-preview":"max-image-preview:large","max-video-preview":"max-video-preview:-1"},"canonical":"https:\/\/cmh.ens.fr\/en\/nomination\/deux-nominations-au-sein-du-conseil-national-de-linformation-statistique\/","og_locale":"en_US","og_type":"article","og_title":"Deux Nominations au sein du Conseil National de l\u2019Information Statistique - CMH","og_description":"J\u00e9r\u00f4me Deauvieau et Roxane Silberman J\u00e9r\u00f4me Deauvieau, professeur \u00e0 l\u2019ENS, est nomm\u00e9 en qualit\u00e9 de chercheurs en sciences \u00e9conomiques ou sociales. Roxane Silberman, directrice de recherche \u00e9m\u00e9rite CNRS, est nomm\u00e9e au titre de personnalit\u00e9 qualifi\u00e9e apr\u00e8s avoir si\u00e9g\u00e9 plusieurs ann\u00e9es comme repr\u00e9sentante des chercheurs en sciences \u00e9conomiques ou sociales.","og_url":"https:\/\/cmh.ens.fr\/en\/nomination\/deux-nominations-au-sein-du-conseil-national-de-linformation-statistique\/","og_site_name":"CMH","article_modified_time":"2021-07-13T12:23:07+00:00","og_image":[{"width":150,"height":180,"url":"https:\/\/cmh.ens.fr\/wp-content\/uploads\/deauvieau.jpg","type":"image\/jpeg"}],"twitter_card":"summary_large_image","twitter_misc":{"Est. reading time":"1 minute"},"schema":{"@context":"https:\/\/schema.org","@graph":[{"@type":"WebPage","@id":"https:\/\/cmh.ens.fr\/en\/nomination\/deux-nominations-au-sein-du-conseil-national-de-linformation-statistique\/","url":"https:\/\/cmh.ens.fr\/en\/nomination\/deux-nominations-au-sein-du-conseil-national-de-linformation-statistique\/","name":"Deux Nominations au sein du Conseil National de l\u2019Information Statistique - CMH","isPartOf":{"@id":"https:\/\/cmh.ens.fr\/en\/#website"},"primaryImageOfPage":{"@id":"https:\/\/cmh.ens.fr\/en\/nomination\/deux-nominations-au-sein-du-conseil-national-de-linformation-statistique\/#primaryimage"},"image":{"@id":"https:\/\/cmh.ens.fr\/en\/nomination\/deux-nominations-au-sein-du-conseil-national-de-linformation-statistique\/#primaryimage"},"thumbnailUrl":"https:\/\/cmh.ens.fr\/wp-content\/uploads\/deauvieau.jpg","datePublished":"2019-08-10T08:33:00+00:00","dateModified":"2021-07-13T12:23:07+00:00","breadcrumb":{"@id":"https:\/\/cmh.ens.fr\/en\/nomination\/deux-nominations-au-sein-du-conseil-national-de-linformation-statistique\/#breadcrumb"},"inLanguage":"en-US","potentialAction":[{"@type":"ReadAction","target":["https:\/\/cmh.ens.fr\/en\/nomination\/deux-nominations-au-sein-du-conseil-national-de-linformation-statistique\/"]}]},{"@type":"ImageObject","inLanguage":"en-US","@id":"https:\/\/cmh.ens.fr\/en\/nomination\/deux-nominations-au-sein-du-conseil-national-de-linformation-statistique\/#primaryimage","url":"https:\/\/cmh.ens.fr\/wp-content\/uploads\/deauvieau.jpg","contentUrl":"https:\/\/cmh.ens.fr\/wp-content\/uploads\/deauvieau.jpg","width":150,"height":180},{"@type":"BreadcrumbList","@id":"https:\/\/cmh.ens.fr\/en\/nomination\/deux-nominations-au-sein-du-conseil-national-de-linformation-statistique\/#breadcrumb","itemListElement":[{"@type":"ListItem","position":1,"name":"Accueil","item":"https:\/\/cmh.ens.fr\/"},{"@type":"ListItem","position":2,"name":"Nominations","item":"https:\/\/cmh.ens.fr\/nomination\/"},{"@type":"ListItem","position":3,"name":"Deux Nominations au sein du Conseil National de l\u2019Information Statistique"}]},{"@type":"WebSite","@id":"https:\/\/cmh.ens.fr\/en\/#website","url":"https:\/\/cmh.ens.fr\/en\/","name":"CMH","description":"Centre Maurice Halbwachs","publisher":{"@id":"https:\/\/cmh.ens.fr\/en\/#organization"},"potentialAction":[{"@type":"SearchAction","target":{"@type":"EntryPoint","urlTemplate":"https:\/\/cmh.ens.fr\/en\/?s={search_term_string}"},"query-input":{"@type":"PropertyValueSpecification","valueRequired":true,"valueName":"search_term_string"}}],"inLanguage":"en-US"},{"@type":"Organization","@id":"https:\/\/cmh.ens.fr\/en\/#organization","name":"Centre Maurice Halbwachs","url":"https:\/\/cmh.ens.fr\/en\/","logo":{"@type":"ImageObject","inLanguage":"en-US","@id":"https:\/\/cmh.ens.fr\/en\/#\/schema\/logo\/image\/","url":"https:\/\/www.cmh.ens.fr\/wp-content\/uploads\/siteon0.jpg","contentUrl":"https:\/\/www.cmh.ens.fr\/wp-content\/uploads\/siteon0.jpg","width":86,"height":53,"caption":"Centre Maurice Halbwachs"},"image":{"@id":"https:\/\/cmh.ens.fr\/en\/#\/schema\/logo\/image\/"}}]}},"_links":{"self":[{"href":"https:\/\/cmh.ens.fr\/en\/wp-json\/wp\/v2\/nomination\/2970"}],"collection":[{"href":"https:\/\/cmh.ens.fr\/en\/wp-json\/wp\/v2\/nomination"}],"about":[{"href":"https:\/\/cmh.ens.fr\/en\/wp-json\/wp\/v2\/types\/nomination"}],"author":[{"embeddable":true,"href":"https:\/\/cmh.ens.fr\/en\/wp-json\/wp\/v2\/users\/1"}],"version-history":[{"count":1,"href":"https:\/\/cmh.ens.fr\/en\/wp-json\/wp\/v2\/nomination\/2970\/revisions"}],"predecessor-version":[{"id":7602,"href":"https:\/\/cmh.ens.fr\/en\/wp-json\/wp\/v2\/nomination\/2970\/revisions\/7602"}],"wp:featuredmedia":[{"embeddable":true,"href":"https:\/\/cmh.ens.fr\/en\/wp-json\/wp\/v2\/media\/7499"}],"wp:attachment":[{"href":"https:\/\/cmh.ens.fr\/en\/wp-json\/wp\/v2\/media?parent=2970"}],"curies":[{"name":"wp","href":"https:\/\/api.w.org\/{rel}","templated":true}]}}

<p><strong>Jérôme Deauvieau et Roxane Silberman</strong></p>



<p><strong>Jérôme Deauvieau</strong>, professeur à l’ENS, est nommé en qualité de chercheurs en sciences économiques ou sociales.</p>



<p><strong>Roxane Silberman</strong>, directrice de recherche émérite CNRS, est nommée au titre de personnalité qualifiée après avoir siégé plusieurs années comme représentante des chercheurs en sciences économiques ou sociales.</p>

<!-- This site is optimized with the Yoast SEO plugin v25.6 - https://yoast.com/wordpress/plugins/seo/ -->
<title>CMH</title>
<meta name="robots" content="index, follow, max-snippet:-1, max-image-preview:large, max-video-preview:-1" />
<link rel="canonical" href="https://cmh.ens.fr/en/nomination/deux-nominations-au-sein-du-conseil-national-de-linformation-statistique/" class="yoast-seo-meta-tag" />
<meta property="og:locale" content="en_US" class="yoast-seo-meta-tag" />
<meta property="og:type" content="article" class="yoast-seo-meta-tag" />
<meta property="og:title" content="Deux Nominations au sein du Conseil National de l’Information Statistique - CMH" class="yoast-seo-meta-tag" />
<meta property="og:description" content="Jérôme Deauvieau et Roxane Silberman Jérôme Deauvieau, professeur à l’ENS, est nommé en qualité de chercheurs en sciences économiques ou sociales. Roxane Silberman, directrice de recherche émérite CNRS, est nommée au titre de personnalité qualifiée après avoir siégé plusieurs années comme représentante des chercheurs en sciences économiques ou sociales." class="yoast-seo-meta-tag" />
<meta property="og:url" content="https://cmh.ens.fr/en/nomination/deux-nominations-au-sein-du-conseil-national-de-linformation-statistique/" class="yoast-seo-meta-tag" />
<meta property="og:site_name" content="CMH" class="yoast-seo-meta-tag" />
<meta property="article:modified_time" content="2021-07-13T12:23:07+00:00" class="yoast-seo-meta-tag" />
<meta property="og:image" content="https://cmh.ens.fr/wp-content/uploads/deauvieau.jpg" class="yoast-seo-meta-tag" />
	<meta property="og:image:width" content="150" class="yoast-seo-meta-tag" />
	<meta property="og:image:height" content="180" class="yoast-seo-meta-tag" />
	<meta property="og:image:type" content="image/jpeg" class="yoast-seo-meta-tag" />
<meta name="twitter:card" content="summary_large_image" class="yoast-seo-meta-tag" />
<meta name="twitter:label1" content="Est. reading time" class="yoast-seo-meta-tag" />
	<meta name="twitter:data1" content="1 minute" class="yoast-seo-meta-tag" />
<script type="application/ld+json" class="yoast-schema-graph">{"@context":"https://schema.org","@graph":[{"@type":"WebPage","@id":"https://cmh.ens.fr/en/nomination/deux-nominations-au-sein-du-conseil-national-de-linformation-statistique/","url":"https://cmh.ens.fr/en/nomination/deux-nominations-au-sein-du-conseil-national-de-linformation-statistique/","name":"Deux Nominations au sein du Conseil National de l’Information Statistique - CMH","isPartOf":{"@id":"https://cmh.ens.fr/en/#website"},"primaryImageOfPage":{"@id":"https://cmh.ens.fr/en/nomination/deux-nominations-au-sein-du-conseil-national-de-linformation-statistique/#primaryimage"},"image":{"@id":"https://cmh.ens.fr/en/nomination/deux-nominations-au-sein-du-conseil-national-de-linformation-statistique/#primaryimage"},"thumbnailUrl":"https://cmh.ens.fr/wp-content/uploads/deauvieau.jpg","datePublished":"2019-08-10T08:33:00+00:00","dateModified":"2021-07-13T12:23:07+00:00","breadcrumb":{"@id":"https://cmh.ens.fr/en/nomination/deux-nominations-au-sein-du-conseil-national-de-linformation-statistique/#breadcrumb"},"inLanguage":"en-US","potentialAction":[{"@type":"ReadAction","target":["https://cmh.ens.fr/en/nomination/deux-nominations-au-sein-du-conseil-national-de-linformation-statistique/"]}]},{"@type":"ImageObject","inLanguage":"en-US","@id":"https://cmh.ens.fr/en/nomination/deux-nominations-au-sein-du-conseil-national-de-linformation-statistique/#primaryimage","url":"https://cmh.ens.fr/wp-content/uploads/deauvieau.jpg","contentUrl":"https://cmh.ens.fr/wp-content/uploads/deauvieau.jpg","width":150,"height":180},{"@type":"BreadcrumbList","@id":"https://cmh.ens.fr/en/nomination/deux-nominations-au-sein-du-conseil-national-de-linformation-statistique/#breadcrumb","itemListElement":[{"@type":"ListItem","position":1,"name":"Accueil","item":"https://cmh.ens.fr/"},{"@type":"ListItem","position":2,"name":"Nominations","item":"https://cmh.ens.fr/nomination/"},{"@type":"ListItem","position":3,"name":"Deux Nominations au sein du Conseil National de l’Information Statistique"}]},{"@type":"WebSite","@id":"https://cmh.ens.fr/en/#website","url":"https://cmh.ens.fr/en/","name":"CMH","description":"Centre Maurice Halbwachs","publisher":{"@id":"https://cmh.ens.fr/en/#organization"},"potentialAction":[{"@type":"SearchAction","target":{"@type":"EntryPoint","urlTemplate":"https://cmh.ens.fr/en/?s={search_term_string}"},"query-input":{"@type":"PropertyValueSpecification","valueRequired":true,"valueName":"search_term_string"}}],"inLanguage":"en-US"},{"@type":"Organization","@id":"https://cmh.ens.fr/en/#organization","name":"Centre Maurice Halbwachs","url":"https://cmh.ens.fr/en/","logo":{"@type":"ImageObject","inLanguage":"en-US","@id":"https://cmh.ens.fr/en/#/schema/logo/image/","url":"https://www.cmh.ens.fr/wp-content/uploads/siteon0.jpg","contentUrl":"https://www.cmh.ens.fr/wp-content/uploads/siteon0.jpg","width":86,"height":53,"caption":"Centre Maurice Halbwachs"},"image":{"@id":"https://cmh.ens.fr/en/#/schema/logo/image/"}}]}</script>
<!-- / Yoast SEO plugin. -->

Jérôme Deauvieau et Roxane Silberman Jérôme Deauvieau, professeur à l’ENS, est nommé en qualité de chercheurs en sciences économiques ou sociales. Roxane Silberman, directrice de recherche émérite CNRS, est nommée au titre de personnalité qualifiée après avoir siégé plusieurs années comme représentante des chercheurs en sciences économiques ou sociales.
