{"id":2965,"date":"2019-02-10T10:30:00","date_gmt":"2019-02-10T09:30:00","guid":{"rendered":"https:\/\/w3.cmh.ens.fr\/?post_type=nomination&#038;p=2965"},"modified":"2021-07-20T10:31:01","modified_gmt":"2021-07-20T08:31:01","slug":"catherine-marry-nommee-docteur-honoris-causa-de-luniversite-de-liege","status":"publish","type":"nomination","link":"https:\/\/cmh.ens.fr\/en\/nomination\/catherine-marry-nommee-docteur-honoris-causa-de-luniversite-de-liege\/","title":{"rendered":"Catherine Marry, nomm\u00e9e\u00a0\u00ab\u00a0docteur honoris causa\u00a0\u00bb de l\u2019Universit\u00e9 de Li\u00e8ge"},"content":{"rendered":"<p>La c\u00e9r\u00e9monie aura lieu \u00e0 Li\u00e8ge en Belgique le 23 mars 2019.&nbsp;<br>Seule femme \u00e0 \u00eatre ainsi honor\u00e9e pour 10 hommes\u00a0!<\/p>","protected":false},"author":1,"featured_media":3044,"template":"","class_list":["post-2965","nomination","type-nomination","status-publish","has-post-thumbnail","hentry"],"acf":[],"yoast_head":"<!-- This site is optimized with the Yoast SEO plugin v25.6 - https:\/\/yoast.com\/wordpress\/plugins\/seo\/ -->\n<title>CMH<\/title>\n<meta name=\"robots\" content=\"index, follow, max-snippet:-1, max-image-preview:large, max-video-preview:-1\" \/>\n<link rel=\"canonical\" href=\"https:\/\/cmh.ens.fr\/en\/nomination\/catherine-marry-nommee-docteur-honoris-causa-de-luniversite-de-liege\/\" class=\"yoast-seo-meta-tag\" \/>\n<meta property=\"og:locale\" content=\"en_US\" class=\"yoast-seo-meta-tag\" \/>\n<meta property=\"og:type\" content=\"article\" class=\"yoast-seo-meta-tag\" \/>\n<meta property=\"og:title\" content=\"Catherine Marry, nomm\u00e9e \u00ab docteur honoris causa \u00bb de l\u2019Universit\u00e9 de Li\u00e8ge - CMH\" class=\"yoast-seo-meta-tag\" \/>\n<meta property=\"og:description\" content=\"La c\u00e9r\u00e9monie aura lieu \u00e0 Li\u00e8ge en Belgique le 23 mars 2019.&nbsp;Seule femme \u00e0 \u00eatre ainsi honor\u00e9e pour 10 hommes\u00a0!\" class=\"yoast-seo-meta-tag\" \/>\n<meta property=\"og:url\" content=\"https:\/\/cmh.ens.fr\/en\/nomination\/catherine-marry-nommee-docteur-honoris-causa-de-luniversite-de-liege\/\" class=\"yoast-seo-meta-tag\" \/>\n<meta property=\"og:site_name\" content=\"CMH\" class=\"yoast-seo-meta-tag\" \/>\n<meta property=\"article:modified_time\" content=\"2021-07-20T08:31:01+00:00\" class=\"yoast-seo-meta-tag\" \/>\n<meta property=\"og:image\" content=\"https:\/\/cmh.ens.fr\/wp-content\/uploads\/marry.jpg\" class=\"yoast-seo-meta-tag\" \/>\n\t<meta property=\"og:image:width\" content=\"146\" class=\"yoast-seo-meta-tag\" \/>\n\t<meta property=\"og:image:height\" content=\"171\" class=\"yoast-seo-meta-tag\" \/>\n\t<meta property=\"og:image:type\" content=\"image\/jpeg\" class=\"yoast-seo-meta-tag\" \/>\n<meta name=\"twitter:card\" content=\"summary_large_image\" class=\"yoast-seo-meta-tag\" \/>\n<meta name=\"twitter:label1\" content=\"Est. reading time\" class=\"yoast-seo-meta-tag\" \/>\n\t<meta name=\"twitter:data1\" content=\"1 minute\" class=\"yoast-seo-meta-tag\" \/>\n<script type=\"application\/ld+json\" class=\"yoast-schema-graph\">{\"@context\":\"https:\/\/schema.org\",\"@graph\":[{\"@type\":\"WebPage\",\"@id\":\"https:\/\/cmh.ens.fr\/en\/nomination\/catherine-marry-nommee-docteur-honoris-causa-de-luniversite-de-liege\/\",\"url\":\"https:\/\/cmh.ens.fr\/en\/nomination\/catherine-marry-nommee-docteur-honoris-causa-de-luniversite-de-liege\/\",\"name\":\"Catherine Marry, nomm\u00e9e \u00ab docteur honoris causa \u00bb de l\u2019Universit\u00e9 de Li\u00e8ge - CMH\",\"isPartOf\":{\"@id\":\"https:\/\/cmh.ens.fr\/en\/#website\"},\"primaryImageOfPage\":{\"@id\":\"https:\/\/cmh.ens.fr\/en\/nomination\/catherine-marry-nommee-docteur-honoris-causa-de-luniversite-de-liege\/#primaryimage\"},\"image\":{\"@id\":\"https:\/\/cmh.ens.fr\/en\/nomination\/catherine-marry-nommee-docteur-honoris-causa-de-luniversite-de-liege\/#primaryimage\"},\"thumbnailUrl\":\"https:\/\/cmh.ens.fr\/wp-content\/uploads\/marry.jpg\",\"datePublished\":\"2019-02-10T09:30:00+00:00\",\"dateModified\":\"2021-07-20T08:31:01+00:00\",\"breadcrumb\":{\"@id\":\"https:\/\/cmh.ens.fr\/en\/nomination\/catherine-marry-nommee-docteur-honoris-causa-de-luniversite-de-liege\/#breadcrumb\"},\"inLanguage\":\"en-US\",\"potentialAction\":[{\"@type\":\"ReadAction\",\"target\":[\"https:\/\/cmh.ens.fr\/en\/nomination\/catherine-marry-nommee-docteur-honoris-causa-de-luniversite-de-liege\/\"]}]},{\"@type\":\"ImageObject\",\"inLanguage\":\"en-US\",\"@id\":\"https:\/\/cmh.ens.fr\/en\/nomination\/catherine-marry-nommee-docteur-honoris-causa-de-luniversite-de-liege\/#primaryimage\",\"url\":\"https:\/\/cmh.ens.fr\/wp-content\/uploads\/marry.jpg\",\"contentUrl\":\"https:\/\/cmh.ens.fr\/wp-content\/uploads\/marry.jpg\",\"width\":146,\"height\":171},{\"@type\":\"BreadcrumbList\",\"@id\":\"https:\/\/cmh.ens.fr\/en\/nomination\/catherine-marry-nommee-docteur-honoris-causa-de-luniversite-de-liege\/#breadcrumb\",\"itemListElement\":[{\"@type\":\"ListItem\",\"position\":1,\"name\":\"Accueil\",\"item\":\"https:\/\/cmh.ens.fr\/\"},{\"@type\":\"ListItem\",\"position\":2,\"name\":\"Nominations\",\"item\":\"https:\/\/cmh.ens.fr\/nomination\/\"},{\"@type\":\"ListItem\",\"position\":3,\"name\":\"Catherine Marry, nomm\u00e9e\u00a0\u00ab\u00a0docteur honoris causa\u00a0\u00bb de l\u2019Universit\u00e9 de Li\u00e8ge\"}]},{\"@type\":\"WebSite\",\"@id\":\"https:\/\/cmh.ens.fr\/en\/#website\",\"url\":\"https:\/\/cmh.ens.fr\/en\/\",\"name\":\"CMH\",\"description\":\"Centre Maurice Halbwachs\",\"publisher\":{\"@id\":\"https:\/\/cmh.ens.fr\/en\/#organization\"},\"potentialAction\":[{\"@type\":\"SearchAction\",\"target\":{\"@type\":\"EntryPoint\",\"urlTemplate\":\"https:\/\/cmh.ens.fr\/en\/?s={search_term_string}\"},\"query-input\":{\"@type\":\"PropertyValueSpecification\",\"valueRequired\":true,\"valueName\":\"search_term_string\"}}],\"inLanguage\":\"en-US\"},{\"@type\":\"Organization\",\"@id\":\"https:\/\/cmh.ens.fr\/en\/#organization\",\"name\":\"Centre Maurice Halbwachs\",\"url\":\"https:\/\/cmh.ens.fr\/en\/\",\"logo\":{\"@type\":\"ImageObject\",\"inLanguage\":\"en-US\",\"@id\":\"https:\/\/cmh.ens.fr\/en\/#\/schema\/logo\/image\/\",\"url\":\"https:\/\/www.cmh.ens.fr\/wp-content\/uploads\/siteon0.jpg\",\"contentUrl\":\"https:\/\/www.cmh.ens.fr\/wp-content\/uploads\/siteon0.jpg\",\"width\":86,\"height\":53,\"caption\":\"Centre Maurice Halbwachs\"},\"image\":{\"@id\":\"https:\/\/cmh.ens.fr\/en\/#\/schema\/logo\/image\/\"}}]}<\/script>\n<!-- \/ Yoast SEO plugin. -->","yoast_head_json":{"title":"CMH","robots":{"index":"index","follow":"follow","max-snippet":"max-snippet:-1","max-image-preview":"max-image-preview:large","max-video-preview":"max-video-preview:-1"},"canonical":"https:\/\/cmh.ens.fr\/en\/nomination\/catherine-marry-nommee-docteur-honoris-causa-de-luniversite-de-liege\/","og_locale":"en_US","og_type":"article","og_title":"Catherine Marry, nomm\u00e9e \u00ab docteur honoris causa \u00bb de l\u2019Universit\u00e9 de Li\u00e8ge - CMH","og_description":"La c\u00e9r\u00e9monie aura lieu \u00e0 Li\u00e8ge en Belgique le 23 mars 2019.&nbsp;Seule femme \u00e0 \u00eatre ainsi honor\u00e9e pour 10 hommes\u00a0!","og_url":"https:\/\/cmh.ens.fr\/en\/nomination\/catherine-marry-nommee-docteur-honoris-causa-de-luniversite-de-liege\/","og_site_name":"CMH","article_modified_time":"2021-07-20T08:31:01+00:00","og_image":[{"width":146,"height":171,"url":"https:\/\/cmh.ens.fr\/wp-content\/uploads\/marry.jpg","type":"image\/jpeg"}],"twitter_card":"summary_large_image","twitter_misc":{"Est. reading time":"1 minute"},"schema":{"@context":"https:\/\/schema.org","@graph":[{"@type":"WebPage","@id":"https:\/\/cmh.ens.fr\/en\/nomination\/catherine-marry-nommee-docteur-honoris-causa-de-luniversite-de-liege\/","url":"https:\/\/cmh.ens.fr\/en\/nomination\/catherine-marry-nommee-docteur-honoris-causa-de-luniversite-de-liege\/","name":"Catherine Marry, nomm\u00e9e \u00ab docteur honoris causa \u00bb de l\u2019Universit\u00e9 de Li\u00e8ge - CMH","isPartOf":{"@id":"https:\/\/cmh.ens.fr\/en\/#website"},"primaryImageOfPage":{"@id":"https:\/\/cmh.ens.fr\/en\/nomination\/catherine-marry-nommee-docteur-honoris-causa-de-luniversite-de-liege\/#primaryimage"},"image":{"@id":"https:\/\/cmh.ens.fr\/en\/nomination\/catherine-marry-nommee-docteur-honoris-causa-de-luniversite-de-liege\/#primaryimage"},"thumbnailUrl":"https:\/\/cmh.ens.fr\/wp-content\/uploads\/marry.jpg","datePublished":"2019-02-10T09:30:00+00:00","dateModified":"2021-07-20T08:31:01+00:00","breadcrumb":{"@id":"https:\/\/cmh.ens.fr\/en\/nomination\/catherine-marry-nommee-docteur-honoris-causa-de-luniversite-de-liege\/#breadcrumb"},"inLanguage":"en-US","potentialAction":[{"@type":"ReadAction","target":["https:\/\/cmh.ens.fr\/en\/nomination\/catherine-marry-nommee-docteur-honoris-causa-de-luniversite-de-liege\/"]}]},{"@type":"ImageObject","inLanguage":"en-US","@id":"https:\/\/cmh.ens.fr\/en\/nomination\/catherine-marry-nommee-docteur-honoris-causa-de-luniversite-de-liege\/#primaryimage","url":"https:\/\/cmh.ens.fr\/wp-content\/uploads\/marry.jpg","contentUrl":"https:\/\/cmh.ens.fr\/wp-content\/uploads\/marry.jpg","width":146,"height":171},{"@type":"BreadcrumbList","@id":"https:\/\/cmh.ens.fr\/en\/nomination\/catherine-marry-nommee-docteur-honoris-causa-de-luniversite-de-liege\/#breadcrumb","itemListElement":[{"@type":"ListItem","position":1,"name":"Accueil","item":"https:\/\/cmh.ens.fr\/"},{"@type":"ListItem","position":2,"name":"Nominations","item":"https:\/\/cmh.ens.fr\/nomination\/"},{"@type":"ListItem","position":3,"name":"Catherine Marry, nomm\u00e9e\u00a0\u00ab\u00a0docteur honoris causa\u00a0\u00bb de l\u2019Universit\u00e9 de Li\u00e8ge"}]},{"@type":"WebSite","@id":"https:\/\/cmh.ens.fr\/en\/#website","url":"https:\/\/cmh.ens.fr\/en\/","name":"CMH","description":"Centre Maurice Halbwachs","publisher":{"@id":"https:\/\/cmh.ens.fr\/en\/#organization"},"potentialAction":[{"@type":"SearchAction","target":{"@type":"EntryPoint","urlTemplate":"https:\/\/cmh.ens.fr\/en\/?s={search_term_string}"},"query-input":{"@type":"PropertyValueSpecification","valueRequired":true,"valueName":"search_term_string"}}],"inLanguage":"en-US"},{"@type":"Organization","@id":"https:\/\/cmh.ens.fr\/en\/#organization","name":"Centre Maurice Halbwachs","url":"https:\/\/cmh.ens.fr\/en\/","logo":{"@type":"ImageObject","inLanguage":"en-US","@id":"https:\/\/cmh.ens.fr\/en\/#\/schema\/logo\/image\/","url":"https:\/\/www.cmh.ens.fr\/wp-content\/uploads\/siteon0.jpg","contentUrl":"https:\/\/www.cmh.ens.fr\/wp-content\/uploads\/siteon0.jpg","width":86,"height":53,"caption":"Centre Maurice Halbwachs"},"image":{"@id":"https:\/\/cmh.ens.fr\/en\/#\/schema\/logo\/image\/"}}]}},"_links":{"self":[{"href":"https:\/\/cmh.ens.fr\/en\/wp-json\/wp\/v2\/nomination\/2965"}],"collection":[{"href":"https:\/\/cmh.ens.fr\/en\/wp-json\/wp\/v2\/nomination"}],"about":[{"href":"https:\/\/cmh.ens.fr\/en\/wp-json\/wp\/v2\/types\/nomination"}],"author":[{"embeddable":true,"href":"https:\/\/cmh.ens.fr\/en\/wp-json\/wp\/v2\/users\/1"}],"version-history":[{"count":2,"href":"https:\/\/cmh.ens.fr\/en\/wp-json\/wp\/v2\/nomination\/2965\/revisions"}],"predecessor-version":[{"id":7720,"href":"https:\/\/cmh.ens.fr\/en\/wp-json\/wp\/v2\/nomination\/2965\/revisions\/7720"}],"wp:featuredmedia":[{"embeddable":true,"href":"https:\/\/cmh.ens.fr\/en\/wp-json\/wp\/v2\/media\/3044"}],"wp:attachment":[{"href":"https:\/\/cmh.ens.fr\/en\/wp-json\/wp\/v2\/media?parent=2965"}],"curies":[{"name":"wp","href":"https:\/\/api.w.org\/{rel}","templated":true}]}}

Catherine Marry, nommée « docteur honoris causa » de l’Université de Liège

<p>La cérémonie aura lieu à Liège en Belgique le 23 mars 2019.&nbsp;<br>Seule femme à être ainsi honorée pour 10 hommes !</p>

<!-- This site is optimized with the Yoast SEO plugin v25.6 - https://yoast.com/wordpress/plugins/seo/ -->
<title>CMH</title>
<meta name="robots" content="index, follow, max-snippet:-1, max-image-preview:large, max-video-preview:-1" />
<link rel="canonical" href="https://cmh.ens.fr/en/nomination/catherine-marry-nommee-docteur-honoris-causa-de-luniversite-de-liege/" class="yoast-seo-meta-tag" />
<meta property="og:locale" content="en_US" class="yoast-seo-meta-tag" />
<meta property="og:type" content="article" class="yoast-seo-meta-tag" />
<meta property="og:title" content="Catherine Marry, nommée « docteur honoris causa » de l’Université de Liège - CMH" class="yoast-seo-meta-tag" />
<meta property="og:description" content="La cérémonie aura lieu à Liège en Belgique le 23 mars 2019.&nbsp;Seule femme à être ainsi honorée pour 10 hommes !" class="yoast-seo-meta-tag" />
<meta property="og:url" content="https://cmh.ens.fr/en/nomination/catherine-marry-nommee-docteur-honoris-causa-de-luniversite-de-liege/" class="yoast-seo-meta-tag" />
<meta property="og:site_name" content="CMH" class="yoast-seo-meta-tag" />
<meta property="article:modified_time" content="2021-07-20T08:31:01+00:00" class="yoast-seo-meta-tag" />
<meta property="og:image" content="https://cmh.ens.fr/wp-content/uploads/marry.jpg" class="yoast-seo-meta-tag" />
	<meta property="og:image:width" content="146" class="yoast-seo-meta-tag" />
	<meta property="og:image:height" content="171" class="yoast-seo-meta-tag" />
	<meta property="og:image:type" content="image/jpeg" class="yoast-seo-meta-tag" />
<meta name="twitter:card" content="summary_large_image" class="yoast-seo-meta-tag" />
<meta name="twitter:label1" content="Est. reading time" class="yoast-seo-meta-tag" />
	<meta name="twitter:data1" content="1 minute" class="yoast-seo-meta-tag" />
<script type="application/ld+json" class="yoast-schema-graph">{"@context":"https://schema.org","@graph":[{"@type":"WebPage","@id":"https://cmh.ens.fr/en/nomination/catherine-marry-nommee-docteur-honoris-causa-de-luniversite-de-liege/","url":"https://cmh.ens.fr/en/nomination/catherine-marry-nommee-docteur-honoris-causa-de-luniversite-de-liege/","name":"Catherine Marry, nommée « docteur honoris causa » de l’Université de Liège - CMH","isPartOf":{"@id":"https://cmh.ens.fr/en/#website"},"primaryImageOfPage":{"@id":"https://cmh.ens.fr/en/nomination/catherine-marry-nommee-docteur-honoris-causa-de-luniversite-de-liege/#primaryimage"},"image":{"@id":"https://cmh.ens.fr/en/nomination/catherine-marry-nommee-docteur-honoris-causa-de-luniversite-de-liege/#primaryimage"},"thumbnailUrl":"https://cmh.ens.fr/wp-content/uploads/marry.jpg","datePublished":"2019-02-10T09:30:00+00:00","dateModified":"2021-07-20T08:31:01+00:00","breadcrumb":{"@id":"https://cmh.ens.fr/en/nomination/catherine-marry-nommee-docteur-honoris-causa-de-luniversite-de-liege/#breadcrumb"},"inLanguage":"en-US","potentialAction":[{"@type":"ReadAction","target":["https://cmh.ens.fr/en/nomination/catherine-marry-nommee-docteur-honoris-causa-de-luniversite-de-liege/"]}]},{"@type":"ImageObject","inLanguage":"en-US","@id":"https://cmh.ens.fr/en/nomination/catherine-marry-nommee-docteur-honoris-causa-de-luniversite-de-liege/#primaryimage","url":"https://cmh.ens.fr/wp-content/uploads/marry.jpg","contentUrl":"https://cmh.ens.fr/wp-content/uploads/marry.jpg","width":146,"height":171},{"@type":"BreadcrumbList","@id":"https://cmh.ens.fr/en/nomination/catherine-marry-nommee-docteur-honoris-causa-de-luniversite-de-liege/#breadcrumb","itemListElement":[{"@type":"ListItem","position":1,"name":"Accueil","item":"https://cmh.ens.fr/"},{"@type":"ListItem","position":2,"name":"Nominations","item":"https://cmh.ens.fr/nomination/"},{"@type":"ListItem","position":3,"name":"Catherine Marry, nommée « docteur honoris causa » de l’Université de Liège"}]},{"@type":"WebSite","@id":"https://cmh.ens.fr/en/#website","url":"https://cmh.ens.fr/en/","name":"CMH","description":"Centre Maurice Halbwachs","publisher":{"@id":"https://cmh.ens.fr/en/#organization"},"potentialAction":[{"@type":"SearchAction","target":{"@type":"EntryPoint","urlTemplate":"https://cmh.ens.fr/en/?s={search_term_string}"},"query-input":{"@type":"PropertyValueSpecification","valueRequired":true,"valueName":"search_term_string"}}],"inLanguage":"en-US"},{"@type":"Organization","@id":"https://cmh.ens.fr/en/#organization","name":"Centre Maurice Halbwachs","url":"https://cmh.ens.fr/en/","logo":{"@type":"ImageObject","inLanguage":"en-US","@id":"https://cmh.ens.fr/en/#/schema/logo/image/","url":"https://www.cmh.ens.fr/wp-content/uploads/siteon0.jpg","contentUrl":"https://www.cmh.ens.fr/wp-content/uploads/siteon0.jpg","width":86,"height":53,"caption":"Centre Maurice Halbwachs"},"image":{"@id":"https://cmh.ens.fr/en/#/schema/logo/image/"}}]}</script>
<!-- / Yoast SEO plugin. -->

Catherine Marry, nommée « docteur honoris causa » de l’Université de Liège - CMH

La cérémonie aura lieu à Liège en Belgique le 23 mars 2019.&nbsp;Seule femme à être ainsi honorée pour 10 hommes !
