{"id":10393,"date":"2022-09-01T11:47:16","date_gmt":"2022-09-01T09:47:16","guid":{"rendered":"https:\/\/www.cmh.ens.fr\/?post_type=nomination&#038;p=10393"},"modified":"2022-09-01T11:47:57","modified_gmt":"2022-09-01T09:47:57","slug":"nommee-professeur-attachee-ens-psl-au-departement-de-sciences-sociales-de-lens-et-codirectrice-du-master-sciences-sociales-ens-et-ehess","status":"publish","type":"nomination","link":"https:\/\/cmh.ens.fr\/en\/nomination\/nommee-professeur-attachee-ens-psl-au-departement-de-sciences-sociales-de-lens-et-codirectrice-du-master-sciences-sociales-ens-et-ehess\/","title":{"rendered":"Nomm\u00e9e professeur attach\u00e9e ENS-PSL au d\u00e9partement de sciences sociales de l\u2019ENS et codirectrice du master Sciences sociales (ENS et EHESS)"},"content":{"rendered":"","protected":false},"author":94,"featured_media":7983,"template":"","class_list":["post-10393","nomination","type-nomination","status-publish","has-post-thumbnail","hentry"],"acf":[],"yoast_head":"<!-- This site is optimized with the Yoast SEO plugin v25.6 - https:\/\/yoast.com\/wordpress\/plugins\/seo\/ -->\n<title>CMH<\/title>\n<meta name=\"robots\" content=\"index, follow, max-snippet:-1, max-image-preview:large, max-video-preview:-1\" \/>\n<link rel=\"canonical\" href=\"https:\/\/cmh.ens.fr\/en\/nomination\/nommee-professeur-attachee-ens-psl-au-departement-de-sciences-sociales-de-lens-et-codirectrice-du-master-sciences-sociales-ens-et-ehess\/\" class=\"yoast-seo-meta-tag\" \/>\n<meta property=\"og:locale\" content=\"en_US\" class=\"yoast-seo-meta-tag\" \/>\n<meta property=\"og:type\" content=\"article\" class=\"yoast-seo-meta-tag\" \/>\n<meta property=\"og:title\" content=\"Nomm\u00e9e professeur attach\u00e9e ENS-PSL au d\u00e9partement de sciences sociales de l\u2019ENS et codirectrice du master Sciences sociales (ENS et EHESS) - CMH\" class=\"yoast-seo-meta-tag\" \/>\n<meta property=\"og:url\" content=\"https:\/\/cmh.ens.fr\/en\/nomination\/nommee-professeur-attachee-ens-psl-au-departement-de-sciences-sociales-de-lens-et-codirectrice-du-master-sciences-sociales-ens-et-ehess\/\" class=\"yoast-seo-meta-tag\" \/>\n<meta property=\"og:site_name\" content=\"CMH\" class=\"yoast-seo-meta-tag\" \/>\n<meta property=\"article:modified_time\" content=\"2022-09-01T09:47:57+00:00\" class=\"yoast-seo-meta-tag\" \/>\n<meta property=\"og:image\" content=\"https:\/\/cmh.ens.fr\/wp-content\/uploads\/Pless-1.jpg\" class=\"yoast-seo-meta-tag\" \/>\n\t<meta property=\"og:image:width\" content=\"648\" class=\"yoast-seo-meta-tag\" \/>\n\t<meta property=\"og:image:height\" content=\"648\" class=\"yoast-seo-meta-tag\" \/>\n\t<meta property=\"og:image:type\" content=\"image\/jpeg\" class=\"yoast-seo-meta-tag\" \/>\n<meta name=\"twitter:card\" content=\"summary_large_image\" class=\"yoast-seo-meta-tag\" \/>\n<script type=\"application\/ld+json\" class=\"yoast-schema-graph\">{\"@context\":\"https:\/\/schema.org\",\"@graph\":[{\"@type\":\"WebPage\",\"@id\":\"https:\/\/cmh.ens.fr\/en\/nomination\/nommee-professeur-attachee-ens-psl-au-departement-de-sciences-sociales-de-lens-et-codirectrice-du-master-sciences-sociales-ens-et-ehess\/\",\"url\":\"https:\/\/cmh.ens.fr\/en\/nomination\/nommee-professeur-attachee-ens-psl-au-departement-de-sciences-sociales-de-lens-et-codirectrice-du-master-sciences-sociales-ens-et-ehess\/\",\"name\":\"Nomm\u00e9e professeur attach\u00e9e ENS-PSL au d\u00e9partement de sciences sociales de l\u2019ENS et codirectrice du master Sciences sociales (ENS et EHESS) - CMH\",\"isPartOf\":{\"@id\":\"https:\/\/cmh.ens.fr\/en\/#website\"},\"primaryImageOfPage\":{\"@id\":\"https:\/\/cmh.ens.fr\/en\/nomination\/nommee-professeur-attachee-ens-psl-au-departement-de-sciences-sociales-de-lens-et-codirectrice-du-master-sciences-sociales-ens-et-ehess\/#primaryimage\"},\"image\":{\"@id\":\"https:\/\/cmh.ens.fr\/en\/nomination\/nommee-professeur-attachee-ens-psl-au-departement-de-sciences-sociales-de-lens-et-codirectrice-du-master-sciences-sociales-ens-et-ehess\/#primaryimage\"},\"thumbnailUrl\":\"https:\/\/cmh.ens.fr\/wp-content\/uploads\/Pless-1.jpg\",\"datePublished\":\"2022-09-01T09:47:16+00:00\",\"dateModified\":\"2022-09-01T09:47:57+00:00\",\"breadcrumb\":{\"@id\":\"https:\/\/cmh.ens.fr\/en\/nomination\/nommee-professeur-attachee-ens-psl-au-departement-de-sciences-sociales-de-lens-et-codirectrice-du-master-sciences-sociales-ens-et-ehess\/#breadcrumb\"},\"inLanguage\":\"en-US\",\"potentialAction\":[{\"@type\":\"ReadAction\",\"target\":[\"https:\/\/cmh.ens.fr\/en\/nomination\/nommee-professeur-attachee-ens-psl-au-departement-de-sciences-sociales-de-lens-et-codirectrice-du-master-sciences-sociales-ens-et-ehess\/\"]}]},{\"@type\":\"ImageObject\",\"inLanguage\":\"en-US\",\"@id\":\"https:\/\/cmh.ens.fr\/en\/nomination\/nommee-professeur-attachee-ens-psl-au-departement-de-sciences-sociales-de-lens-et-codirectrice-du-master-sciences-sociales-ens-et-ehess\/#primaryimage\",\"url\":\"https:\/\/cmh.ens.fr\/wp-content\/uploads\/Pless-1.jpg\",\"contentUrl\":\"https:\/\/cmh.ens.fr\/wp-content\/uploads\/Pless-1.jpg\",\"width\":648,\"height\":648},{\"@type\":\"BreadcrumbList\",\"@id\":\"https:\/\/cmh.ens.fr\/en\/nomination\/nommee-professeur-attachee-ens-psl-au-departement-de-sciences-sociales-de-lens-et-codirectrice-du-master-sciences-sociales-ens-et-ehess\/#breadcrumb\",\"itemListElement\":[{\"@type\":\"ListItem\",\"position\":1,\"name\":\"Accueil\",\"item\":\"https:\/\/cmh.ens.fr\/\"},{\"@type\":\"ListItem\",\"position\":2,\"name\":\"Nominations\",\"item\":\"https:\/\/cmh.ens.fr\/nomination\/\"},{\"@type\":\"ListItem\",\"position\":3,\"name\":\"Nomm\u00e9e professeur attach\u00e9e ENS-PSL au d\u00e9partement de sciences sociales de l\u2019ENS et codirectrice du master Sciences sociales (ENS et EHESS)\"}]},{\"@type\":\"WebSite\",\"@id\":\"https:\/\/cmh.ens.fr\/en\/#website\",\"url\":\"https:\/\/cmh.ens.fr\/en\/\",\"name\":\"CMH\",\"description\":\"Centre Maurice Halbwachs\",\"publisher\":{\"@id\":\"https:\/\/cmh.ens.fr\/en\/#organization\"},\"potentialAction\":[{\"@type\":\"SearchAction\",\"target\":{\"@type\":\"EntryPoint\",\"urlTemplate\":\"https:\/\/cmh.ens.fr\/en\/?s={search_term_string}\"},\"query-input\":{\"@type\":\"PropertyValueSpecification\",\"valueRequired\":true,\"valueName\":\"search_term_string\"}}],\"inLanguage\":\"en-US\"},{\"@type\":\"Organization\",\"@id\":\"https:\/\/cmh.ens.fr\/en\/#organization\",\"name\":\"Centre Maurice Halbwachs\",\"url\":\"https:\/\/cmh.ens.fr\/en\/\",\"logo\":{\"@type\":\"ImageObject\",\"inLanguage\":\"en-US\",\"@id\":\"https:\/\/cmh.ens.fr\/en\/#\/schema\/logo\/image\/\",\"url\":\"https:\/\/www.cmh.ens.fr\/wp-content\/uploads\/siteon0.jpg\",\"contentUrl\":\"https:\/\/www.cmh.ens.fr\/wp-content\/uploads\/siteon0.jpg\",\"width\":86,\"height\":53,\"caption\":\"Centre Maurice Halbwachs\"},\"image\":{\"@id\":\"https:\/\/cmh.ens.fr\/en\/#\/schema\/logo\/image\/\"}}]}<\/script>\n<!-- \/ Yoast SEO plugin. -->","yoast_head_json":{"title":"CMH","robots":{"index":"index","follow":"follow","max-snippet":"max-snippet:-1","max-image-preview":"max-image-preview:large","max-video-preview":"max-video-preview:-1"},"canonical":"https:\/\/cmh.ens.fr\/en\/nomination\/nommee-professeur-attachee-ens-psl-au-departement-de-sciences-sociales-de-lens-et-codirectrice-du-master-sciences-sociales-ens-et-ehess\/","og_locale":"en_US","og_type":"article","og_title":"Nomm\u00e9e professeur attach\u00e9e ENS-PSL au d\u00e9partement de sciences sociales de l\u2019ENS et codirectrice du master Sciences sociales (ENS et EHESS) - CMH","og_url":"https:\/\/cmh.ens.fr\/en\/nomination\/nommee-professeur-attachee-ens-psl-au-departement-de-sciences-sociales-de-lens-et-codirectrice-du-master-sciences-sociales-ens-et-ehess\/","og_site_name":"CMH","article_modified_time":"2022-09-01T09:47:57+00:00","og_image":[{"width":648,"height":648,"url":"https:\/\/cmh.ens.fr\/wp-content\/uploads\/Pless-1.jpg","type":"image\/jpeg"}],"twitter_card":"summary_large_image","schema":{"@context":"https:\/\/schema.org","@graph":[{"@type":"WebPage","@id":"https:\/\/cmh.ens.fr\/en\/nomination\/nommee-professeur-attachee-ens-psl-au-departement-de-sciences-sociales-de-lens-et-codirectrice-du-master-sciences-sociales-ens-et-ehess\/","url":"https:\/\/cmh.ens.fr\/en\/nomination\/nommee-professeur-attachee-ens-psl-au-departement-de-sciences-sociales-de-lens-et-codirectrice-du-master-sciences-sociales-ens-et-ehess\/","name":"Nomm\u00e9e professeur attach\u00e9e ENS-PSL au d\u00e9partement de sciences sociales de l\u2019ENS et codirectrice du master Sciences sociales (ENS et EHESS) - CMH","isPartOf":{"@id":"https:\/\/cmh.ens.fr\/en\/#website"},"primaryImageOfPage":{"@id":"https:\/\/cmh.ens.fr\/en\/nomination\/nommee-professeur-attachee-ens-psl-au-departement-de-sciences-sociales-de-lens-et-codirectrice-du-master-sciences-sociales-ens-et-ehess\/#primaryimage"},"image":{"@id":"https:\/\/cmh.ens.fr\/en\/nomination\/nommee-professeur-attachee-ens-psl-au-departement-de-sciences-sociales-de-lens-et-codirectrice-du-master-sciences-sociales-ens-et-ehess\/#primaryimage"},"thumbnailUrl":"https:\/\/cmh.ens.fr\/wp-content\/uploads\/Pless-1.jpg","datePublished":"2022-09-01T09:47:16+00:00","dateModified":"2022-09-01T09:47:57+00:00","breadcrumb":{"@id":"https:\/\/cmh.ens.fr\/en\/nomination\/nommee-professeur-attachee-ens-psl-au-departement-de-sciences-sociales-de-lens-et-codirectrice-du-master-sciences-sociales-ens-et-ehess\/#breadcrumb"},"inLanguage":"en-US","potentialAction":[{"@type":"ReadAction","target":["https:\/\/cmh.ens.fr\/en\/nomination\/nommee-professeur-attachee-ens-psl-au-departement-de-sciences-sociales-de-lens-et-codirectrice-du-master-sciences-sociales-ens-et-ehess\/"]}]},{"@type":"ImageObject","inLanguage":"en-US","@id":"https:\/\/cmh.ens.fr\/en\/nomination\/nommee-professeur-attachee-ens-psl-au-departement-de-sciences-sociales-de-lens-et-codirectrice-du-master-sciences-sociales-ens-et-ehess\/#primaryimage","url":"https:\/\/cmh.ens.fr\/wp-content\/uploads\/Pless-1.jpg","contentUrl":"https:\/\/cmh.ens.fr\/wp-content\/uploads\/Pless-1.jpg","width":648,"height":648},{"@type":"BreadcrumbList","@id":"https:\/\/cmh.ens.fr\/en\/nomination\/nommee-professeur-attachee-ens-psl-au-departement-de-sciences-sociales-de-lens-et-codirectrice-du-master-sciences-sociales-ens-et-ehess\/#breadcrumb","itemListElement":[{"@type":"ListItem","position":1,"name":"Accueil","item":"https:\/\/cmh.ens.fr\/"},{"@type":"ListItem","position":2,"name":"Nominations","item":"https:\/\/cmh.ens.fr\/nomination\/"},{"@type":"ListItem","position":3,"name":"Nomm\u00e9e professeur attach\u00e9e ENS-PSL au d\u00e9partement de sciences sociales de l\u2019ENS et codirectrice du master Sciences sociales (ENS et EHESS)"}]},{"@type":"WebSite","@id":"https:\/\/cmh.ens.fr\/en\/#website","url":"https:\/\/cmh.ens.fr\/en\/","name":"CMH","description":"Centre Maurice Halbwachs","publisher":{"@id":"https:\/\/cmh.ens.fr\/en\/#organization"},"potentialAction":[{"@type":"SearchAction","target":{"@type":"EntryPoint","urlTemplate":"https:\/\/cmh.ens.fr\/en\/?s={search_term_string}"},"query-input":{"@type":"PropertyValueSpecification","valueRequired":true,"valueName":"search_term_string"}}],"inLanguage":"en-US"},{"@type":"Organization","@id":"https:\/\/cmh.ens.fr\/en\/#organization","name":"Centre Maurice Halbwachs","url":"https:\/\/cmh.ens.fr\/en\/","logo":{"@type":"ImageObject","inLanguage":"en-US","@id":"https:\/\/cmh.ens.fr\/en\/#\/schema\/logo\/image\/","url":"https:\/\/www.cmh.ens.fr\/wp-content\/uploads\/siteon0.jpg","contentUrl":"https:\/\/www.cmh.ens.fr\/wp-content\/uploads\/siteon0.jpg","width":86,"height":53,"caption":"Centre Maurice Halbwachs"},"image":{"@id":"https:\/\/cmh.ens.fr\/en\/#\/schema\/logo\/image\/"}}]}},"_links":{"self":[{"href":"https:\/\/cmh.ens.fr\/en\/wp-json\/wp\/v2\/nomination\/10393"}],"collection":[{"href":"https:\/\/cmh.ens.fr\/en\/wp-json\/wp\/v2\/nomination"}],"about":[{"href":"https:\/\/cmh.ens.fr\/en\/wp-json\/wp\/v2\/types\/nomination"}],"author":[{"embeddable":true,"href":"https:\/\/cmh.ens.fr\/en\/wp-json\/wp\/v2\/users\/94"}],"version-history":[{"count":3,"href":"https:\/\/cmh.ens.fr\/en\/wp-json\/wp\/v2\/nomination\/10393\/revisions"}],"predecessor-version":[{"id":10396,"href":"https:\/\/cmh.ens.fr\/en\/wp-json\/wp\/v2\/nomination\/10393\/revisions\/10396"}],"wp:featuredmedia":[{"embeddable":true,"href":"https:\/\/cmh.ens.fr\/en\/wp-json\/wp\/v2\/media\/7983"}],"wp:attachment":[{"href":"https:\/\/cmh.ens.fr\/en\/wp-json\/wp\/v2\/media?parent=10393"}],"curies":[{"name":"wp","href":"https:\/\/api.w.org\/{rel}","templated":true}]}}

Nommée professeur attachée ENS-PSL au département de sciences sociales de l’ENS et codirectrice du master Sciences sociales (ENS et EHESS)

<!-- This site is optimized with the Yoast SEO plugin v25.6 - https://yoast.com/wordpress/plugins/seo/ -->
<title>CMH</title>
<meta name="robots" content="index, follow, max-snippet:-1, max-image-preview:large, max-video-preview:-1" />
<link rel="canonical" href="https://cmh.ens.fr/en/nomination/nommee-professeur-attachee-ens-psl-au-departement-de-sciences-sociales-de-lens-et-codirectrice-du-master-sciences-sociales-ens-et-ehess/" class="yoast-seo-meta-tag" />
<meta property="og:locale" content="en_US" class="yoast-seo-meta-tag" />
<meta property="og:type" content="article" class="yoast-seo-meta-tag" />
<meta property="og:title" content="Nommée professeur attachée ENS-PSL au département de sciences sociales de l’ENS et codirectrice du master Sciences sociales (ENS et EHESS) - CMH" class="yoast-seo-meta-tag" />
<meta property="og:url" content="https://cmh.ens.fr/en/nomination/nommee-professeur-attachee-ens-psl-au-departement-de-sciences-sociales-de-lens-et-codirectrice-du-master-sciences-sociales-ens-et-ehess/" class="yoast-seo-meta-tag" />
<meta property="og:site_name" content="CMH" class="yoast-seo-meta-tag" />
<meta property="article:modified_time" content="2022-09-01T09:47:57+00:00" class="yoast-seo-meta-tag" />
<meta property="og:image" content="https://cmh.ens.fr/wp-content/uploads/Pless-1.jpg" class="yoast-seo-meta-tag" />
	<meta property="og:image:width" content="648" class="yoast-seo-meta-tag" />
	<meta property="og:image:height" content="648" class="yoast-seo-meta-tag" />
	<meta property="og:image:type" content="image/jpeg" class="yoast-seo-meta-tag" />
<meta name="twitter:card" content="summary_large_image" class="yoast-seo-meta-tag" />
<script type="application/ld+json" class="yoast-schema-graph">{"@context":"https://schema.org","@graph":[{"@type":"WebPage","@id":"https://cmh.ens.fr/en/nomination/nommee-professeur-attachee-ens-psl-au-departement-de-sciences-sociales-de-lens-et-codirectrice-du-master-sciences-sociales-ens-et-ehess/","url":"https://cmh.ens.fr/en/nomination/nommee-professeur-attachee-ens-psl-au-departement-de-sciences-sociales-de-lens-et-codirectrice-du-master-sciences-sociales-ens-et-ehess/","name":"Nommée professeur attachée ENS-PSL au département de sciences sociales de l’ENS et codirectrice du master Sciences sociales (ENS et EHESS) - CMH","isPartOf":{"@id":"https://cmh.ens.fr/en/#website"},"primaryImageOfPage":{"@id":"https://cmh.ens.fr/en/nomination/nommee-professeur-attachee-ens-psl-au-departement-de-sciences-sociales-de-lens-et-codirectrice-du-master-sciences-sociales-ens-et-ehess/#primaryimage"},"image":{"@id":"https://cmh.ens.fr/en/nomination/nommee-professeur-attachee-ens-psl-au-departement-de-sciences-sociales-de-lens-et-codirectrice-du-master-sciences-sociales-ens-et-ehess/#primaryimage"},"thumbnailUrl":"https://cmh.ens.fr/wp-content/uploads/Pless-1.jpg","datePublished":"2022-09-01T09:47:16+00:00","dateModified":"2022-09-01T09:47:57+00:00","breadcrumb":{"@id":"https://cmh.ens.fr/en/nomination/nommee-professeur-attachee-ens-psl-au-departement-de-sciences-sociales-de-lens-et-codirectrice-du-master-sciences-sociales-ens-et-ehess/#breadcrumb"},"inLanguage":"en-US","potentialAction":[{"@type":"ReadAction","target":["https://cmh.ens.fr/en/nomination/nommee-professeur-attachee-ens-psl-au-departement-de-sciences-sociales-de-lens-et-codirectrice-du-master-sciences-sociales-ens-et-ehess/"]}]},{"@type":"ImageObject","inLanguage":"en-US","@id":"https://cmh.ens.fr/en/nomination/nommee-professeur-attachee-ens-psl-au-departement-de-sciences-sociales-de-lens-et-codirectrice-du-master-sciences-sociales-ens-et-ehess/#primaryimage","url":"https://cmh.ens.fr/wp-content/uploads/Pless-1.jpg","contentUrl":"https://cmh.ens.fr/wp-content/uploads/Pless-1.jpg","width":648,"height":648},{"@type":"BreadcrumbList","@id":"https://cmh.ens.fr/en/nomination/nommee-professeur-attachee-ens-psl-au-departement-de-sciences-sociales-de-lens-et-codirectrice-du-master-sciences-sociales-ens-et-ehess/#breadcrumb","itemListElement":[{"@type":"ListItem","position":1,"name":"Accueil","item":"https://cmh.ens.fr/"},{"@type":"ListItem","position":2,"name":"Nominations","item":"https://cmh.ens.fr/nomination/"},{"@type":"ListItem","position":3,"name":"Nommée professeur attachée ENS-PSL au département de sciences sociales de l’ENS et codirectrice du master Sciences sociales (ENS et EHESS)"}]},{"@type":"WebSite","@id":"https://cmh.ens.fr/en/#website","url":"https://cmh.ens.fr/en/","name":"CMH","description":"Centre Maurice Halbwachs","publisher":{"@id":"https://cmh.ens.fr/en/#organization"},"potentialAction":[{"@type":"SearchAction","target":{"@type":"EntryPoint","urlTemplate":"https://cmh.ens.fr/en/?s={search_term_string}"},"query-input":{"@type":"PropertyValueSpecification","valueRequired":true,"valueName":"search_term_string"}}],"inLanguage":"en-US"},{"@type":"Organization","@id":"https://cmh.ens.fr/en/#organization","name":"Centre Maurice Halbwachs","url":"https://cmh.ens.fr/en/","logo":{"@type":"ImageObject","inLanguage":"en-US","@id":"https://cmh.ens.fr/en/#/schema/logo/image/","url":"https://www.cmh.ens.fr/wp-content/uploads/siteon0.jpg","contentUrl":"https://www.cmh.ens.fr/wp-content/uploads/siteon0.jpg","width":86,"height":53,"caption":"Centre Maurice Halbwachs"},"image":{"@id":"https://cmh.ens.fr/en/#/schema/logo/image/"}}]}</script>
<!-- / Yoast SEO plugin. -->

Nommée professeur attachée ENS-PSL au département de sciences sociales de l’ENS et codirectrice du master Sciences sociales (ENS et EHESS) - CMH
