{"id":9775,"date":"2022-03-07T11:24:14","date_gmt":"2022-03-07T10:24:14","guid":{"rendered":"https:\/\/www.cmh.ens.fr\/?post_type=evenement&#038;p=9775"},"modified":"2022-03-28T10:05:26","modified_gmt":"2022-03-28T08:05:26","slug":"measuring-regional-gender-equality-europe","status":"publish","type":"evenement","link":"https:\/\/cmh.ens.fr\/en\/evenement\/measuring-regional-gender-equality-europe\/","title":{"rendered":"Measuring Regional Gender Equality in Europe"},"content":{"rendered":"<p><strong>INSCRIPTION<\/strong>\u00a0: Cette s\u00e9ance est programm\u00e9e dans le cadre du s\u00e9minaire de Serge Paugam &nbsp;sur <em>L\u2019attachement social. Principes de la solidarit\u00e9 humaine. <\/em>Pour celles et ceux qui n\u2019y participent pas habituellement, merci de bien vouloir vous inscrire \u00e0 partir du lien ci-dessous\u00a0: Please add your e-mail in\u00a0\u00abComments\u00bb<br><a rel=\"noreferrer noopener\" href=\"https:\/\/framadate.org\/n7UlWX19M5fe7qwM\" target=\"_blank\">Inscription<\/a> <\/p>\n\n\n\n<p><strong>Project Summary<\/strong><\/p>\n\n\n\n<p>Gender equality&nbsp;is a topic of increasing relevance in the EU and worldwide, but its measurement is mainly limited to national levels. During the past years, various experiences tried to exploit gender equality at a subnational (regional) level, but they remained country-specific and limited to specific domains. The ongoing Jean Monnet Regional Gender Equality Measurement in the EU (ReGEM) project aims at providing a regional mapping of the most comprehensive gender equality indicator in Europe, the Gender Equality Index (GEI) of the European Institute on Gender Equality (EIGE). This measure covers 14 sub-domains and is available for all 27 Member States of the EU and the UK. The ReGEM project will assess the data availability at the NUTS2 (regional) level and the feasibility of constructing a Regional Gender Equality Index (R-GEI), identifying a consistent system of indicators which can be used as a common basis for gender equality measurements at regional level in Europe. The project will provide a preliminary analysis of the structure and evolution of regional gender (in)equality by comparing four major EU countries (Italy, France, Spain and Germany), covering a total of 98 regions.<\/p>\n\n\n\n<p><\/p>\n\n\n\n<div data-wp-interactive=\"core\/file\" class=\"wp-block-file\"><object data-wp-bind--hidden=\"!state.hasPdfPreview\"  class=\"wp-block-file__embed\" data=\"https:\/\/www.cmh.ens.fr\/wp-content\/uploads\/flyer-1.pdf\" type=\"application\/pdf\" style=\"width:100%;height:600px\" aria-label=\"Embed of Contenu embarqu\u00e9 flyer-1..\"><\/object><a id=\"wp-block-file--media-070d3e44-57b0-4db3-8d79-3e3b5b025560\" href=\"https:\/\/www.cmh.ens.fr\/wp-content\/uploads\/flyer-1.pdf\">flyer-1<\/a><a href=\"https:\/\/www.cmh.ens.fr\/wp-content\/uploads\/flyer-1.pdf\" class=\"wp-block-file__button\" download aria-describedby=\"wp-block-file--media-070d3e44-57b0-4db3-8d79-3e3b5b025560\">Download<\/a><\/div>","protected":false},"featured_media":9877,"template":"","typologies_evenement":[180],"class_list":["post-9775","evenement","type-evenement","status-publish","has-post-thumbnail","hentry","typologies_evenement-programmes-de-recherche"],"acf":[],"yoast_head":"<!-- This site is optimized with the Yoast SEO plugin v25.6 - https:\/\/yoast.com\/wordpress\/plugins\/seo\/ -->\n<title>CMH<\/title>\n<meta name=\"robots\" content=\"index, follow, max-snippet:-1, max-image-preview:large, max-video-preview:-1\" \/>\n<link rel=\"canonical\" href=\"https:\/\/cmh.ens.fr\/en\/evenement\/measuring-regional-gender-equality-europe\/\" class=\"yoast-seo-meta-tag\" \/>\n<meta property=\"og:locale\" content=\"en_US\" class=\"yoast-seo-meta-tag\" \/>\n<meta property=\"og:type\" content=\"article\" class=\"yoast-seo-meta-tag\" \/>\n<meta property=\"og:title\" content=\"Measuring Regional Gender Equality in Europe - CMH\" class=\"yoast-seo-meta-tag\" \/>\n<meta property=\"og:description\" content=\"INSCRIPTION\u00a0: Cette s\u00e9ance est programm\u00e9e dans le cadre du s\u00e9minaire de Serge Paugam &nbsp;sur L\u2019attachement social. Principes de la solidarit\u00e9 humaine. Pour celles et ceux qui n\u2019y participent pas habituellement, merci de bien vouloir vous inscrire \u00e0 partir du lien ci-dessous\u00a0: Please add your e-mail in\u00a0\u00abComments\u00bbInscription Project Summary Gender equality&nbsp;is a topic of increasing relevance [&hellip;]\" class=\"yoast-seo-meta-tag\" \/>\n<meta property=\"og:url\" content=\"https:\/\/cmh.ens.fr\/en\/evenement\/measuring-regional-gender-equality-europe\/\" class=\"yoast-seo-meta-tag\" \/>\n<meta property=\"og:site_name\" content=\"CMH\" class=\"yoast-seo-meta-tag\" \/>\n<meta property=\"article:modified_time\" content=\"2022-03-28T08:05:26+00:00\" class=\"yoast-seo-meta-tag\" \/>\n<meta property=\"og:image\" content=\"https:\/\/cmh.ens.fr\/wp-content\/uploads\/photos.jpg\" class=\"yoast-seo-meta-tag\" \/>\n\t<meta property=\"og:image:width\" content=\"794\" class=\"yoast-seo-meta-tag\" \/>\n\t<meta property=\"og:image:height\" content=\"1123\" class=\"yoast-seo-meta-tag\" \/>\n\t<meta property=\"og:image:type\" content=\"image\/jpeg\" class=\"yoast-seo-meta-tag\" \/>\n<meta name=\"twitter:card\" content=\"summary_large_image\" class=\"yoast-seo-meta-tag\" \/>\n<meta name=\"twitter:label1\" content=\"Est. reading time\" class=\"yoast-seo-meta-tag\" \/>\n\t<meta name=\"twitter:data1\" content=\"1 minute\" class=\"yoast-seo-meta-tag\" \/>\n<script type=\"application\/ld+json\" class=\"yoast-schema-graph\">{\"@context\":\"https:\/\/schema.org\",\"@graph\":[{\"@type\":\"WebPage\",\"@id\":\"https:\/\/cmh.ens.fr\/en\/evenement\/measuring-regional-gender-equality-europe\/\",\"url\":\"https:\/\/cmh.ens.fr\/en\/evenement\/measuring-regional-gender-equality-europe\/\",\"name\":\"Measuring Regional Gender Equality in Europe - CMH\",\"isPartOf\":{\"@id\":\"https:\/\/cmh.ens.fr\/en\/#website\"},\"primaryImageOfPage\":{\"@id\":\"https:\/\/cmh.ens.fr\/en\/evenement\/measuring-regional-gender-equality-europe\/#primaryimage\"},\"image\":{\"@id\":\"https:\/\/cmh.ens.fr\/en\/evenement\/measuring-regional-gender-equality-europe\/#primaryimage\"},\"thumbnailUrl\":\"https:\/\/cmh.ens.fr\/wp-content\/uploads\/photos.jpg\",\"datePublished\":\"2022-03-07T10:24:14+00:00\",\"dateModified\":\"2022-03-28T08:05:26+00:00\",\"breadcrumb\":{\"@id\":\"https:\/\/cmh.ens.fr\/en\/evenement\/measuring-regional-gender-equality-europe\/#breadcrumb\"},\"inLanguage\":\"en-US\",\"potentialAction\":[{\"@type\":\"ReadAction\",\"target\":[\"https:\/\/cmh.ens.fr\/en\/evenement\/measuring-regional-gender-equality-europe\/\"]}]},{\"@type\":\"ImageObject\",\"inLanguage\":\"en-US\",\"@id\":\"https:\/\/cmh.ens.fr\/en\/evenement\/measuring-regional-gender-equality-europe\/#primaryimage\",\"url\":\"https:\/\/cmh.ens.fr\/wp-content\/uploads\/photos.jpg\",\"contentUrl\":\"https:\/\/cmh.ens.fr\/wp-content\/uploads\/photos.jpg\",\"width\":794,\"height\":1123},{\"@type\":\"BreadcrumbList\",\"@id\":\"https:\/\/cmh.ens.fr\/en\/evenement\/measuring-regional-gender-equality-europe\/#breadcrumb\",\"itemListElement\":[{\"@type\":\"ListItem\",\"position\":1,\"name\":\"Accueil\",\"item\":\"https:\/\/cmh.ens.fr\/\"},{\"@type\":\"ListItem\",\"position\":2,\"name\":\"\u00c9v\u00e8nements\",\"item\":\"https:\/\/cmh.ens.fr\/evenement\/\"},{\"@type\":\"ListItem\",\"position\":3,\"name\":\"Measuring Regional Gender Equality in Europe\"}]},{\"@type\":\"WebSite\",\"@id\":\"https:\/\/cmh.ens.fr\/en\/#website\",\"url\":\"https:\/\/cmh.ens.fr\/en\/\",\"name\":\"CMH\",\"description\":\"Centre Maurice Halbwachs\",\"publisher\":{\"@id\":\"https:\/\/cmh.ens.fr\/en\/#organization\"},\"potentialAction\":[{\"@type\":\"SearchAction\",\"target\":{\"@type\":\"EntryPoint\",\"urlTemplate\":\"https:\/\/cmh.ens.fr\/en\/?s={search_term_string}\"},\"query-input\":{\"@type\":\"PropertyValueSpecification\",\"valueRequired\":true,\"valueName\":\"search_term_string\"}}],\"inLanguage\":\"en-US\"},{\"@type\":\"Organization\",\"@id\":\"https:\/\/cmh.ens.fr\/en\/#organization\",\"name\":\"Centre Maurice Halbwachs\",\"url\":\"https:\/\/cmh.ens.fr\/en\/\",\"logo\":{\"@type\":\"ImageObject\",\"inLanguage\":\"en-US\",\"@id\":\"https:\/\/cmh.ens.fr\/en\/#\/schema\/logo\/image\/\",\"url\":\"https:\/\/www.cmh.ens.fr\/wp-content\/uploads\/siteon0.jpg\",\"contentUrl\":\"https:\/\/www.cmh.ens.fr\/wp-content\/uploads\/siteon0.jpg\",\"width\":86,\"height\":53,\"caption\":\"Centre Maurice Halbwachs\"},\"image\":{\"@id\":\"https:\/\/cmh.ens.fr\/en\/#\/schema\/logo\/image\/\"}}]}<\/script>\n<!-- \/ Yoast SEO plugin. -->","yoast_head_json":{"title":"CMH","robots":{"index":"index","follow":"follow","max-snippet":"max-snippet:-1","max-image-preview":"max-image-preview:large","max-video-preview":"max-video-preview:-1"},"canonical":"https:\/\/cmh.ens.fr\/en\/evenement\/measuring-regional-gender-equality-europe\/","og_locale":"en_US","og_type":"article","og_title":"Measuring Regional Gender Equality in Europe - CMH","og_description":"INSCRIPTION\u00a0: Cette s\u00e9ance est programm\u00e9e dans le cadre du s\u00e9minaire de Serge Paugam &nbsp;sur L\u2019attachement social. Principes de la solidarit\u00e9 humaine. Pour celles et ceux qui n\u2019y participent pas habituellement, merci de bien vouloir vous inscrire \u00e0 partir du lien ci-dessous\u00a0: Please add your e-mail in\u00a0\u00abComments\u00bbInscription Project Summary Gender equality&nbsp;is a topic of increasing relevance [&hellip;]","og_url":"https:\/\/cmh.ens.fr\/en\/evenement\/measuring-regional-gender-equality-europe\/","og_site_name":"CMH","article_modified_time":"2022-03-28T08:05:26+00:00","og_image":[{"width":794,"height":1123,"url":"https:\/\/cmh.ens.fr\/wp-content\/uploads\/photos.jpg","type":"image\/jpeg"}],"twitter_card":"summary_large_image","twitter_misc":{"Est. reading time":"1 minute"},"schema":{"@context":"https:\/\/schema.org","@graph":[{"@type":"WebPage","@id":"https:\/\/cmh.ens.fr\/en\/evenement\/measuring-regional-gender-equality-europe\/","url":"https:\/\/cmh.ens.fr\/en\/evenement\/measuring-regional-gender-equality-europe\/","name":"Measuring Regional Gender Equality in Europe - CMH","isPartOf":{"@id":"https:\/\/cmh.ens.fr\/en\/#website"},"primaryImageOfPage":{"@id":"https:\/\/cmh.ens.fr\/en\/evenement\/measuring-regional-gender-equality-europe\/#primaryimage"},"image":{"@id":"https:\/\/cmh.ens.fr\/en\/evenement\/measuring-regional-gender-equality-europe\/#primaryimage"},"thumbnailUrl":"https:\/\/cmh.ens.fr\/wp-content\/uploads\/photos.jpg","datePublished":"2022-03-07T10:24:14+00:00","dateModified":"2022-03-28T08:05:26+00:00","breadcrumb":{"@id":"https:\/\/cmh.ens.fr\/en\/evenement\/measuring-regional-gender-equality-europe\/#breadcrumb"},"inLanguage":"en-US","potentialAction":[{"@type":"ReadAction","target":["https:\/\/cmh.ens.fr\/en\/evenement\/measuring-regional-gender-equality-europe\/"]}]},{"@type":"ImageObject","inLanguage":"en-US","@id":"https:\/\/cmh.ens.fr\/en\/evenement\/measuring-regional-gender-equality-europe\/#primaryimage","url":"https:\/\/cmh.ens.fr\/wp-content\/uploads\/photos.jpg","contentUrl":"https:\/\/cmh.ens.fr\/wp-content\/uploads\/photos.jpg","width":794,"height":1123},{"@type":"BreadcrumbList","@id":"https:\/\/cmh.ens.fr\/en\/evenement\/measuring-regional-gender-equality-europe\/#breadcrumb","itemListElement":[{"@type":"ListItem","position":1,"name":"Accueil","item":"https:\/\/cmh.ens.fr\/"},{"@type":"ListItem","position":2,"name":"\u00c9v\u00e8nements","item":"https:\/\/cmh.ens.fr\/evenement\/"},{"@type":"ListItem","position":3,"name":"Measuring Regional Gender Equality in Europe"}]},{"@type":"WebSite","@id":"https:\/\/cmh.ens.fr\/en\/#website","url":"https:\/\/cmh.ens.fr\/en\/","name":"CMH","description":"Centre Maurice Halbwachs","publisher":{"@id":"https:\/\/cmh.ens.fr\/en\/#organization"},"potentialAction":[{"@type":"SearchAction","target":{"@type":"EntryPoint","urlTemplate":"https:\/\/cmh.ens.fr\/en\/?s={search_term_string}"},"query-input":{"@type":"PropertyValueSpecification","valueRequired":true,"valueName":"search_term_string"}}],"inLanguage":"en-US"},{"@type":"Organization","@id":"https:\/\/cmh.ens.fr\/en\/#organization","name":"Centre Maurice Halbwachs","url":"https:\/\/cmh.ens.fr\/en\/","logo":{"@type":"ImageObject","inLanguage":"en-US","@id":"https:\/\/cmh.ens.fr\/en\/#\/schema\/logo\/image\/","url":"https:\/\/www.cmh.ens.fr\/wp-content\/uploads\/siteon0.jpg","contentUrl":"https:\/\/www.cmh.ens.fr\/wp-content\/uploads\/siteon0.jpg","width":86,"height":53,"caption":"Centre Maurice Halbwachs"},"image":{"@id":"https:\/\/cmh.ens.fr\/en\/#\/schema\/logo\/image\/"}}]}},"_links":{"self":[{"href":"https:\/\/cmh.ens.fr\/en\/wp-json\/wp\/v2\/evenement\/9775"}],"collection":[{"href":"https:\/\/cmh.ens.fr\/en\/wp-json\/wp\/v2\/evenement"}],"about":[{"href":"https:\/\/cmh.ens.fr\/en\/wp-json\/wp\/v2\/types\/evenement"}],"version-history":[{"count":37,"href":"https:\/\/cmh.ens.fr\/en\/wp-json\/wp\/v2\/evenement\/9775\/revisions"}],"predecessor-version":[{"id":9927,"href":"https:\/\/cmh.ens.fr\/en\/wp-json\/wp\/v2\/evenement\/9775\/revisions\/9927"}],"wp:featuredmedia":[{"embeddable":true,"href":"https:\/\/cmh.ens.fr\/en\/wp-json\/wp\/v2\/media\/9877"}],"wp:attachment":[{"href":"https:\/\/cmh.ens.fr\/en\/wp-json\/wp\/v2\/media?parent=9775"}],"wp:term":[{"taxonomy":"typologies_evenement","embeddable":true,"href":"https:\/\/cmh.ens.fr\/en\/wp-json\/wp\/v2\/typologies_evenement?post=9775"}],"curies":[{"name":"wp","href":"https:\/\/api.w.org\/{rel}","templated":true}]}}

<p><strong>INSCRIPTION</strong> : Cette séance est programmée dans le cadre du séminaire de Serge Paugam &nbsp;sur <em>L’attachement social. Principes de la solidarité humaine. </em>Pour celles et ceux qui n’y participent pas habituellement, merci de bien vouloir vous inscrire à partir du lien ci-dessous : Please add your e-mail in «Comments»<br><a rel="noreferrer noopener" href="https://framadate.org/n7UlWX19M5fe7qwM" target="_blank">Inscription</a> </p>



<p><strong>Project Summary</strong></p>



<p>Gender equality&nbsp;is a topic of increasing relevance in the EU and worldwide, but its measurement is mainly limited to national levels. During the past years, various experiences tried to exploit gender equality at a subnational (regional) level, but they remained country-specific and limited to specific domains. The ongoing Jean Monnet Regional Gender Equality Measurement in the EU (ReGEM) project aims at providing a regional mapping of the most comprehensive gender equality indicator in Europe, the Gender Equality Index (GEI) of the European Institute on Gender Equality (EIGE). This measure covers 14 sub-domains and is available for all 27 Member States of the EU and the UK. The ReGEM project will assess the data availability at the NUTS2 (regional) level and the feasibility of constructing a Regional Gender Equality Index (R-GEI), identifying a consistent system of indicators which can be used as a common basis for gender equality measurements at regional level in Europe. The project will provide a preliminary analysis of the structure and evolution of regional gender (in)equality by comparing four major EU countries (Italy, France, Spain and Germany), covering a total of 98 regions.</p>



<p></p>



<div data-wp-interactive="core/file" class="wp-block-file"><object data-wp-bind--hidden="!state.hasPdfPreview"  class="wp-block-file__embed" data="https://www.cmh.ens.fr/wp-content/uploads/flyer-1.pdf" type="application/pdf" style="width:100%;height:600px" aria-label="Embed of Contenu embarqué flyer-1.."></object><a id="wp-block-file--media-070d3e44-57b0-4db3-8d79-3e3b5b025560" href="https://www.cmh.ens.fr/wp-content/uploads/flyer-1.pdf">flyer-1</a><a href="https://www.cmh.ens.fr/wp-content/uploads/flyer-1.pdf" class="wp-block-file__button" download aria-describedby="wp-block-file--media-070d3e44-57b0-4db3-8d79-3e3b5b025560">Download</a></div>

<!-- This site is optimized with the Yoast SEO plugin v25.6 - https://yoast.com/wordpress/plugins/seo/ -->
<title>CMH</title>
<meta name="robots" content="index, follow, max-snippet:-1, max-image-preview:large, max-video-preview:-1" />
<link rel="canonical" href="https://cmh.ens.fr/en/evenement/measuring-regional-gender-equality-europe/" class="yoast-seo-meta-tag" />
<meta property="og:locale" content="en_US" class="yoast-seo-meta-tag" />
<meta property="og:type" content="article" class="yoast-seo-meta-tag" />
<meta property="og:title" content="Measuring Regional Gender Equality in Europe - CMH" class="yoast-seo-meta-tag" />
<meta property="og:description" content="INSCRIPTION : Cette séance est programmée dans le cadre du séminaire de Serge Paugam &nbsp;sur L’attachement social. Principes de la solidarité humaine. Pour celles et ceux qui n’y participent pas habituellement, merci de bien vouloir vous inscrire à partir du lien ci-dessous : Please add your e-mail in «Comments»Inscription Project Summary Gender equality&nbsp;is a topic of increasing relevance [&hellip;]" class="yoast-seo-meta-tag" />
<meta property="og:url" content="https://cmh.ens.fr/en/evenement/measuring-regional-gender-equality-europe/" class="yoast-seo-meta-tag" />
<meta property="og:site_name" content="CMH" class="yoast-seo-meta-tag" />
<meta property="article:modified_time" content="2022-03-28T08:05:26+00:00" class="yoast-seo-meta-tag" />
<meta property="og:image" content="https://cmh.ens.fr/wp-content/uploads/photos.jpg" class="yoast-seo-meta-tag" />
	<meta property="og:image:width" content="794" class="yoast-seo-meta-tag" />
	<meta property="og:image:height" content="1123" class="yoast-seo-meta-tag" />
	<meta property="og:image:type" content="image/jpeg" class="yoast-seo-meta-tag" />
<meta name="twitter:card" content="summary_large_image" class="yoast-seo-meta-tag" />
<meta name="twitter:label1" content="Est. reading time" class="yoast-seo-meta-tag" />
	<meta name="twitter:data1" content="1 minute" class="yoast-seo-meta-tag" />
<script type="application/ld+json" class="yoast-schema-graph">{"@context":"https://schema.org","@graph":[{"@type":"WebPage","@id":"https://cmh.ens.fr/en/evenement/measuring-regional-gender-equality-europe/","url":"https://cmh.ens.fr/en/evenement/measuring-regional-gender-equality-europe/","name":"Measuring Regional Gender Equality in Europe - CMH","isPartOf":{"@id":"https://cmh.ens.fr/en/#website"},"primaryImageOfPage":{"@id":"https://cmh.ens.fr/en/evenement/measuring-regional-gender-equality-europe/#primaryimage"},"image":{"@id":"https://cmh.ens.fr/en/evenement/measuring-regional-gender-equality-europe/#primaryimage"},"thumbnailUrl":"https://cmh.ens.fr/wp-content/uploads/photos.jpg","datePublished":"2022-03-07T10:24:14+00:00","dateModified":"2022-03-28T08:05:26+00:00","breadcrumb":{"@id":"https://cmh.ens.fr/en/evenement/measuring-regional-gender-equality-europe/#breadcrumb"},"inLanguage":"en-US","potentialAction":[{"@type":"ReadAction","target":["https://cmh.ens.fr/en/evenement/measuring-regional-gender-equality-europe/"]}]},{"@type":"ImageObject","inLanguage":"en-US","@id":"https://cmh.ens.fr/en/evenement/measuring-regional-gender-equality-europe/#primaryimage","url":"https://cmh.ens.fr/wp-content/uploads/photos.jpg","contentUrl":"https://cmh.ens.fr/wp-content/uploads/photos.jpg","width":794,"height":1123},{"@type":"BreadcrumbList","@id":"https://cmh.ens.fr/en/evenement/measuring-regional-gender-equality-europe/#breadcrumb","itemListElement":[{"@type":"ListItem","position":1,"name":"Accueil","item":"https://cmh.ens.fr/"},{"@type":"ListItem","position":2,"name":"Évènements","item":"https://cmh.ens.fr/evenement/"},{"@type":"ListItem","position":3,"name":"Measuring Regional Gender Equality in Europe"}]},{"@type":"WebSite","@id":"https://cmh.ens.fr/en/#website","url":"https://cmh.ens.fr/en/","name":"CMH","description":"Centre Maurice Halbwachs","publisher":{"@id":"https://cmh.ens.fr/en/#organization"},"potentialAction":[{"@type":"SearchAction","target":{"@type":"EntryPoint","urlTemplate":"https://cmh.ens.fr/en/?s={search_term_string}"},"query-input":{"@type":"PropertyValueSpecification","valueRequired":true,"valueName":"search_term_string"}}],"inLanguage":"en-US"},{"@type":"Organization","@id":"https://cmh.ens.fr/en/#organization","name":"Centre Maurice Halbwachs","url":"https://cmh.ens.fr/en/","logo":{"@type":"ImageObject","inLanguage":"en-US","@id":"https://cmh.ens.fr/en/#/schema/logo/image/","url":"https://www.cmh.ens.fr/wp-content/uploads/siteon0.jpg","contentUrl":"https://www.cmh.ens.fr/wp-content/uploads/siteon0.jpg","width":86,"height":53,"caption":"Centre Maurice Halbwachs"},"image":{"@id":"https://cmh.ens.fr/en/#/schema/logo/image/"}}]}</script>
<!-- / Yoast SEO plugin. -->

INSCRIPTION : Cette séance est programmée dans le cadre du séminaire de Serge Paugam &nbsp;sur L’attachement social. Principes de la solidarité humaine. Pour celles et ceux qui n’y participent pas habituellement, merci de bien vouloir vous inscrire à partir du lien ci-dessous : Please add your e-mail in «Comments»Inscription Project Summary Gender equality&nbsp;is a topic of increasing relevance [&hellip;]

Évènements
