{"id":5439,"date":"2021-05-17T09:39:48","date_gmt":"2021-05-17T07:39:48","guid":{"rendered":"https:\/\/w3.cmh.ens.fr\/?post_type=evenement&#038;p=5439"},"modified":"2022-10-11T10:13:22","modified_gmt":"2022-10-11T08:13:22","slug":"colloque-international-on-na-pas-tous-les-jours-20-ans","status":"publish","type":"evenement","link":"https:\/\/cmh.ens.fr\/en\/evenement\/colloque-international-on-na-pas-tous-les-jours-20-ans\/","title":{"rendered":"Colloque International, On n\u2019a pas tous les jours 20 ans"},"content":{"rendered":"<p><a href=\"http:\/\/www.travail-genre-societes.com\/wp-content\/uploads\/2019\/10\/colloque-tgs-2019.pdf\">Programme<\/a><br>\u00c0 l\u2019occasion de ses vingt ans, la revue&nbsp;<em>Travail, genre et soci\u00e9t\u00e9s<\/em>&nbsp;organise un colloque pour \u00e9changer autour de son projet intellectuel, r\u00e9sum\u00e9 dans les trois mots de son titre&nbsp;:<\/p>\n\n\n\n<ul class=\"wp-block-list\"><li>Le travail, qui n\u2019est pas un domaine sp\u00e9cialis\u00e9 de recherche, mais notre fil rouge pour lire le statut des femmes et des hommes dans la soci\u00e9t\u00e9.<\/li><li>Le genre, toujours pr\u00e9sent quelle que soit son appellation (diff\u00e9rence des sexes, masculin\/f\u00e9minin, rapports sociaux de sexe, domination masculine, intersectionnalit\u00e9&#8230;), car la revue n\u2019est pas celle d\u2019une \u00e9cole et chaque auteur\u00b7e choisit le concept qui lui convient.<\/li><li>Les questions de soci\u00e9t\u00e9, qui nous semblent cruciales au regard du genre, m\u00eame sans lien direct avec le travail&nbsp;: le revenu universel, la gestation pour autrui, la parit\u00e9 en politique, les allocations familiales, la prostitution, l\u2019avortement, etc.Le colloque, tout comme la revue, est ouvert aux chercheur\u00b7e\u00b7s, universitaires, enseignant\u00b7e\u00b7s, \u00e9tudiant\u00b7e\u00b7s, mais aussi aux syndicalistes, aux membres d\u2019associations f\u00e9ministes ou de l\u2019administration, aux \u00e9lu\u00b7e\u00b7s et repr\u00e9sentant\u00b7e\u00b7s de la soci\u00e9t\u00e9 civile. Il valorise la confrontation entre options th\u00e9oriques diverses, la pluridisciplinarit\u00e9 et la comparaison internationale qui permet de resituer les in\u00e9galit\u00e9s de sexe et de genre dans des configurations soci\u00e9tales diverses. \u00c0 Travail, genre et soci\u00e9t\u00e9s nous d\u00e9fendons l\u2019id\u00e9e qu\u2019il faut \u00e9crire pour \u00eatre lu\u00b7e\u00b7s au-del\u00e0 des fronti\u00e8res de notre univers professionnel<\/li><\/ul>","protected":false},"featured_media":0,"template":"","typologies_evenement":[82],"class_list":["post-5439","evenement","type-evenement","status-publish","hentry","typologies_evenement-journees-detudes-et-colloques"],"acf":[],"yoast_head":"<!-- This site is optimized with the Yoast SEO plugin v25.6 - https:\/\/yoast.com\/wordpress\/plugins\/seo\/ -->\n<title>CMH<\/title>\n<meta name=\"robots\" content=\"index, follow, max-snippet:-1, max-image-preview:large, max-video-preview:-1\" \/>\n<link rel=\"canonical\" href=\"https:\/\/cmh.ens.fr\/en\/evenement\/colloque-international-on-na-pas-tous-les-jours-20-ans\/\" class=\"yoast-seo-meta-tag\" \/>\n<meta property=\"og:locale\" content=\"en_US\" class=\"yoast-seo-meta-tag\" \/>\n<meta property=\"og:type\" content=\"article\" class=\"yoast-seo-meta-tag\" \/>\n<meta property=\"og:title\" content=\"Colloque International, On n\u2019a pas tous les jours 20 ans - CMH\" class=\"yoast-seo-meta-tag\" \/>\n<meta property=\"og:description\" content=\"Programme\u00c0 l\u2019occasion de ses vingt ans, la revue&nbsp;Travail, genre et soci\u00e9t\u00e9s&nbsp;organise un colloque pour \u00e9changer autour de son projet intellectuel, r\u00e9sum\u00e9 dans les trois mots de son titre&nbsp;: Le travail, qui n\u2019est pas un domaine sp\u00e9cialis\u00e9 de recherche, mais notre fil rouge pour lire le statut des femmes et des hommes dans la soci\u00e9t\u00e9. Le [&hellip;]\" class=\"yoast-seo-meta-tag\" \/>\n<meta property=\"og:url\" content=\"https:\/\/cmh.ens.fr\/en\/evenement\/colloque-international-on-na-pas-tous-les-jours-20-ans\/\" class=\"yoast-seo-meta-tag\" \/>\n<meta property=\"og:site_name\" content=\"CMH\" class=\"yoast-seo-meta-tag\" \/>\n<meta property=\"article:modified_time\" content=\"2022-10-11T08:13:22+00:00\" class=\"yoast-seo-meta-tag\" \/>\n<meta name=\"twitter:card\" content=\"summary_large_image\" class=\"yoast-seo-meta-tag\" \/>\n<meta name=\"twitter:label1\" content=\"Est. reading time\" class=\"yoast-seo-meta-tag\" \/>\n\t<meta name=\"twitter:data1\" content=\"1 minute\" class=\"yoast-seo-meta-tag\" \/>\n<script type=\"application\/ld+json\" class=\"yoast-schema-graph\">{\"@context\":\"https:\/\/schema.org\",\"@graph\":[{\"@type\":\"WebPage\",\"@id\":\"https:\/\/cmh.ens.fr\/en\/evenement\/colloque-international-on-na-pas-tous-les-jours-20-ans\/\",\"url\":\"https:\/\/cmh.ens.fr\/en\/evenement\/colloque-international-on-na-pas-tous-les-jours-20-ans\/\",\"name\":\"Colloque International, On n\u2019a pas tous les jours 20 ans - CMH\",\"isPartOf\":{\"@id\":\"https:\/\/cmh.ens.fr\/en\/#website\"},\"datePublished\":\"2021-05-17T07:39:48+00:00\",\"dateModified\":\"2022-10-11T08:13:22+00:00\",\"breadcrumb\":{\"@id\":\"https:\/\/cmh.ens.fr\/en\/evenement\/colloque-international-on-na-pas-tous-les-jours-20-ans\/#breadcrumb\"},\"inLanguage\":\"en-US\",\"potentialAction\":[{\"@type\":\"ReadAction\",\"target\":[\"https:\/\/cmh.ens.fr\/en\/evenement\/colloque-international-on-na-pas-tous-les-jours-20-ans\/\"]}]},{\"@type\":\"BreadcrumbList\",\"@id\":\"https:\/\/cmh.ens.fr\/en\/evenement\/colloque-international-on-na-pas-tous-les-jours-20-ans\/#breadcrumb\",\"itemListElement\":[{\"@type\":\"ListItem\",\"position\":1,\"name\":\"Accueil\",\"item\":\"https:\/\/cmh.ens.fr\/\"},{\"@type\":\"ListItem\",\"position\":2,\"name\":\"\u00c9v\u00e8nements\",\"item\":\"https:\/\/cmh.ens.fr\/evenement\/\"},{\"@type\":\"ListItem\",\"position\":3,\"name\":\"Colloque International, On n\u2019a pas tous les jours 20 ans\"}]},{\"@type\":\"WebSite\",\"@id\":\"https:\/\/cmh.ens.fr\/en\/#website\",\"url\":\"https:\/\/cmh.ens.fr\/en\/\",\"name\":\"CMH\",\"description\":\"Centre Maurice Halbwachs\",\"publisher\":{\"@id\":\"https:\/\/cmh.ens.fr\/en\/#organization\"},\"potentialAction\":[{\"@type\":\"SearchAction\",\"target\":{\"@type\":\"EntryPoint\",\"urlTemplate\":\"https:\/\/cmh.ens.fr\/en\/?s={search_term_string}\"},\"query-input\":{\"@type\":\"PropertyValueSpecification\",\"valueRequired\":true,\"valueName\":\"search_term_string\"}}],\"inLanguage\":\"en-US\"},{\"@type\":\"Organization\",\"@id\":\"https:\/\/cmh.ens.fr\/en\/#organization\",\"name\":\"Centre Maurice Halbwachs\",\"url\":\"https:\/\/cmh.ens.fr\/en\/\",\"logo\":{\"@type\":\"ImageObject\",\"inLanguage\":\"en-US\",\"@id\":\"https:\/\/cmh.ens.fr\/en\/#\/schema\/logo\/image\/\",\"url\":\"https:\/\/www.cmh.ens.fr\/wp-content\/uploads\/siteon0.jpg\",\"contentUrl\":\"https:\/\/www.cmh.ens.fr\/wp-content\/uploads\/siteon0.jpg\",\"width\":86,\"height\":53,\"caption\":\"Centre Maurice Halbwachs\"},\"image\":{\"@id\":\"https:\/\/cmh.ens.fr\/en\/#\/schema\/logo\/image\/\"}}]}<\/script>\n<!-- \/ Yoast SEO plugin. -->","yoast_head_json":{"title":"CMH","robots":{"index":"index","follow":"follow","max-snippet":"max-snippet:-1","max-image-preview":"max-image-preview:large","max-video-preview":"max-video-preview:-1"},"canonical":"https:\/\/cmh.ens.fr\/en\/evenement\/colloque-international-on-na-pas-tous-les-jours-20-ans\/","og_locale":"en_US","og_type":"article","og_title":"Colloque International, On n\u2019a pas tous les jours 20 ans - CMH","og_description":"Programme\u00c0 l\u2019occasion de ses vingt ans, la revue&nbsp;Travail, genre et soci\u00e9t\u00e9s&nbsp;organise un colloque pour \u00e9changer autour de son projet intellectuel, r\u00e9sum\u00e9 dans les trois mots de son titre&nbsp;: Le travail, qui n\u2019est pas un domaine sp\u00e9cialis\u00e9 de recherche, mais notre fil rouge pour lire le statut des femmes et des hommes dans la soci\u00e9t\u00e9. Le [&hellip;]","og_url":"https:\/\/cmh.ens.fr\/en\/evenement\/colloque-international-on-na-pas-tous-les-jours-20-ans\/","og_site_name":"CMH","article_modified_time":"2022-10-11T08:13:22+00:00","twitter_card":"summary_large_image","twitter_misc":{"Est. reading time":"1 minute"},"schema":{"@context":"https:\/\/schema.org","@graph":[{"@type":"WebPage","@id":"https:\/\/cmh.ens.fr\/en\/evenement\/colloque-international-on-na-pas-tous-les-jours-20-ans\/","url":"https:\/\/cmh.ens.fr\/en\/evenement\/colloque-international-on-na-pas-tous-les-jours-20-ans\/","name":"Colloque International, On n\u2019a pas tous les jours 20 ans - CMH","isPartOf":{"@id":"https:\/\/cmh.ens.fr\/en\/#website"},"datePublished":"2021-05-17T07:39:48+00:00","dateModified":"2022-10-11T08:13:22+00:00","breadcrumb":{"@id":"https:\/\/cmh.ens.fr\/en\/evenement\/colloque-international-on-na-pas-tous-les-jours-20-ans\/#breadcrumb"},"inLanguage":"en-US","potentialAction":[{"@type":"ReadAction","target":["https:\/\/cmh.ens.fr\/en\/evenement\/colloque-international-on-na-pas-tous-les-jours-20-ans\/"]}]},{"@type":"BreadcrumbList","@id":"https:\/\/cmh.ens.fr\/en\/evenement\/colloque-international-on-na-pas-tous-les-jours-20-ans\/#breadcrumb","itemListElement":[{"@type":"ListItem","position":1,"name":"Accueil","item":"https:\/\/cmh.ens.fr\/"},{"@type":"ListItem","position":2,"name":"\u00c9v\u00e8nements","item":"https:\/\/cmh.ens.fr\/evenement\/"},{"@type":"ListItem","position":3,"name":"Colloque International, On n\u2019a pas tous les jours 20 ans"}]},{"@type":"WebSite","@id":"https:\/\/cmh.ens.fr\/en\/#website","url":"https:\/\/cmh.ens.fr\/en\/","name":"CMH","description":"Centre Maurice Halbwachs","publisher":{"@id":"https:\/\/cmh.ens.fr\/en\/#organization"},"potentialAction":[{"@type":"SearchAction","target":{"@type":"EntryPoint","urlTemplate":"https:\/\/cmh.ens.fr\/en\/?s={search_term_string}"},"query-input":{"@type":"PropertyValueSpecification","valueRequired":true,"valueName":"search_term_string"}}],"inLanguage":"en-US"},{"@type":"Organization","@id":"https:\/\/cmh.ens.fr\/en\/#organization","name":"Centre Maurice Halbwachs","url":"https:\/\/cmh.ens.fr\/en\/","logo":{"@type":"ImageObject","inLanguage":"en-US","@id":"https:\/\/cmh.ens.fr\/en\/#\/schema\/logo\/image\/","url":"https:\/\/www.cmh.ens.fr\/wp-content\/uploads\/siteon0.jpg","contentUrl":"https:\/\/www.cmh.ens.fr\/wp-content\/uploads\/siteon0.jpg","width":86,"height":53,"caption":"Centre Maurice Halbwachs"},"image":{"@id":"https:\/\/cmh.ens.fr\/en\/#\/schema\/logo\/image\/"}}]}},"_links":{"self":[{"href":"https:\/\/cmh.ens.fr\/en\/wp-json\/wp\/v2\/evenement\/5439"}],"collection":[{"href":"https:\/\/cmh.ens.fr\/en\/wp-json\/wp\/v2\/evenement"}],"about":[{"href":"https:\/\/cmh.ens.fr\/en\/wp-json\/wp\/v2\/types\/evenement"}],"version-history":[{"count":1,"href":"https:\/\/cmh.ens.fr\/en\/wp-json\/wp\/v2\/evenement\/5439\/revisions"}],"predecessor-version":[{"id":10826,"href":"https:\/\/cmh.ens.fr\/en\/wp-json\/wp\/v2\/evenement\/5439\/revisions\/10826"}],"wp:attachment":[{"href":"https:\/\/cmh.ens.fr\/en\/wp-json\/wp\/v2\/media?parent=5439"}],"wp:term":[{"taxonomy":"typologies_evenement","embeddable":true,"href":"https:\/\/cmh.ens.fr\/en\/wp-json\/wp\/v2\/typologies_evenement?post=5439"}],"curies":[{"name":"wp","href":"https:\/\/api.w.org\/{rel}","templated":true}]}}

<p><a href="http://www.travail-genre-societes.com/wp-content/uploads/2019/10/colloque-tgs-2019.pdf">Programme</a><br>À l’occasion de ses vingt ans, la revue&nbsp;<em>Travail, genre et sociétés</em>&nbsp;organise un colloque pour échanger autour de son projet intellectuel, résumé dans les trois mots de son titre&nbsp;:</p>



<ul class="wp-block-list"><li>Le travail, qui n’est pas un domaine spécialisé de recherche, mais notre fil rouge pour lire le statut des femmes et des hommes dans la société.</li><li>Le genre, toujours présent quelle que soit son appellation (différence des sexes, masculin/féminin, rapports sociaux de sexe, domination masculine, intersectionnalité&#8230;), car la revue n’est pas celle d’une école et chaque auteur·e choisit le concept qui lui convient.</li><li>Les questions de société, qui nous semblent cruciales au regard du genre, même sans lien direct avec le travail&nbsp;: le revenu universel, la gestation pour autrui, la parité en politique, les allocations familiales, la prostitution, l’avortement, etc.Le colloque, tout comme la revue, est ouvert aux chercheur·e·s, universitaires, enseignant·e·s, étudiant·e·s, mais aussi aux syndicalistes, aux membres d’associations féministes ou de l’administration, aux élu·e·s et représentant·e·s de la société civile. Il valorise la confrontation entre options théoriques diverses, la pluridisciplinarité et la comparaison internationale qui permet de resituer les inégalités de sexe et de genre dans des configurations sociétales diverses. À Travail, genre et sociétés nous défendons l’idée qu’il faut écrire pour être lu·e·s au-delà des frontières de notre univers professionnel</li></ul>

<!-- This site is optimized with the Yoast SEO plugin v25.6 - https://yoast.com/wordpress/plugins/seo/ -->
<title>CMH</title>
<meta name="robots" content="index, follow, max-snippet:-1, max-image-preview:large, max-video-preview:-1" />
<link rel="canonical" href="https://cmh.ens.fr/en/evenement/colloque-international-on-na-pas-tous-les-jours-20-ans/" class="yoast-seo-meta-tag" />
<meta property="og:locale" content="en_US" class="yoast-seo-meta-tag" />
<meta property="og:type" content="article" class="yoast-seo-meta-tag" />
<meta property="og:title" content="Colloque International, On n’a pas tous les jours 20 ans - CMH" class="yoast-seo-meta-tag" />
<meta property="og:description" content="ProgrammeÀ l’occasion de ses vingt ans, la revue&nbsp;Travail, genre et sociétés&nbsp;organise un colloque pour échanger autour de son projet intellectuel, résumé dans les trois mots de son titre&nbsp;: Le travail, qui n’est pas un domaine spécialisé de recherche, mais notre fil rouge pour lire le statut des femmes et des hommes dans la société. Le [&hellip;]" class="yoast-seo-meta-tag" />
<meta property="og:url" content="https://cmh.ens.fr/en/evenement/colloque-international-on-na-pas-tous-les-jours-20-ans/" class="yoast-seo-meta-tag" />
<meta property="og:site_name" content="CMH" class="yoast-seo-meta-tag" />
<meta property="article:modified_time" content="2022-10-11T08:13:22+00:00" class="yoast-seo-meta-tag" />
<meta name="twitter:card" content="summary_large_image" class="yoast-seo-meta-tag" />
<meta name="twitter:label1" content="Est. reading time" class="yoast-seo-meta-tag" />
	<meta name="twitter:data1" content="1 minute" class="yoast-seo-meta-tag" />
<script type="application/ld+json" class="yoast-schema-graph">{"@context":"https://schema.org","@graph":[{"@type":"WebPage","@id":"https://cmh.ens.fr/en/evenement/colloque-international-on-na-pas-tous-les-jours-20-ans/","url":"https://cmh.ens.fr/en/evenement/colloque-international-on-na-pas-tous-les-jours-20-ans/","name":"Colloque International, On n’a pas tous les jours 20 ans - CMH","isPartOf":{"@id":"https://cmh.ens.fr/en/#website"},"datePublished":"2021-05-17T07:39:48+00:00","dateModified":"2022-10-11T08:13:22+00:00","breadcrumb":{"@id":"https://cmh.ens.fr/en/evenement/colloque-international-on-na-pas-tous-les-jours-20-ans/#breadcrumb"},"inLanguage":"en-US","potentialAction":[{"@type":"ReadAction","target":["https://cmh.ens.fr/en/evenement/colloque-international-on-na-pas-tous-les-jours-20-ans/"]}]},{"@type":"BreadcrumbList","@id":"https://cmh.ens.fr/en/evenement/colloque-international-on-na-pas-tous-les-jours-20-ans/#breadcrumb","itemListElement":[{"@type":"ListItem","position":1,"name":"Accueil","item":"https://cmh.ens.fr/"},{"@type":"ListItem","position":2,"name":"Évènements","item":"https://cmh.ens.fr/evenement/"},{"@type":"ListItem","position":3,"name":"Colloque International, On n’a pas tous les jours 20 ans"}]},{"@type":"WebSite","@id":"https://cmh.ens.fr/en/#website","url":"https://cmh.ens.fr/en/","name":"CMH","description":"Centre Maurice Halbwachs","publisher":{"@id":"https://cmh.ens.fr/en/#organization"},"potentialAction":[{"@type":"SearchAction","target":{"@type":"EntryPoint","urlTemplate":"https://cmh.ens.fr/en/?s={search_term_string}"},"query-input":{"@type":"PropertyValueSpecification","valueRequired":true,"valueName":"search_term_string"}}],"inLanguage":"en-US"},{"@type":"Organization","@id":"https://cmh.ens.fr/en/#organization","name":"Centre Maurice Halbwachs","url":"https://cmh.ens.fr/en/","logo":{"@type":"ImageObject","inLanguage":"en-US","@id":"https://cmh.ens.fr/en/#/schema/logo/image/","url":"https://www.cmh.ens.fr/wp-content/uploads/siteon0.jpg","contentUrl":"https://www.cmh.ens.fr/wp-content/uploads/siteon0.jpg","width":86,"height":53,"caption":"Centre Maurice Halbwachs"},"image":{"@id":"https://cmh.ens.fr/en/#/schema/logo/image/"}}]}</script>
<!-- / Yoast SEO plugin. -->

ProgrammeÀ l’occasion de ses vingt ans, la revue&nbsp;Travail, genre et sociétés&nbsp;organise un colloque pour échanger autour de son projet intellectuel, résumé dans les trois mots de son titre&nbsp;: Le travail, qui n’est pas un domaine spécialisé de recherche, mais notre fil rouge pour lire le statut des femmes et des hommes dans la société. Le [&hellip;]

Évènements
