{"id":16509,"date":"2026-04-30T09:53:33","date_gmt":"2026-04-30T07:53:33","guid":{"rendered":"https:\/\/cmh.ens.fr\/?post_type=evenement&#038;p=16509"},"modified":"2026-04-30T14:50:14","modified_gmt":"2026-04-30T12:50:14","slug":"docu-debat-autour-du-documentaire-adn-business-la-face-cachee-des-tests-grands-publics","status":"publish","type":"evenement","link":"https:\/\/cmh.ens.fr\/en\/evenement\/docu-debat-autour-du-documentaire-adn-business-la-face-cachee-des-tests-grands-publics\/","title":{"rendered":"Docu-d\u00e9bat autour du documentaire \u00ab\u00a0ADN business\u00a0: la face cach\u00e9e des tests grands publics\u00a0\u00bb"},"content":{"rendered":"<p>La F\u00e9d\u00e9ration de recherche Sciences sociales et Sant\u00e9 num\u00e9rique, dirig\u00e9e par Emmanuel DIDIER, organise un docu-d\u00e9bat autour du documentaire \u00ab\u00a0ADN business\u00a0: la face cach\u00e9e des tests grands publics\u00a0\u00bb r\u00e9alis\u00e9 par Olivier TOSCER. Cette projection &#8211; en pr\u00e9sence du r\u00e9alisateur &#8211; sera suivie d&rsquo;un d\u00e9bat anim\u00e9 par Madame Catherine BOURGAIN, sociologue (Cermes3) et s&rsquo;adresse \u00e0 un public large (chercheurs, \u00e9tudiants, professionnels, grand public).<\/p>\n\n\n\n<div data-wp-interactive=\"core\/file\" class=\"wp-block-file\"><object data-wp-bind--hidden=\"!state.hasPdfPreview\"  class=\"wp-block-file__embed\" data=\"https:\/\/cmh.ens.fr\/wp-content\/uploads\/Docudebat-5-mai-Affiche-et-lien-dinscription.pdf\" type=\"application\/pdf\" style=\"width:100%;height:600px\" aria-label=\"Embed of Docude\u0301bat 5 mai - Affiche et lien d&#039;inscription.\"><\/object><a id=\"wp-block-file--media-c5116856-0022-4027-96ef-2206e0a09357\" href=\"https:\/\/cmh.ens.fr\/wp-content\/uploads\/Docudebat-5-mai-Affiche-et-lien-dinscription.pdf\">Docude\u0301bat 5 mai &#8211; Affiche et lien d&rsquo;inscription<\/a><a href=\"https:\/\/cmh.ens.fr\/wp-content\/uploads\/Docudebat-5-mai-Affiche-et-lien-dinscription.pdf\" class=\"wp-block-file__button wp-element-button\" download aria-describedby=\"wp-block-file--media-c5116856-0022-4027-96ef-2206e0a09357\">Download<\/a><\/div>","protected":false},"featured_media":0,"template":"","typologies_evenement":[82],"class_list":["post-16509","evenement","type-evenement","status-publish","hentry","typologies_evenement-journees-detudes-et-colloques"],"acf":[],"yoast_head":"<!-- This site is optimized with the Yoast SEO plugin v25.6 - https:\/\/yoast.com\/wordpress\/plugins\/seo\/ -->\n<title>CMH<\/title>\n<meta name=\"robots\" content=\"index, follow, max-snippet:-1, max-image-preview:large, max-video-preview:-1\" \/>\n<link rel=\"canonical\" href=\"https:\/\/cmh.ens.fr\/en\/evenement\/docu-debat-autour-du-documentaire-adn-business-la-face-cachee-des-tests-grands-publics\/\" class=\"yoast-seo-meta-tag\" \/>\n<meta property=\"og:locale\" content=\"en_US\" class=\"yoast-seo-meta-tag\" \/>\n<meta property=\"og:type\" content=\"article\" class=\"yoast-seo-meta-tag\" \/>\n<meta property=\"og:title\" content=\"Docu-d\u00e9bat autour du documentaire &quot;ADN business : la face cach\u00e9e des tests grands publics&quot; - CMH\" class=\"yoast-seo-meta-tag\" \/>\n<meta property=\"og:description\" content=\"La F\u00e9d\u00e9ration de recherche Sciences sociales et Sant\u00e9 num\u00e9rique, dirig\u00e9e par Emmanuel DIDIER, organise un docu-d\u00e9bat autour du documentaire \u00ab\u00a0ADN business\u00a0: la face cach\u00e9e des tests grands publics\u00a0\u00bb r\u00e9alis\u00e9 par Olivier TOSCER. Cette projection &#8211; en pr\u00e9sence du r\u00e9alisateur &#8211; sera suivie d&rsquo;un d\u00e9bat anim\u00e9 par Madame Catherine BOURGAIN, sociologue (Cermes3) et s&rsquo;adresse \u00e0 un [&hellip;]\" class=\"yoast-seo-meta-tag\" \/>\n<meta property=\"og:url\" content=\"https:\/\/cmh.ens.fr\/en\/evenement\/docu-debat-autour-du-documentaire-adn-business-la-face-cachee-des-tests-grands-publics\/\" class=\"yoast-seo-meta-tag\" \/>\n<meta property=\"og:site_name\" content=\"CMH\" class=\"yoast-seo-meta-tag\" \/>\n<meta property=\"article:modified_time\" content=\"2026-04-30T12:50:14+00:00\" class=\"yoast-seo-meta-tag\" \/>\n<meta name=\"twitter:card\" content=\"summary_large_image\" class=\"yoast-seo-meta-tag\" \/>\n<script type=\"application\/ld+json\" class=\"yoast-schema-graph\">{\"@context\":\"https:\/\/schema.org\",\"@graph\":[{\"@type\":\"WebPage\",\"@id\":\"https:\/\/cmh.ens.fr\/en\/evenement\/docu-debat-autour-du-documentaire-adn-business-la-face-cachee-des-tests-grands-publics\/\",\"url\":\"https:\/\/cmh.ens.fr\/en\/evenement\/docu-debat-autour-du-documentaire-adn-business-la-face-cachee-des-tests-grands-publics\/\",\"name\":\"Docu-d\u00e9bat autour du documentaire \\\"ADN business : la face cach\u00e9e des tests grands publics\\\" - CMH\",\"isPartOf\":{\"@id\":\"https:\/\/cmh.ens.fr\/en\/#website\"},\"datePublished\":\"2026-04-30T07:53:33+00:00\",\"dateModified\":\"2026-04-30T12:50:14+00:00\",\"breadcrumb\":{\"@id\":\"https:\/\/cmh.ens.fr\/en\/evenement\/docu-debat-autour-du-documentaire-adn-business-la-face-cachee-des-tests-grands-publics\/#breadcrumb\"},\"inLanguage\":\"en-US\",\"potentialAction\":[{\"@type\":\"ReadAction\",\"target\":[\"https:\/\/cmh.ens.fr\/en\/evenement\/docu-debat-autour-du-documentaire-adn-business-la-face-cachee-des-tests-grands-publics\/\"]}]},{\"@type\":\"BreadcrumbList\",\"@id\":\"https:\/\/cmh.ens.fr\/en\/evenement\/docu-debat-autour-du-documentaire-adn-business-la-face-cachee-des-tests-grands-publics\/#breadcrumb\",\"itemListElement\":[{\"@type\":\"ListItem\",\"position\":1,\"name\":\"Accueil\",\"item\":\"https:\/\/cmh.ens.fr\/\"},{\"@type\":\"ListItem\",\"position\":2,\"name\":\"\u00c9v\u00e8nements\",\"item\":\"https:\/\/cmh.ens.fr\/evenement\/\"},{\"@type\":\"ListItem\",\"position\":3,\"name\":\"Docu-d\u00e9bat autour du documentaire \u00ab\u00a0ADN business\u00a0: la face cach\u00e9e des tests grands publics\u00a0\u00bb\"}]},{\"@type\":\"WebSite\",\"@id\":\"https:\/\/cmh.ens.fr\/en\/#website\",\"url\":\"https:\/\/cmh.ens.fr\/en\/\",\"name\":\"CMH\",\"description\":\"Centre Maurice Halbwachs\",\"publisher\":{\"@id\":\"https:\/\/cmh.ens.fr\/en\/#organization\"},\"potentialAction\":[{\"@type\":\"SearchAction\",\"target\":{\"@type\":\"EntryPoint\",\"urlTemplate\":\"https:\/\/cmh.ens.fr\/en\/?s={search_term_string}\"},\"query-input\":{\"@type\":\"PropertyValueSpecification\",\"valueRequired\":true,\"valueName\":\"search_term_string\"}}],\"inLanguage\":\"en-US\"},{\"@type\":\"Organization\",\"@id\":\"https:\/\/cmh.ens.fr\/en\/#organization\",\"name\":\"Centre Maurice Halbwachs\",\"url\":\"https:\/\/cmh.ens.fr\/en\/\",\"logo\":{\"@type\":\"ImageObject\",\"inLanguage\":\"en-US\",\"@id\":\"https:\/\/cmh.ens.fr\/en\/#\/schema\/logo\/image\/\",\"url\":\"https:\/\/www.cmh.ens.fr\/wp-content\/uploads\/siteon0.jpg\",\"contentUrl\":\"https:\/\/www.cmh.ens.fr\/wp-content\/uploads\/siteon0.jpg\",\"width\":86,\"height\":53,\"caption\":\"Centre Maurice Halbwachs\"},\"image\":{\"@id\":\"https:\/\/cmh.ens.fr\/en\/#\/schema\/logo\/image\/\"}}]}<\/script>\n<!-- \/ Yoast SEO plugin. -->","yoast_head_json":{"title":"CMH","robots":{"index":"index","follow":"follow","max-snippet":"max-snippet:-1","max-image-preview":"max-image-preview:large","max-video-preview":"max-video-preview:-1"},"canonical":"https:\/\/cmh.ens.fr\/en\/evenement\/docu-debat-autour-du-documentaire-adn-business-la-face-cachee-des-tests-grands-publics\/","og_locale":"en_US","og_type":"article","og_title":"Docu-d\u00e9bat autour du documentaire \"ADN business : la face cach\u00e9e des tests grands publics\" - CMH","og_description":"La F\u00e9d\u00e9ration de recherche Sciences sociales et Sant\u00e9 num\u00e9rique, dirig\u00e9e par Emmanuel DIDIER, organise un docu-d\u00e9bat autour du documentaire \u00ab\u00a0ADN business\u00a0: la face cach\u00e9e des tests grands publics\u00a0\u00bb r\u00e9alis\u00e9 par Olivier TOSCER. Cette projection &#8211; en pr\u00e9sence du r\u00e9alisateur &#8211; sera suivie d&rsquo;un d\u00e9bat anim\u00e9 par Madame Catherine BOURGAIN, sociologue (Cermes3) et s&rsquo;adresse \u00e0 un [&hellip;]","og_url":"https:\/\/cmh.ens.fr\/en\/evenement\/docu-debat-autour-du-documentaire-adn-business-la-face-cachee-des-tests-grands-publics\/","og_site_name":"CMH","article_modified_time":"2026-04-30T12:50:14+00:00","twitter_card":"summary_large_image","schema":{"@context":"https:\/\/schema.org","@graph":[{"@type":"WebPage","@id":"https:\/\/cmh.ens.fr\/en\/evenement\/docu-debat-autour-du-documentaire-adn-business-la-face-cachee-des-tests-grands-publics\/","url":"https:\/\/cmh.ens.fr\/en\/evenement\/docu-debat-autour-du-documentaire-adn-business-la-face-cachee-des-tests-grands-publics\/","name":"Docu-d\u00e9bat autour du documentaire \"ADN business : la face cach\u00e9e des tests grands publics\" - CMH","isPartOf":{"@id":"https:\/\/cmh.ens.fr\/en\/#website"},"datePublished":"2026-04-30T07:53:33+00:00","dateModified":"2026-04-30T12:50:14+00:00","breadcrumb":{"@id":"https:\/\/cmh.ens.fr\/en\/evenement\/docu-debat-autour-du-documentaire-adn-business-la-face-cachee-des-tests-grands-publics\/#breadcrumb"},"inLanguage":"en-US","potentialAction":[{"@type":"ReadAction","target":["https:\/\/cmh.ens.fr\/en\/evenement\/docu-debat-autour-du-documentaire-adn-business-la-face-cachee-des-tests-grands-publics\/"]}]},{"@type":"BreadcrumbList","@id":"https:\/\/cmh.ens.fr\/en\/evenement\/docu-debat-autour-du-documentaire-adn-business-la-face-cachee-des-tests-grands-publics\/#breadcrumb","itemListElement":[{"@type":"ListItem","position":1,"name":"Accueil","item":"https:\/\/cmh.ens.fr\/"},{"@type":"ListItem","position":2,"name":"\u00c9v\u00e8nements","item":"https:\/\/cmh.ens.fr\/evenement\/"},{"@type":"ListItem","position":3,"name":"Docu-d\u00e9bat autour du documentaire \u00ab\u00a0ADN business\u00a0: la face cach\u00e9e des tests grands publics\u00a0\u00bb"}]},{"@type":"WebSite","@id":"https:\/\/cmh.ens.fr\/en\/#website","url":"https:\/\/cmh.ens.fr\/en\/","name":"CMH","description":"Centre Maurice Halbwachs","publisher":{"@id":"https:\/\/cmh.ens.fr\/en\/#organization"},"potentialAction":[{"@type":"SearchAction","target":{"@type":"EntryPoint","urlTemplate":"https:\/\/cmh.ens.fr\/en\/?s={search_term_string}"},"query-input":{"@type":"PropertyValueSpecification","valueRequired":true,"valueName":"search_term_string"}}],"inLanguage":"en-US"},{"@type":"Organization","@id":"https:\/\/cmh.ens.fr\/en\/#organization","name":"Centre Maurice Halbwachs","url":"https:\/\/cmh.ens.fr\/en\/","logo":{"@type":"ImageObject","inLanguage":"en-US","@id":"https:\/\/cmh.ens.fr\/en\/#\/schema\/logo\/image\/","url":"https:\/\/www.cmh.ens.fr\/wp-content\/uploads\/siteon0.jpg","contentUrl":"https:\/\/www.cmh.ens.fr\/wp-content\/uploads\/siteon0.jpg","width":86,"height":53,"caption":"Centre Maurice Halbwachs"},"image":{"@id":"https:\/\/cmh.ens.fr\/en\/#\/schema\/logo\/image\/"}}]}},"_links":{"self":[{"href":"https:\/\/cmh.ens.fr\/en\/wp-json\/wp\/v2\/evenement\/16509"}],"collection":[{"href":"https:\/\/cmh.ens.fr\/en\/wp-json\/wp\/v2\/evenement"}],"about":[{"href":"https:\/\/cmh.ens.fr\/en\/wp-json\/wp\/v2\/types\/evenement"}],"version-history":[{"count":2,"href":"https:\/\/cmh.ens.fr\/en\/wp-json\/wp\/v2\/evenement\/16509\/revisions"}],"predecessor-version":[{"id":16517,"href":"https:\/\/cmh.ens.fr\/en\/wp-json\/wp\/v2\/evenement\/16509\/revisions\/16517"}],"wp:attachment":[{"href":"https:\/\/cmh.ens.fr\/en\/wp-json\/wp\/v2\/media?parent=16509"}],"wp:term":[{"taxonomy":"typologies_evenement","embeddable":true,"href":"https:\/\/cmh.ens.fr\/en\/wp-json\/wp\/v2\/typologies_evenement?post=16509"}],"curies":[{"name":"wp","href":"https:\/\/api.w.org\/{rel}","templated":true}]}}

Docu-débat autour du documentaire « ADN business : la face cachée des tests grands publics »

<p>La Fédération de recherche Sciences sociales et Santé numérique, dirigée par Emmanuel DIDIER, organise un docu-débat autour du documentaire « ADN business : la face cachée des tests grands publics » réalisé par Olivier TOSCER. Cette projection &#8211; en présence du réalisateur &#8211; sera suivie d&rsquo;un débat animé par Madame Catherine BOURGAIN, sociologue (Cermes3) et s&rsquo;adresse à un public large (chercheurs, étudiants, professionnels, grand public).</p>



<div data-wp-interactive="core/file" class="wp-block-file"><object data-wp-bind--hidden="!state.hasPdfPreview"  class="wp-block-file__embed" data="https://cmh.ens.fr/wp-content/uploads/Docudebat-5-mai-Affiche-et-lien-dinscription.pdf" type="application/pdf" style="width:100%;height:600px" aria-label="Embed of Docudébat 5 mai - Affiche et lien d&#039;inscription."></object><a id="wp-block-file--media-c5116856-0022-4027-96ef-2206e0a09357" href="https://cmh.ens.fr/wp-content/uploads/Docudebat-5-mai-Affiche-et-lien-dinscription.pdf">Docudébat 5 mai &#8211; Affiche et lien d&rsquo;inscription</a><a href="https://cmh.ens.fr/wp-content/uploads/Docudebat-5-mai-Affiche-et-lien-dinscription.pdf" class="wp-block-file__button wp-element-button" download aria-describedby="wp-block-file--media-c5116856-0022-4027-96ef-2206e0a09357">Download</a></div>

<!-- This site is optimized with the Yoast SEO plugin v25.6 - https://yoast.com/wordpress/plugins/seo/ -->
<title>CMH</title>
<meta name="robots" content="index, follow, max-snippet:-1, max-image-preview:large, max-video-preview:-1" />
<link rel="canonical" href="https://cmh.ens.fr/en/evenement/docu-debat-autour-du-documentaire-adn-business-la-face-cachee-des-tests-grands-publics/" class="yoast-seo-meta-tag" />
<meta property="og:locale" content="en_US" class="yoast-seo-meta-tag" />
<meta property="og:type" content="article" class="yoast-seo-meta-tag" />
<meta property="og:title" content="Docu-débat autour du documentaire &quot;ADN business : la face cachée des tests grands publics&quot; - CMH" class="yoast-seo-meta-tag" />
<meta property="og:description" content="La Fédération de recherche Sciences sociales et Santé numérique, dirigée par Emmanuel DIDIER, organise un docu-débat autour du documentaire « ADN business : la face cachée des tests grands publics » réalisé par Olivier TOSCER. Cette projection &#8211; en présence du réalisateur &#8211; sera suivie d&rsquo;un débat animé par Madame Catherine BOURGAIN, sociologue (Cermes3) et s&rsquo;adresse à un [&hellip;]" class="yoast-seo-meta-tag" />
<meta property="og:url" content="https://cmh.ens.fr/en/evenement/docu-debat-autour-du-documentaire-adn-business-la-face-cachee-des-tests-grands-publics/" class="yoast-seo-meta-tag" />
<meta property="og:site_name" content="CMH" class="yoast-seo-meta-tag" />
<meta property="article:modified_time" content="2026-04-30T12:50:14+00:00" class="yoast-seo-meta-tag" />
<meta name="twitter:card" content="summary_large_image" class="yoast-seo-meta-tag" />
<script type="application/ld+json" class="yoast-schema-graph">{"@context":"https://schema.org","@graph":[{"@type":"WebPage","@id":"https://cmh.ens.fr/en/evenement/docu-debat-autour-du-documentaire-adn-business-la-face-cachee-des-tests-grands-publics/","url":"https://cmh.ens.fr/en/evenement/docu-debat-autour-du-documentaire-adn-business-la-face-cachee-des-tests-grands-publics/","name":"Docu-débat autour du documentaire \"ADN business : la face cachée des tests grands publics\" - CMH","isPartOf":{"@id":"https://cmh.ens.fr/en/#website"},"datePublished":"2026-04-30T07:53:33+00:00","dateModified":"2026-04-30T12:50:14+00:00","breadcrumb":{"@id":"https://cmh.ens.fr/en/evenement/docu-debat-autour-du-documentaire-adn-business-la-face-cachee-des-tests-grands-publics/#breadcrumb"},"inLanguage":"en-US","potentialAction":[{"@type":"ReadAction","target":["https://cmh.ens.fr/en/evenement/docu-debat-autour-du-documentaire-adn-business-la-face-cachee-des-tests-grands-publics/"]}]},{"@type":"BreadcrumbList","@id":"https://cmh.ens.fr/en/evenement/docu-debat-autour-du-documentaire-adn-business-la-face-cachee-des-tests-grands-publics/#breadcrumb","itemListElement":[{"@type":"ListItem","position":1,"name":"Accueil","item":"https://cmh.ens.fr/"},{"@type":"ListItem","position":2,"name":"Évènements","item":"https://cmh.ens.fr/evenement/"},{"@type":"ListItem","position":3,"name":"Docu-débat autour du documentaire « ADN business : la face cachée des tests grands publics »"}]},{"@type":"WebSite","@id":"https://cmh.ens.fr/en/#website","url":"https://cmh.ens.fr/en/","name":"CMH","description":"Centre Maurice Halbwachs","publisher":{"@id":"https://cmh.ens.fr/en/#organization"},"potentialAction":[{"@type":"SearchAction","target":{"@type":"EntryPoint","urlTemplate":"https://cmh.ens.fr/en/?s={search_term_string}"},"query-input":{"@type":"PropertyValueSpecification","valueRequired":true,"valueName":"search_term_string"}}],"inLanguage":"en-US"},{"@type":"Organization","@id":"https://cmh.ens.fr/en/#organization","name":"Centre Maurice Halbwachs","url":"https://cmh.ens.fr/en/","logo":{"@type":"ImageObject","inLanguage":"en-US","@id":"https://cmh.ens.fr/en/#/schema/logo/image/","url":"https://www.cmh.ens.fr/wp-content/uploads/siteon0.jpg","contentUrl":"https://www.cmh.ens.fr/wp-content/uploads/siteon0.jpg","width":86,"height":53,"caption":"Centre Maurice Halbwachs"},"image":{"@id":"https://cmh.ens.fr/en/#/schema/logo/image/"}}]}</script>
<!-- / Yoast SEO plugin. -->

Docu-débat autour du documentaire "ADN business : la face cachée des tests grands publics" - CMH

La Fédération de recherche Sciences sociales et Santé numérique, dirigée par Emmanuel DIDIER, organise un docu-débat autour du documentaire « ADN business : la face cachée des tests grands publics » réalisé par Olivier TOSCER. Cette projection &#8211; en présence du réalisateur &#8211; sera suivie d&rsquo;un débat animé par Madame Catherine BOURGAIN, sociologue (Cermes3) et s&rsquo;adresse à un [&hellip;]

Évènements
