{"id":16014,"date":"2025-10-13T11:44:25","date_gmt":"2025-10-13T09:44:25","guid":{"rendered":"https:\/\/cmh.ens.fr\/?post_type=evenement&#038;p=16014"},"modified":"2025-11-24T12:43:01","modified_gmt":"2025-11-24T11:43:01","slug":"repas-partages-et-cuisines-participatives","status":"publish","type":"evenement","link":"https:\/\/cmh.ens.fr\/en\/evenement\/repas-partages-et-cuisines-participatives\/","title":{"rendered":"Repas partag\u00e9s et cuisines participatives"},"content":{"rendered":"<p>Dans de nombreux pays, se d\u00e9veloppent des\u00a0\u00ab\u00a0cuisines participatives\u00a0\u00bb \u2014 cantines, cuisines ou restaurants qualifi\u00e9s de solidaires, populaires ou associatifs \u2014 qui agissent en marge des institutions publiques et des circuits marchands. Port\u00e9es par des collectifs citoyens, ces initiatives m\u00ealent action politique, sociale, \u00e9ducative et alimentaire en s\u2019appuyant sur la cuisine et la commensalit\u00e9 comme leviers de mobilisation et de transformation sociale. Le colloque propose d\u2019explorer la diversit\u00e9 de ces formes collectives de travail alimentaire, encore peu \u00e9tudi\u00e9es, situ\u00e9es entre la sph\u00e8re domestique et la restauration professionnelle. Il s\u2019agira d\u2019analyser leurs modes d\u2019organisation, les rapports entre travail gratuit et r\u00e9mun\u00e9r\u00e9, les finalit\u00e9s de la mutualisation ou de la participation au travail culinaire, ainsi que les effets sociaux et symboliques de cuisiner pour autrui. Ce rendez-vous scientifique vise \u00e0 comparer ces exp\u00e9riences locales, leurs ancrages historiques ou innovants, et leurs articulations entre aide alimentaire, action sociale et dynamiques urbaines.<\/p>\n\n\n\n<div data-wp-interactive=\"core\/file\" class=\"wp-block-file\"><object data-wp-bind--hidden=\"!state.hasPdfPreview\"  class=\"wp-block-file__embed\" data=\"https:\/\/cmh.ens.fr\/wp-content\/uploads\/programme_colloque_repas_partage__s_et_cuisines_participatives.pdf\" type=\"application\/pdf\" style=\"width:100%;height:600px\" aria-label=\"Embed of programme_colloque_repas_partage__s_et_cuisines_participatives.\"><\/object><a id=\"wp-block-file--media-04a64e14-530c-4b64-b137-37fe2778ca3c\" href=\"https:\/\/cmh.ens.fr\/wp-content\/uploads\/programme_colloque_repas_partage__s_et_cuisines_participatives.pdf\">programme_colloque_repas_partage__s_et_cuisines_participatives<\/a><a href=\"https:\/\/cmh.ens.fr\/wp-content\/uploads\/programme_colloque_repas_partage__s_et_cuisines_participatives.pdf\" class=\"wp-block-file__button wp-element-button\" download aria-describedby=\"wp-block-file--media-04a64e14-530c-4b64-b137-37fe2778ca3c\">Download<\/a><\/div>","protected":false},"featured_media":16017,"template":"","typologies_evenement":[82],"class_list":["post-16014","evenement","type-evenement","status-publish","has-post-thumbnail","hentry","typologies_evenement-journees-detudes-et-colloques"],"acf":[],"yoast_head":"<!-- This site is optimized with the Yoast SEO plugin v25.6 - https:\/\/yoast.com\/wordpress\/plugins\/seo\/ -->\n<title>CMH<\/title>\n<meta name=\"robots\" content=\"index, follow, max-snippet:-1, max-image-preview:large, max-video-preview:-1\" \/>\n<link rel=\"canonical\" href=\"https:\/\/cmh.ens.fr\/en\/evenement\/repas-partages-et-cuisines-participatives\/\" class=\"yoast-seo-meta-tag\" \/>\n<meta property=\"og:locale\" content=\"en_US\" class=\"yoast-seo-meta-tag\" \/>\n<meta property=\"og:type\" content=\"article\" class=\"yoast-seo-meta-tag\" \/>\n<meta property=\"og:title\" content=\"Repas partag\u00e9s et cuisines participatives - CMH\" class=\"yoast-seo-meta-tag\" \/>\n<meta property=\"og:description\" content=\"Dans de nombreux pays, se d\u00e9veloppent des\u00a0\u00ab\u00a0cuisines participatives\u00a0\u00bb \u2014 cantines, cuisines ou restaurants qualifi\u00e9s de solidaires, populaires ou associatifs \u2014 qui agissent en marge des institutions publiques et des circuits marchands. Port\u00e9es par des collectifs citoyens, ces initiatives m\u00ealent action politique, sociale, \u00e9ducative et alimentaire en s\u2019appuyant sur la cuisine et la commensalit\u00e9 comme leviers [&hellip;]\" class=\"yoast-seo-meta-tag\" \/>\n<meta property=\"og:url\" content=\"https:\/\/cmh.ens.fr\/en\/evenement\/repas-partages-et-cuisines-participatives\/\" class=\"yoast-seo-meta-tag\" \/>\n<meta property=\"og:site_name\" content=\"CMH\" class=\"yoast-seo-meta-tag\" \/>\n<meta property=\"article:modified_time\" content=\"2025-11-24T11:43:01+00:00\" class=\"yoast-seo-meta-tag\" \/>\n<meta property=\"og:image\" content=\"https:\/\/cmh.ens.fr\/wp-content\/uploads\/programme_colloque_repas_partage__s_et_cuisines_participatives.jpg\" class=\"yoast-seo-meta-tag\" \/>\n\t<meta property=\"og:image:width\" content=\"793\" class=\"yoast-seo-meta-tag\" \/>\n\t<meta property=\"og:image:height\" content=\"1123\" class=\"yoast-seo-meta-tag\" \/>\n\t<meta property=\"og:image:type\" content=\"image\/jpeg\" class=\"yoast-seo-meta-tag\" \/>\n<meta name=\"twitter:card\" content=\"summary_large_image\" class=\"yoast-seo-meta-tag\" \/>\n<meta name=\"twitter:label1\" content=\"Est. reading time\" class=\"yoast-seo-meta-tag\" \/>\n\t<meta name=\"twitter:data1\" content=\"1 minute\" class=\"yoast-seo-meta-tag\" \/>\n<script type=\"application\/ld+json\" class=\"yoast-schema-graph\">{\"@context\":\"https:\/\/schema.org\",\"@graph\":[{\"@type\":\"WebPage\",\"@id\":\"https:\/\/cmh.ens.fr\/en\/evenement\/repas-partages-et-cuisines-participatives\/\",\"url\":\"https:\/\/cmh.ens.fr\/en\/evenement\/repas-partages-et-cuisines-participatives\/\",\"name\":\"Repas partag\u00e9s et cuisines participatives - CMH\",\"isPartOf\":{\"@id\":\"https:\/\/cmh.ens.fr\/en\/#website\"},\"primaryImageOfPage\":{\"@id\":\"https:\/\/cmh.ens.fr\/en\/evenement\/repas-partages-et-cuisines-participatives\/#primaryimage\"},\"image\":{\"@id\":\"https:\/\/cmh.ens.fr\/en\/evenement\/repas-partages-et-cuisines-participatives\/#primaryimage\"},\"thumbnailUrl\":\"https:\/\/cmh.ens.fr\/wp-content\/uploads\/programme_colloque_repas_partage__s_et_cuisines_participatives.jpg\",\"datePublished\":\"2025-10-13T09:44:25+00:00\",\"dateModified\":\"2025-11-24T11:43:01+00:00\",\"breadcrumb\":{\"@id\":\"https:\/\/cmh.ens.fr\/en\/evenement\/repas-partages-et-cuisines-participatives\/#breadcrumb\"},\"inLanguage\":\"en-US\",\"potentialAction\":[{\"@type\":\"ReadAction\",\"target\":[\"https:\/\/cmh.ens.fr\/en\/evenement\/repas-partages-et-cuisines-participatives\/\"]}]},{\"@type\":\"ImageObject\",\"inLanguage\":\"en-US\",\"@id\":\"https:\/\/cmh.ens.fr\/en\/evenement\/repas-partages-et-cuisines-participatives\/#primaryimage\",\"url\":\"https:\/\/cmh.ens.fr\/wp-content\/uploads\/programme_colloque_repas_partage__s_et_cuisines_participatives.jpg\",\"contentUrl\":\"https:\/\/cmh.ens.fr\/wp-content\/uploads\/programme_colloque_repas_partage__s_et_cuisines_participatives.jpg\",\"width\":793,\"height\":1123},{\"@type\":\"BreadcrumbList\",\"@id\":\"https:\/\/cmh.ens.fr\/en\/evenement\/repas-partages-et-cuisines-participatives\/#breadcrumb\",\"itemListElement\":[{\"@type\":\"ListItem\",\"position\":1,\"name\":\"Accueil\",\"item\":\"https:\/\/cmh.ens.fr\/\"},{\"@type\":\"ListItem\",\"position\":2,\"name\":\"\u00c9v\u00e8nements\",\"item\":\"https:\/\/cmh.ens.fr\/evenement\/\"},{\"@type\":\"ListItem\",\"position\":3,\"name\":\"Repas partag\u00e9s et cuisines participatives\"}]},{\"@type\":\"WebSite\",\"@id\":\"https:\/\/cmh.ens.fr\/en\/#website\",\"url\":\"https:\/\/cmh.ens.fr\/en\/\",\"name\":\"CMH\",\"description\":\"Centre Maurice Halbwachs\",\"publisher\":{\"@id\":\"https:\/\/cmh.ens.fr\/en\/#organization\"},\"potentialAction\":[{\"@type\":\"SearchAction\",\"target\":{\"@type\":\"EntryPoint\",\"urlTemplate\":\"https:\/\/cmh.ens.fr\/en\/?s={search_term_string}\"},\"query-input\":{\"@type\":\"PropertyValueSpecification\",\"valueRequired\":true,\"valueName\":\"search_term_string\"}}],\"inLanguage\":\"en-US\"},{\"@type\":\"Organization\",\"@id\":\"https:\/\/cmh.ens.fr\/en\/#organization\",\"name\":\"Centre Maurice Halbwachs\",\"url\":\"https:\/\/cmh.ens.fr\/en\/\",\"logo\":{\"@type\":\"ImageObject\",\"inLanguage\":\"en-US\",\"@id\":\"https:\/\/cmh.ens.fr\/en\/#\/schema\/logo\/image\/\",\"url\":\"https:\/\/www.cmh.ens.fr\/wp-content\/uploads\/siteon0.jpg\",\"contentUrl\":\"https:\/\/www.cmh.ens.fr\/wp-content\/uploads\/siteon0.jpg\",\"width\":86,\"height\":53,\"caption\":\"Centre Maurice Halbwachs\"},\"image\":{\"@id\":\"https:\/\/cmh.ens.fr\/en\/#\/schema\/logo\/image\/\"}}]}<\/script>\n<!-- \/ Yoast SEO plugin. -->","yoast_head_json":{"title":"CMH","robots":{"index":"index","follow":"follow","max-snippet":"max-snippet:-1","max-image-preview":"max-image-preview:large","max-video-preview":"max-video-preview:-1"},"canonical":"https:\/\/cmh.ens.fr\/en\/evenement\/repas-partages-et-cuisines-participatives\/","og_locale":"en_US","og_type":"article","og_title":"Repas partag\u00e9s et cuisines participatives - CMH","og_description":"Dans de nombreux pays, se d\u00e9veloppent des\u00a0\u00ab\u00a0cuisines participatives\u00a0\u00bb \u2014 cantines, cuisines ou restaurants qualifi\u00e9s de solidaires, populaires ou associatifs \u2014 qui agissent en marge des institutions publiques et des circuits marchands. Port\u00e9es par des collectifs citoyens, ces initiatives m\u00ealent action politique, sociale, \u00e9ducative et alimentaire en s\u2019appuyant sur la cuisine et la commensalit\u00e9 comme leviers [&hellip;]","og_url":"https:\/\/cmh.ens.fr\/en\/evenement\/repas-partages-et-cuisines-participatives\/","og_site_name":"CMH","article_modified_time":"2025-11-24T11:43:01+00:00","og_image":[{"width":793,"height":1123,"url":"https:\/\/cmh.ens.fr\/wp-content\/uploads\/programme_colloque_repas_partage__s_et_cuisines_participatives.jpg","type":"image\/jpeg"}],"twitter_card":"summary_large_image","twitter_misc":{"Est. reading time":"1 minute"},"schema":{"@context":"https:\/\/schema.org","@graph":[{"@type":"WebPage","@id":"https:\/\/cmh.ens.fr\/en\/evenement\/repas-partages-et-cuisines-participatives\/","url":"https:\/\/cmh.ens.fr\/en\/evenement\/repas-partages-et-cuisines-participatives\/","name":"Repas partag\u00e9s et cuisines participatives - CMH","isPartOf":{"@id":"https:\/\/cmh.ens.fr\/en\/#website"},"primaryImageOfPage":{"@id":"https:\/\/cmh.ens.fr\/en\/evenement\/repas-partages-et-cuisines-participatives\/#primaryimage"},"image":{"@id":"https:\/\/cmh.ens.fr\/en\/evenement\/repas-partages-et-cuisines-participatives\/#primaryimage"},"thumbnailUrl":"https:\/\/cmh.ens.fr\/wp-content\/uploads\/programme_colloque_repas_partage__s_et_cuisines_participatives.jpg","datePublished":"2025-10-13T09:44:25+00:00","dateModified":"2025-11-24T11:43:01+00:00","breadcrumb":{"@id":"https:\/\/cmh.ens.fr\/en\/evenement\/repas-partages-et-cuisines-participatives\/#breadcrumb"},"inLanguage":"en-US","potentialAction":[{"@type":"ReadAction","target":["https:\/\/cmh.ens.fr\/en\/evenement\/repas-partages-et-cuisines-participatives\/"]}]},{"@type":"ImageObject","inLanguage":"en-US","@id":"https:\/\/cmh.ens.fr\/en\/evenement\/repas-partages-et-cuisines-participatives\/#primaryimage","url":"https:\/\/cmh.ens.fr\/wp-content\/uploads\/programme_colloque_repas_partage__s_et_cuisines_participatives.jpg","contentUrl":"https:\/\/cmh.ens.fr\/wp-content\/uploads\/programme_colloque_repas_partage__s_et_cuisines_participatives.jpg","width":793,"height":1123},{"@type":"BreadcrumbList","@id":"https:\/\/cmh.ens.fr\/en\/evenement\/repas-partages-et-cuisines-participatives\/#breadcrumb","itemListElement":[{"@type":"ListItem","position":1,"name":"Accueil","item":"https:\/\/cmh.ens.fr\/"},{"@type":"ListItem","position":2,"name":"\u00c9v\u00e8nements","item":"https:\/\/cmh.ens.fr\/evenement\/"},{"@type":"ListItem","position":3,"name":"Repas partag\u00e9s et cuisines participatives"}]},{"@type":"WebSite","@id":"https:\/\/cmh.ens.fr\/en\/#website","url":"https:\/\/cmh.ens.fr\/en\/","name":"CMH","description":"Centre Maurice Halbwachs","publisher":{"@id":"https:\/\/cmh.ens.fr\/en\/#organization"},"potentialAction":[{"@type":"SearchAction","target":{"@type":"EntryPoint","urlTemplate":"https:\/\/cmh.ens.fr\/en\/?s={search_term_string}"},"query-input":{"@type":"PropertyValueSpecification","valueRequired":true,"valueName":"search_term_string"}}],"inLanguage":"en-US"},{"@type":"Organization","@id":"https:\/\/cmh.ens.fr\/en\/#organization","name":"Centre Maurice Halbwachs","url":"https:\/\/cmh.ens.fr\/en\/","logo":{"@type":"ImageObject","inLanguage":"en-US","@id":"https:\/\/cmh.ens.fr\/en\/#\/schema\/logo\/image\/","url":"https:\/\/www.cmh.ens.fr\/wp-content\/uploads\/siteon0.jpg","contentUrl":"https:\/\/www.cmh.ens.fr\/wp-content\/uploads\/siteon0.jpg","width":86,"height":53,"caption":"Centre Maurice Halbwachs"},"image":{"@id":"https:\/\/cmh.ens.fr\/en\/#\/schema\/logo\/image\/"}}]}},"_links":{"self":[{"href":"https:\/\/cmh.ens.fr\/en\/wp-json\/wp\/v2\/evenement\/16014"}],"collection":[{"href":"https:\/\/cmh.ens.fr\/en\/wp-json\/wp\/v2\/evenement"}],"about":[{"href":"https:\/\/cmh.ens.fr\/en\/wp-json\/wp\/v2\/types\/evenement"}],"version-history":[{"count":1,"href":"https:\/\/cmh.ens.fr\/en\/wp-json\/wp\/v2\/evenement\/16014\/revisions"}],"predecessor-version":[{"id":16016,"href":"https:\/\/cmh.ens.fr\/en\/wp-json\/wp\/v2\/evenement\/16014\/revisions\/16016"}],"wp:featuredmedia":[{"embeddable":true,"href":"https:\/\/cmh.ens.fr\/en\/wp-json\/wp\/v2\/media\/16017"}],"wp:attachment":[{"href":"https:\/\/cmh.ens.fr\/en\/wp-json\/wp\/v2\/media?parent=16014"}],"wp:term":[{"taxonomy":"typologies_evenement","embeddable":true,"href":"https:\/\/cmh.ens.fr\/en\/wp-json\/wp\/v2\/typologies_evenement?post=16014"}],"curies":[{"name":"wp","href":"https:\/\/api.w.org\/{rel}","templated":true}]}}

Repas partagés et cuisines participatives

<p>Dans de nombreux pays, se développent des « cuisines participatives » — cantines, cuisines ou restaurants qualifiés de solidaires, populaires ou associatifs — qui agissent en marge des institutions publiques et des circuits marchands. Portées par des collectifs citoyens, ces initiatives mêlent action politique, sociale, éducative et alimentaire en s’appuyant sur la cuisine et la commensalité comme leviers de mobilisation et de transformation sociale. Le colloque propose d’explorer la diversité de ces formes collectives de travail alimentaire, encore peu étudiées, situées entre la sphère domestique et la restauration professionnelle. Il s’agira d’analyser leurs modes d’organisation, les rapports entre travail gratuit et rémunéré, les finalités de la mutualisation ou de la participation au travail culinaire, ainsi que les effets sociaux et symboliques de cuisiner pour autrui. Ce rendez-vous scientifique vise à comparer ces expériences locales, leurs ancrages historiques ou innovants, et leurs articulations entre aide alimentaire, action sociale et dynamiques urbaines.</p>



<div data-wp-interactive="core/file" class="wp-block-file"><object data-wp-bind--hidden="!state.hasPdfPreview"  class="wp-block-file__embed" data="https://cmh.ens.fr/wp-content/uploads/programme_colloque_repas_partage__s_et_cuisines_participatives.pdf" type="application/pdf" style="width:100%;height:600px" aria-label="Embed of programme_colloque_repas_partage__s_et_cuisines_participatives."></object><a id="wp-block-file--media-04a64e14-530c-4b64-b137-37fe2778ca3c" href="https://cmh.ens.fr/wp-content/uploads/programme_colloque_repas_partage__s_et_cuisines_participatives.pdf">programme_colloque_repas_partage__s_et_cuisines_participatives</a><a href="https://cmh.ens.fr/wp-content/uploads/programme_colloque_repas_partage__s_et_cuisines_participatives.pdf" class="wp-block-file__button wp-element-button" download aria-describedby="wp-block-file--media-04a64e14-530c-4b64-b137-37fe2778ca3c">Download</a></div>

<!-- This site is optimized with the Yoast SEO plugin v25.6 - https://yoast.com/wordpress/plugins/seo/ -->
<title>CMH</title>
<meta name="robots" content="index, follow, max-snippet:-1, max-image-preview:large, max-video-preview:-1" />
<link rel="canonical" href="https://cmh.ens.fr/en/evenement/repas-partages-et-cuisines-participatives/" class="yoast-seo-meta-tag" />
<meta property="og:locale" content="en_US" class="yoast-seo-meta-tag" />
<meta property="og:type" content="article" class="yoast-seo-meta-tag" />
<meta property="og:title" content="Repas partagés et cuisines participatives - CMH" class="yoast-seo-meta-tag" />
<meta property="og:description" content="Dans de nombreux pays, se développent des « cuisines participatives » — cantines, cuisines ou restaurants qualifiés de solidaires, populaires ou associatifs — qui agissent en marge des institutions publiques et des circuits marchands. Portées par des collectifs citoyens, ces initiatives mêlent action politique, sociale, éducative et alimentaire en s’appuyant sur la cuisine et la commensalité comme leviers [&hellip;]" class="yoast-seo-meta-tag" />
<meta property="og:url" content="https://cmh.ens.fr/en/evenement/repas-partages-et-cuisines-participatives/" class="yoast-seo-meta-tag" />
<meta property="og:site_name" content="CMH" class="yoast-seo-meta-tag" />
<meta property="article:modified_time" content="2025-11-24T11:43:01+00:00" class="yoast-seo-meta-tag" />
<meta property="og:image" content="https://cmh.ens.fr/wp-content/uploads/programme_colloque_repas_partage__s_et_cuisines_participatives.jpg" class="yoast-seo-meta-tag" />
	<meta property="og:image:width" content="793" class="yoast-seo-meta-tag" />
	<meta property="og:image:height" content="1123" class="yoast-seo-meta-tag" />
	<meta property="og:image:type" content="image/jpeg" class="yoast-seo-meta-tag" />
<meta name="twitter:card" content="summary_large_image" class="yoast-seo-meta-tag" />
<meta name="twitter:label1" content="Est. reading time" class="yoast-seo-meta-tag" />
	<meta name="twitter:data1" content="1 minute" class="yoast-seo-meta-tag" />
<script type="application/ld+json" class="yoast-schema-graph">{"@context":"https://schema.org","@graph":[{"@type":"WebPage","@id":"https://cmh.ens.fr/en/evenement/repas-partages-et-cuisines-participatives/","url":"https://cmh.ens.fr/en/evenement/repas-partages-et-cuisines-participatives/","name":"Repas partagés et cuisines participatives - CMH","isPartOf":{"@id":"https://cmh.ens.fr/en/#website"},"primaryImageOfPage":{"@id":"https://cmh.ens.fr/en/evenement/repas-partages-et-cuisines-participatives/#primaryimage"},"image":{"@id":"https://cmh.ens.fr/en/evenement/repas-partages-et-cuisines-participatives/#primaryimage"},"thumbnailUrl":"https://cmh.ens.fr/wp-content/uploads/programme_colloque_repas_partage__s_et_cuisines_participatives.jpg","datePublished":"2025-10-13T09:44:25+00:00","dateModified":"2025-11-24T11:43:01+00:00","breadcrumb":{"@id":"https://cmh.ens.fr/en/evenement/repas-partages-et-cuisines-participatives/#breadcrumb"},"inLanguage":"en-US","potentialAction":[{"@type":"ReadAction","target":["https://cmh.ens.fr/en/evenement/repas-partages-et-cuisines-participatives/"]}]},{"@type":"ImageObject","inLanguage":"en-US","@id":"https://cmh.ens.fr/en/evenement/repas-partages-et-cuisines-participatives/#primaryimage","url":"https://cmh.ens.fr/wp-content/uploads/programme_colloque_repas_partage__s_et_cuisines_participatives.jpg","contentUrl":"https://cmh.ens.fr/wp-content/uploads/programme_colloque_repas_partage__s_et_cuisines_participatives.jpg","width":793,"height":1123},{"@type":"BreadcrumbList","@id":"https://cmh.ens.fr/en/evenement/repas-partages-et-cuisines-participatives/#breadcrumb","itemListElement":[{"@type":"ListItem","position":1,"name":"Accueil","item":"https://cmh.ens.fr/"},{"@type":"ListItem","position":2,"name":"Évènements","item":"https://cmh.ens.fr/evenement/"},{"@type":"ListItem","position":3,"name":"Repas partagés et cuisines participatives"}]},{"@type":"WebSite","@id":"https://cmh.ens.fr/en/#website","url":"https://cmh.ens.fr/en/","name":"CMH","description":"Centre Maurice Halbwachs","publisher":{"@id":"https://cmh.ens.fr/en/#organization"},"potentialAction":[{"@type":"SearchAction","target":{"@type":"EntryPoint","urlTemplate":"https://cmh.ens.fr/en/?s={search_term_string}"},"query-input":{"@type":"PropertyValueSpecification","valueRequired":true,"valueName":"search_term_string"}}],"inLanguage":"en-US"},{"@type":"Organization","@id":"https://cmh.ens.fr/en/#organization","name":"Centre Maurice Halbwachs","url":"https://cmh.ens.fr/en/","logo":{"@type":"ImageObject","inLanguage":"en-US","@id":"https://cmh.ens.fr/en/#/schema/logo/image/","url":"https://www.cmh.ens.fr/wp-content/uploads/siteon0.jpg","contentUrl":"https://www.cmh.ens.fr/wp-content/uploads/siteon0.jpg","width":86,"height":53,"caption":"Centre Maurice Halbwachs"},"image":{"@id":"https://cmh.ens.fr/en/#/schema/logo/image/"}}]}</script>
<!-- / Yoast SEO plugin. -->

Repas partagés et cuisines participatives - CMH

Dans de nombreux pays, se développent des « cuisines participatives » — cantines, cuisines ou restaurants qualifiés de solidaires, populaires ou associatifs — qui agissent en marge des institutions publiques et des circuits marchands. Portées par des collectifs citoyens, ces initiatives mêlent action politique, sociale, éducative et alimentaire en s’appuyant sur la cuisine et la commensalité comme leviers [&hellip;]

Évènements
