{"id":15656,"date":"2025-04-30T19:00:12","date_gmt":"2025-04-30T17:00:12","guid":{"rendered":"https:\/\/cmh.ens.fr\/?post_type=evenement&#038;p=15656"},"modified":"2025-04-30T19:00:13","modified_gmt":"2025-04-30T17:00:13","slug":"colloque-les-30-ans-du-mage-autour-des-travaux-de-margaret-maruani","status":"publish","type":"evenement","link":"https:\/\/cmh.ens.fr\/en\/evenement\/colloque-les-30-ans-du-mage-autour-des-travaux-de-margaret-maruani\/","title":{"rendered":"Colloque\u00a0Les 30 ans du MAGE autour des travaux de Margaret Maruani"},"content":{"rendered":"<p>Le MAGE a trente ans en 2025. Ce colloque est l\u2019occasion de revenir sur trois d\u00e9cennies de recherche dans le champ du genre au travail, en France et \u00e0 l\u2019\u00e9tranger, et de montrer la f\u00e9condit\u00e9 de l\u2019hypoth\u00e8se fondatrice du Mage\u00a0: le travail est au coeur des relations de genre et, \u00e0 l\u2019inverse, les logiques de genre sont indispensables \u00e0 la compr\u00e9hension du fonctionnement des activit\u00e9s laborieuses. Depuis trente ans, cette hypoth\u00e8se a \u00e9t\u00e9 mise \u00e0 l\u2019\u00e9preuve et aliment\u00e9e par des chercheurs et des chercheuses issu\u00b7es de g\u00e9n\u00e9rations et de disciplines diff\u00e9rentes (sociologie, \u00e9conomie, histoire, droit, anthropologie, sciences de l\u2019\u00e9ducation\u2026), dans des contextes nationaux vari\u00e9s. Ce colloque anniversaire a pour objectifs d\u2019esquisser un bilan des travaux men\u00e9s, mais aussi d\u2019ouvrir des pistes de recherche pour l\u2019avenir.<\/p>\n\n\n\n<p>Ce sera aussi l\u2019occasion de revenir sur les travaux majeurs de Margaret Maruani, pionni\u00e8re des \u00e9tudes de genre, fondatrice du MAGE et de la revue Travail, genre et soci\u00e9t\u00e9s. Elle est d\u00e9c\u00e9d\u00e9e le 4 ao\u00fbt 2022.<\/p>\n\n\n\n<p><a href=\"https:\/\/mage.u-paris.fr\/colloque-30-ans-du-mage-autour-des-travaux-de-margaret-maruani\/\">Programme<\/a><\/p>","protected":false},"featured_media":0,"template":"","typologies_evenement":[82],"class_list":["post-15656","evenement","type-evenement","status-publish","hentry","typologies_evenement-journees-detudes-et-colloques"],"acf":[],"yoast_head":"<!-- This site is optimized with the Yoast SEO plugin v25.6 - https:\/\/yoast.com\/wordpress\/plugins\/seo\/ -->\n<title>CMH<\/title>\n<meta name=\"robots\" content=\"index, follow, max-snippet:-1, max-image-preview:large, max-video-preview:-1\" \/>\n<link rel=\"canonical\" href=\"https:\/\/cmh.ens.fr\/en\/evenement\/colloque-les-30-ans-du-mage-autour-des-travaux-de-margaret-maruani\/\" class=\"yoast-seo-meta-tag\" \/>\n<meta property=\"og:locale\" content=\"en_US\" class=\"yoast-seo-meta-tag\" \/>\n<meta property=\"og:type\" content=\"article\" class=\"yoast-seo-meta-tag\" \/>\n<meta property=\"og:title\" content=\"Colloque\u00a0Les 30 ans du MAGE autour des travaux de Margaret Maruani - CMH\" class=\"yoast-seo-meta-tag\" \/>\n<meta property=\"og:description\" content=\"Le MAGE a trente ans en 2025. Ce colloque est l\u2019occasion de revenir sur trois d\u00e9cennies de recherche dans le champ du genre au travail, en France et \u00e0 l\u2019\u00e9tranger, et de montrer la f\u00e9condit\u00e9 de l\u2019hypoth\u00e8se fondatrice du Mage\u00a0: le travail est au coeur des relations de genre et, \u00e0 l\u2019inverse, les logiques de [&hellip;]\" class=\"yoast-seo-meta-tag\" \/>\n<meta property=\"og:url\" content=\"https:\/\/cmh.ens.fr\/en\/evenement\/colloque-les-30-ans-du-mage-autour-des-travaux-de-margaret-maruani\/\" class=\"yoast-seo-meta-tag\" \/>\n<meta property=\"og:site_name\" content=\"CMH\" class=\"yoast-seo-meta-tag\" \/>\n<meta property=\"article:modified_time\" content=\"2025-04-30T17:00:13+00:00\" class=\"yoast-seo-meta-tag\" \/>\n<meta name=\"twitter:card\" content=\"summary_large_image\" class=\"yoast-seo-meta-tag\" \/>\n<meta name=\"twitter:label1\" content=\"Est. reading time\" class=\"yoast-seo-meta-tag\" \/>\n\t<meta name=\"twitter:data1\" content=\"1 minute\" class=\"yoast-seo-meta-tag\" \/>\n<script type=\"application\/ld+json\" class=\"yoast-schema-graph\">{\"@context\":\"https:\/\/schema.org\",\"@graph\":[{\"@type\":\"WebPage\",\"@id\":\"https:\/\/cmh.ens.fr\/en\/evenement\/colloque-les-30-ans-du-mage-autour-des-travaux-de-margaret-maruani\/\",\"url\":\"https:\/\/cmh.ens.fr\/en\/evenement\/colloque-les-30-ans-du-mage-autour-des-travaux-de-margaret-maruani\/\",\"name\":\"Colloque\u00a0Les 30 ans du MAGE autour des travaux de Margaret Maruani - CMH\",\"isPartOf\":{\"@id\":\"https:\/\/cmh.ens.fr\/en\/#website\"},\"datePublished\":\"2025-04-30T17:00:12+00:00\",\"dateModified\":\"2025-04-30T17:00:13+00:00\",\"breadcrumb\":{\"@id\":\"https:\/\/cmh.ens.fr\/en\/evenement\/colloque-les-30-ans-du-mage-autour-des-travaux-de-margaret-maruani\/#breadcrumb\"},\"inLanguage\":\"en-US\",\"potentialAction\":[{\"@type\":\"ReadAction\",\"target\":[\"https:\/\/cmh.ens.fr\/en\/evenement\/colloque-les-30-ans-du-mage-autour-des-travaux-de-margaret-maruani\/\"]}]},{\"@type\":\"BreadcrumbList\",\"@id\":\"https:\/\/cmh.ens.fr\/en\/evenement\/colloque-les-30-ans-du-mage-autour-des-travaux-de-margaret-maruani\/#breadcrumb\",\"itemListElement\":[{\"@type\":\"ListItem\",\"position\":1,\"name\":\"Accueil\",\"item\":\"https:\/\/cmh.ens.fr\/\"},{\"@type\":\"ListItem\",\"position\":2,\"name\":\"\u00c9v\u00e8nements\",\"item\":\"https:\/\/cmh.ens.fr\/evenement\/\"},{\"@type\":\"ListItem\",\"position\":3,\"name\":\"Colloque\u00a0Les 30 ans du MAGE autour des travaux de Margaret Maruani\"}]},{\"@type\":\"WebSite\",\"@id\":\"https:\/\/cmh.ens.fr\/en\/#website\",\"url\":\"https:\/\/cmh.ens.fr\/en\/\",\"name\":\"CMH\",\"description\":\"Centre Maurice Halbwachs\",\"publisher\":{\"@id\":\"https:\/\/cmh.ens.fr\/en\/#organization\"},\"potentialAction\":[{\"@type\":\"SearchAction\",\"target\":{\"@type\":\"EntryPoint\",\"urlTemplate\":\"https:\/\/cmh.ens.fr\/en\/?s={search_term_string}\"},\"query-input\":{\"@type\":\"PropertyValueSpecification\",\"valueRequired\":true,\"valueName\":\"search_term_string\"}}],\"inLanguage\":\"en-US\"},{\"@type\":\"Organization\",\"@id\":\"https:\/\/cmh.ens.fr\/en\/#organization\",\"name\":\"Centre Maurice Halbwachs\",\"url\":\"https:\/\/cmh.ens.fr\/en\/\",\"logo\":{\"@type\":\"ImageObject\",\"inLanguage\":\"en-US\",\"@id\":\"https:\/\/cmh.ens.fr\/en\/#\/schema\/logo\/image\/\",\"url\":\"https:\/\/www.cmh.ens.fr\/wp-content\/uploads\/siteon0.jpg\",\"contentUrl\":\"https:\/\/www.cmh.ens.fr\/wp-content\/uploads\/siteon0.jpg\",\"width\":86,\"height\":53,\"caption\":\"Centre Maurice Halbwachs\"},\"image\":{\"@id\":\"https:\/\/cmh.ens.fr\/en\/#\/schema\/logo\/image\/\"}}]}<\/script>\n<!-- \/ Yoast SEO plugin. -->","yoast_head_json":{"title":"CMH","robots":{"index":"index","follow":"follow","max-snippet":"max-snippet:-1","max-image-preview":"max-image-preview:large","max-video-preview":"max-video-preview:-1"},"canonical":"https:\/\/cmh.ens.fr\/en\/evenement\/colloque-les-30-ans-du-mage-autour-des-travaux-de-margaret-maruani\/","og_locale":"en_US","og_type":"article","og_title":"Colloque\u00a0Les 30 ans du MAGE autour des travaux de Margaret Maruani - CMH","og_description":"Le MAGE a trente ans en 2025. Ce colloque est l\u2019occasion de revenir sur trois d\u00e9cennies de recherche dans le champ du genre au travail, en France et \u00e0 l\u2019\u00e9tranger, et de montrer la f\u00e9condit\u00e9 de l\u2019hypoth\u00e8se fondatrice du Mage\u00a0: le travail est au coeur des relations de genre et, \u00e0 l\u2019inverse, les logiques de [&hellip;]","og_url":"https:\/\/cmh.ens.fr\/en\/evenement\/colloque-les-30-ans-du-mage-autour-des-travaux-de-margaret-maruani\/","og_site_name":"CMH","article_modified_time":"2025-04-30T17:00:13+00:00","twitter_card":"summary_large_image","twitter_misc":{"Est. reading time":"1 minute"},"schema":{"@context":"https:\/\/schema.org","@graph":[{"@type":"WebPage","@id":"https:\/\/cmh.ens.fr\/en\/evenement\/colloque-les-30-ans-du-mage-autour-des-travaux-de-margaret-maruani\/","url":"https:\/\/cmh.ens.fr\/en\/evenement\/colloque-les-30-ans-du-mage-autour-des-travaux-de-margaret-maruani\/","name":"Colloque\u00a0Les 30 ans du MAGE autour des travaux de Margaret Maruani - CMH","isPartOf":{"@id":"https:\/\/cmh.ens.fr\/en\/#website"},"datePublished":"2025-04-30T17:00:12+00:00","dateModified":"2025-04-30T17:00:13+00:00","breadcrumb":{"@id":"https:\/\/cmh.ens.fr\/en\/evenement\/colloque-les-30-ans-du-mage-autour-des-travaux-de-margaret-maruani\/#breadcrumb"},"inLanguage":"en-US","potentialAction":[{"@type":"ReadAction","target":["https:\/\/cmh.ens.fr\/en\/evenement\/colloque-les-30-ans-du-mage-autour-des-travaux-de-margaret-maruani\/"]}]},{"@type":"BreadcrumbList","@id":"https:\/\/cmh.ens.fr\/en\/evenement\/colloque-les-30-ans-du-mage-autour-des-travaux-de-margaret-maruani\/#breadcrumb","itemListElement":[{"@type":"ListItem","position":1,"name":"Accueil","item":"https:\/\/cmh.ens.fr\/"},{"@type":"ListItem","position":2,"name":"\u00c9v\u00e8nements","item":"https:\/\/cmh.ens.fr\/evenement\/"},{"@type":"ListItem","position":3,"name":"Colloque\u00a0Les 30 ans du MAGE autour des travaux de Margaret Maruani"}]},{"@type":"WebSite","@id":"https:\/\/cmh.ens.fr\/en\/#website","url":"https:\/\/cmh.ens.fr\/en\/","name":"CMH","description":"Centre Maurice Halbwachs","publisher":{"@id":"https:\/\/cmh.ens.fr\/en\/#organization"},"potentialAction":[{"@type":"SearchAction","target":{"@type":"EntryPoint","urlTemplate":"https:\/\/cmh.ens.fr\/en\/?s={search_term_string}"},"query-input":{"@type":"PropertyValueSpecification","valueRequired":true,"valueName":"search_term_string"}}],"inLanguage":"en-US"},{"@type":"Organization","@id":"https:\/\/cmh.ens.fr\/en\/#organization","name":"Centre Maurice Halbwachs","url":"https:\/\/cmh.ens.fr\/en\/","logo":{"@type":"ImageObject","inLanguage":"en-US","@id":"https:\/\/cmh.ens.fr\/en\/#\/schema\/logo\/image\/","url":"https:\/\/www.cmh.ens.fr\/wp-content\/uploads\/siteon0.jpg","contentUrl":"https:\/\/www.cmh.ens.fr\/wp-content\/uploads\/siteon0.jpg","width":86,"height":53,"caption":"Centre Maurice Halbwachs"},"image":{"@id":"https:\/\/cmh.ens.fr\/en\/#\/schema\/logo\/image\/"}}]}},"_links":{"self":[{"href":"https:\/\/cmh.ens.fr\/en\/wp-json\/wp\/v2\/evenement\/15656"}],"collection":[{"href":"https:\/\/cmh.ens.fr\/en\/wp-json\/wp\/v2\/evenement"}],"about":[{"href":"https:\/\/cmh.ens.fr\/en\/wp-json\/wp\/v2\/types\/evenement"}],"version-history":[{"count":1,"href":"https:\/\/cmh.ens.fr\/en\/wp-json\/wp\/v2\/evenement\/15656\/revisions"}],"predecessor-version":[{"id":15657,"href":"https:\/\/cmh.ens.fr\/en\/wp-json\/wp\/v2\/evenement\/15656\/revisions\/15657"}],"wp:attachment":[{"href":"https:\/\/cmh.ens.fr\/en\/wp-json\/wp\/v2\/media?parent=15656"}],"wp:term":[{"taxonomy":"typologies_evenement","embeddable":true,"href":"https:\/\/cmh.ens.fr\/en\/wp-json\/wp\/v2\/typologies_evenement?post=15656"}],"curies":[{"name":"wp","href":"https:\/\/api.w.org\/{rel}","templated":true}]}}

<p>Le MAGE a trente ans en 2025. Ce colloque est l’occasion de revenir sur trois décennies de recherche dans le champ du genre au travail, en France et à l’étranger, et de montrer la fécondité de l’hypothèse fondatrice du Mage : le travail est au coeur des relations de genre et, à l’inverse, les logiques de genre sont indispensables à la compréhension du fonctionnement des activités laborieuses. Depuis trente ans, cette hypothèse a été mise à l’épreuve et alimentée par des chercheurs et des chercheuses issu·es de générations et de disciplines différentes (sociologie, économie, histoire, droit, anthropologie, sciences de l’éducation…), dans des contextes nationaux variés. Ce colloque anniversaire a pour objectifs d’esquisser un bilan des travaux menés, mais aussi d’ouvrir des pistes de recherche pour l’avenir.</p>



<p>Ce sera aussi l’occasion de revenir sur les travaux majeurs de Margaret Maruani, pionnière des études de genre, fondatrice du MAGE et de la revue Travail, genre et sociétés. Elle est décédée le 4 août 2022.</p>



<p><a href="https://mage.u-paris.fr/colloque-30-ans-du-mage-autour-des-travaux-de-margaret-maruani/">Programme</a></p>

<!-- This site is optimized with the Yoast SEO plugin v25.6 - https://yoast.com/wordpress/plugins/seo/ -->
<title>CMH</title>
<meta name="robots" content="index, follow, max-snippet:-1, max-image-preview:large, max-video-preview:-1" />
<link rel="canonical" href="https://cmh.ens.fr/en/evenement/colloque-les-30-ans-du-mage-autour-des-travaux-de-margaret-maruani/" class="yoast-seo-meta-tag" />
<meta property="og:locale" content="en_US" class="yoast-seo-meta-tag" />
<meta property="og:type" content="article" class="yoast-seo-meta-tag" />
<meta property="og:title" content="Colloque Les 30 ans du MAGE autour des travaux de Margaret Maruani - CMH" class="yoast-seo-meta-tag" />
<meta property="og:description" content="Le MAGE a trente ans en 2025. Ce colloque est l’occasion de revenir sur trois décennies de recherche dans le champ du genre au travail, en France et à l’étranger, et de montrer la fécondité de l’hypothèse fondatrice du Mage : le travail est au coeur des relations de genre et, à l’inverse, les logiques de [&hellip;]" class="yoast-seo-meta-tag" />
<meta property="og:url" content="https://cmh.ens.fr/en/evenement/colloque-les-30-ans-du-mage-autour-des-travaux-de-margaret-maruani/" class="yoast-seo-meta-tag" />
<meta property="og:site_name" content="CMH" class="yoast-seo-meta-tag" />
<meta property="article:modified_time" content="2025-04-30T17:00:13+00:00" class="yoast-seo-meta-tag" />
<meta name="twitter:card" content="summary_large_image" class="yoast-seo-meta-tag" />
<meta name="twitter:label1" content="Est. reading time" class="yoast-seo-meta-tag" />
	<meta name="twitter:data1" content="1 minute" class="yoast-seo-meta-tag" />
<script type="application/ld+json" class="yoast-schema-graph">{"@context":"https://schema.org","@graph":[{"@type":"WebPage","@id":"https://cmh.ens.fr/en/evenement/colloque-les-30-ans-du-mage-autour-des-travaux-de-margaret-maruani/","url":"https://cmh.ens.fr/en/evenement/colloque-les-30-ans-du-mage-autour-des-travaux-de-margaret-maruani/","name":"Colloque Les 30 ans du MAGE autour des travaux de Margaret Maruani - CMH","isPartOf":{"@id":"https://cmh.ens.fr/en/#website"},"datePublished":"2025-04-30T17:00:12+00:00","dateModified":"2025-04-30T17:00:13+00:00","breadcrumb":{"@id":"https://cmh.ens.fr/en/evenement/colloque-les-30-ans-du-mage-autour-des-travaux-de-margaret-maruani/#breadcrumb"},"inLanguage":"en-US","potentialAction":[{"@type":"ReadAction","target":["https://cmh.ens.fr/en/evenement/colloque-les-30-ans-du-mage-autour-des-travaux-de-margaret-maruani/"]}]},{"@type":"BreadcrumbList","@id":"https://cmh.ens.fr/en/evenement/colloque-les-30-ans-du-mage-autour-des-travaux-de-margaret-maruani/#breadcrumb","itemListElement":[{"@type":"ListItem","position":1,"name":"Accueil","item":"https://cmh.ens.fr/"},{"@type":"ListItem","position":2,"name":"Évènements","item":"https://cmh.ens.fr/evenement/"},{"@type":"ListItem","position":3,"name":"Colloque Les 30 ans du MAGE autour des travaux de Margaret Maruani"}]},{"@type":"WebSite","@id":"https://cmh.ens.fr/en/#website","url":"https://cmh.ens.fr/en/","name":"CMH","description":"Centre Maurice Halbwachs","publisher":{"@id":"https://cmh.ens.fr/en/#organization"},"potentialAction":[{"@type":"SearchAction","target":{"@type":"EntryPoint","urlTemplate":"https://cmh.ens.fr/en/?s={search_term_string}"},"query-input":{"@type":"PropertyValueSpecification","valueRequired":true,"valueName":"search_term_string"}}],"inLanguage":"en-US"},{"@type":"Organization","@id":"https://cmh.ens.fr/en/#organization","name":"Centre Maurice Halbwachs","url":"https://cmh.ens.fr/en/","logo":{"@type":"ImageObject","inLanguage":"en-US","@id":"https://cmh.ens.fr/en/#/schema/logo/image/","url":"https://www.cmh.ens.fr/wp-content/uploads/siteon0.jpg","contentUrl":"https://www.cmh.ens.fr/wp-content/uploads/siteon0.jpg","width":86,"height":53,"caption":"Centre Maurice Halbwachs"},"image":{"@id":"https://cmh.ens.fr/en/#/schema/logo/image/"}}]}</script>
<!-- / Yoast SEO plugin. -->

Le MAGE a trente ans en 2025. Ce colloque est l’occasion de revenir sur trois décennies de recherche dans le champ du genre au travail, en France et à l’étranger, et de montrer la fécondité de l’hypothèse fondatrice du Mage : le travail est au coeur des relations de genre et, à l’inverse, les logiques de [&hellip;]

Évènements
