{"id":14849,"date":"2024-09-16T14:22:00","date_gmt":"2024-09-16T12:22:00","guid":{"rendered":"https:\/\/www.cmh.ens.fr\/?post_type=evenement&#038;p=14849"},"modified":"2025-01-06T11:30:39","modified_gmt":"2025-01-06T10:30:39","slug":"deformations-professionnelles-le-travail-comme-institution-socialisatrice-comprendre-la-transformation-des-employes-de-lhotellerie-de-luxe","status":"publish","type":"evenement","link":"https:\/\/cmh.ens.fr\/en\/evenement\/deformations-professionnelles-le-travail-comme-institution-socialisatrice-comprendre-la-transformation-des-employes-de-lhotellerie-de-luxe\/","title":{"rendered":"D\u00e9formations professionnelles. Le travail comme institution socialisatrice\u00a0: comprendre la transformation des employ\u00e9s de l\u2019h\u00f4tellerie de luxe"},"content":{"rendered":"<p>Am\u00e9lie Beaumont (charg\u00e9e de recherche au CNRS, CMH) pr\u00e9sentera son travail de th\u00e8se <em>D\u00e9formations professionnelles. Le travail comme institution socialisatrice\u00a0: comprendre la transformation des employ\u00e9s de l\u2019h\u00f4tellerie de luxe<\/em>. Th\u00e8se Paris 8, 2021<\/p>","protected":false},"featured_media":0,"template":"","typologies_evenement":[66],"class_list":["post-14849","evenement","type-evenement","status-publish","hentry","typologies_evenement-seminaire-du-cmh"],"acf":[],"yoast_head":"<!-- This site is optimized with the Yoast SEO plugin v25.6 - https:\/\/yoast.com\/wordpress\/plugins\/seo\/ -->\n<title>CMH<\/title>\n<meta name=\"robots\" content=\"index, follow, max-snippet:-1, max-image-preview:large, max-video-preview:-1\" \/>\n<link rel=\"canonical\" href=\"https:\/\/cmh.ens.fr\/en\/evenement\/deformations-professionnelles-le-travail-comme-institution-socialisatrice-comprendre-la-transformation-des-employes-de-lhotellerie-de-luxe\/\" class=\"yoast-seo-meta-tag\" \/>\n<meta property=\"og:locale\" content=\"en_US\" class=\"yoast-seo-meta-tag\" \/>\n<meta property=\"og:type\" content=\"article\" class=\"yoast-seo-meta-tag\" \/>\n<meta property=\"og:title\" content=\"D\u00e9formations professionnelles. Le travail comme institution socialisatrice : comprendre la transformation des employ\u00e9s de l\u2019h\u00f4tellerie de luxe - CMH\" class=\"yoast-seo-meta-tag\" \/>\n<meta property=\"og:description\" content=\"Am\u00e9lie Beaumont (charg\u00e9e de recherche au CNRS, CMH) pr\u00e9sentera son travail de th\u00e8se D\u00e9formations professionnelles. Le travail comme institution socialisatrice\u00a0: comprendre la transformation des employ\u00e9s de l\u2019h\u00f4tellerie de luxe. Th\u00e8se Paris 8, 2021\" class=\"yoast-seo-meta-tag\" \/>\n<meta property=\"og:url\" content=\"https:\/\/cmh.ens.fr\/en\/evenement\/deformations-professionnelles-le-travail-comme-institution-socialisatrice-comprendre-la-transformation-des-employes-de-lhotellerie-de-luxe\/\" class=\"yoast-seo-meta-tag\" \/>\n<meta property=\"og:site_name\" content=\"CMH\" class=\"yoast-seo-meta-tag\" \/>\n<meta property=\"article:modified_time\" content=\"2025-01-06T10:30:39+00:00\" class=\"yoast-seo-meta-tag\" \/>\n<meta name=\"twitter:card\" content=\"summary_large_image\" class=\"yoast-seo-meta-tag\" \/>\n<script type=\"application\/ld+json\" class=\"yoast-schema-graph\">{\"@context\":\"https:\/\/schema.org\",\"@graph\":[{\"@type\":\"WebPage\",\"@id\":\"https:\/\/cmh.ens.fr\/en\/evenement\/deformations-professionnelles-le-travail-comme-institution-socialisatrice-comprendre-la-transformation-des-employes-de-lhotellerie-de-luxe\/\",\"url\":\"https:\/\/cmh.ens.fr\/en\/evenement\/deformations-professionnelles-le-travail-comme-institution-socialisatrice-comprendre-la-transformation-des-employes-de-lhotellerie-de-luxe\/\",\"name\":\"D\u00e9formations professionnelles. Le travail comme institution socialisatrice : comprendre la transformation des employ\u00e9s de l\u2019h\u00f4tellerie de luxe - CMH\",\"isPartOf\":{\"@id\":\"https:\/\/cmh.ens.fr\/en\/#website\"},\"datePublished\":\"2024-09-16T12:22:00+00:00\",\"dateModified\":\"2025-01-06T10:30:39+00:00\",\"breadcrumb\":{\"@id\":\"https:\/\/cmh.ens.fr\/en\/evenement\/deformations-professionnelles-le-travail-comme-institution-socialisatrice-comprendre-la-transformation-des-employes-de-lhotellerie-de-luxe\/#breadcrumb\"},\"inLanguage\":\"en-US\",\"potentialAction\":[{\"@type\":\"ReadAction\",\"target\":[\"https:\/\/cmh.ens.fr\/en\/evenement\/deformations-professionnelles-le-travail-comme-institution-socialisatrice-comprendre-la-transformation-des-employes-de-lhotellerie-de-luxe\/\"]}]},{\"@type\":\"BreadcrumbList\",\"@id\":\"https:\/\/cmh.ens.fr\/en\/evenement\/deformations-professionnelles-le-travail-comme-institution-socialisatrice-comprendre-la-transformation-des-employes-de-lhotellerie-de-luxe\/#breadcrumb\",\"itemListElement\":[{\"@type\":\"ListItem\",\"position\":1,\"name\":\"Accueil\",\"item\":\"https:\/\/cmh.ens.fr\/\"},{\"@type\":\"ListItem\",\"position\":2,\"name\":\"\u00c9v\u00e8nements\",\"item\":\"https:\/\/cmh.ens.fr\/evenement\/\"},{\"@type\":\"ListItem\",\"position\":3,\"name\":\"D\u00e9formations professionnelles. Le travail comme institution socialisatrice\u00a0: comprendre la transformation des employ\u00e9s de l\u2019h\u00f4tellerie de luxe\"}]},{\"@type\":\"WebSite\",\"@id\":\"https:\/\/cmh.ens.fr\/en\/#website\",\"url\":\"https:\/\/cmh.ens.fr\/en\/\",\"name\":\"CMH\",\"description\":\"Centre Maurice Halbwachs\",\"publisher\":{\"@id\":\"https:\/\/cmh.ens.fr\/en\/#organization\"},\"potentialAction\":[{\"@type\":\"SearchAction\",\"target\":{\"@type\":\"EntryPoint\",\"urlTemplate\":\"https:\/\/cmh.ens.fr\/en\/?s={search_term_string}\"},\"query-input\":{\"@type\":\"PropertyValueSpecification\",\"valueRequired\":true,\"valueName\":\"search_term_string\"}}],\"inLanguage\":\"en-US\"},{\"@type\":\"Organization\",\"@id\":\"https:\/\/cmh.ens.fr\/en\/#organization\",\"name\":\"Centre Maurice Halbwachs\",\"url\":\"https:\/\/cmh.ens.fr\/en\/\",\"logo\":{\"@type\":\"ImageObject\",\"inLanguage\":\"en-US\",\"@id\":\"https:\/\/cmh.ens.fr\/en\/#\/schema\/logo\/image\/\",\"url\":\"https:\/\/www.cmh.ens.fr\/wp-content\/uploads\/siteon0.jpg\",\"contentUrl\":\"https:\/\/www.cmh.ens.fr\/wp-content\/uploads\/siteon0.jpg\",\"width\":86,\"height\":53,\"caption\":\"Centre Maurice Halbwachs\"},\"image\":{\"@id\":\"https:\/\/cmh.ens.fr\/en\/#\/schema\/logo\/image\/\"}}]}<\/script>\n<!-- \/ Yoast SEO plugin. -->","yoast_head_json":{"title":"CMH","robots":{"index":"index","follow":"follow","max-snippet":"max-snippet:-1","max-image-preview":"max-image-preview:large","max-video-preview":"max-video-preview:-1"},"canonical":"https:\/\/cmh.ens.fr\/en\/evenement\/deformations-professionnelles-le-travail-comme-institution-socialisatrice-comprendre-la-transformation-des-employes-de-lhotellerie-de-luxe\/","og_locale":"en_US","og_type":"article","og_title":"D\u00e9formations professionnelles. Le travail comme institution socialisatrice : comprendre la transformation des employ\u00e9s de l\u2019h\u00f4tellerie de luxe - CMH","og_description":"Am\u00e9lie Beaumont (charg\u00e9e de recherche au CNRS, CMH) pr\u00e9sentera son travail de th\u00e8se D\u00e9formations professionnelles. Le travail comme institution socialisatrice\u00a0: comprendre la transformation des employ\u00e9s de l\u2019h\u00f4tellerie de luxe. Th\u00e8se Paris 8, 2021","og_url":"https:\/\/cmh.ens.fr\/en\/evenement\/deformations-professionnelles-le-travail-comme-institution-socialisatrice-comprendre-la-transformation-des-employes-de-lhotellerie-de-luxe\/","og_site_name":"CMH","article_modified_time":"2025-01-06T10:30:39+00:00","twitter_card":"summary_large_image","schema":{"@context":"https:\/\/schema.org","@graph":[{"@type":"WebPage","@id":"https:\/\/cmh.ens.fr\/en\/evenement\/deformations-professionnelles-le-travail-comme-institution-socialisatrice-comprendre-la-transformation-des-employes-de-lhotellerie-de-luxe\/","url":"https:\/\/cmh.ens.fr\/en\/evenement\/deformations-professionnelles-le-travail-comme-institution-socialisatrice-comprendre-la-transformation-des-employes-de-lhotellerie-de-luxe\/","name":"D\u00e9formations professionnelles. Le travail comme institution socialisatrice : comprendre la transformation des employ\u00e9s de l\u2019h\u00f4tellerie de luxe - CMH","isPartOf":{"@id":"https:\/\/cmh.ens.fr\/en\/#website"},"datePublished":"2024-09-16T12:22:00+00:00","dateModified":"2025-01-06T10:30:39+00:00","breadcrumb":{"@id":"https:\/\/cmh.ens.fr\/en\/evenement\/deformations-professionnelles-le-travail-comme-institution-socialisatrice-comprendre-la-transformation-des-employes-de-lhotellerie-de-luxe\/#breadcrumb"},"inLanguage":"en-US","potentialAction":[{"@type":"ReadAction","target":["https:\/\/cmh.ens.fr\/en\/evenement\/deformations-professionnelles-le-travail-comme-institution-socialisatrice-comprendre-la-transformation-des-employes-de-lhotellerie-de-luxe\/"]}]},{"@type":"BreadcrumbList","@id":"https:\/\/cmh.ens.fr\/en\/evenement\/deformations-professionnelles-le-travail-comme-institution-socialisatrice-comprendre-la-transformation-des-employes-de-lhotellerie-de-luxe\/#breadcrumb","itemListElement":[{"@type":"ListItem","position":1,"name":"Accueil","item":"https:\/\/cmh.ens.fr\/"},{"@type":"ListItem","position":2,"name":"\u00c9v\u00e8nements","item":"https:\/\/cmh.ens.fr\/evenement\/"},{"@type":"ListItem","position":3,"name":"D\u00e9formations professionnelles. Le travail comme institution socialisatrice\u00a0: comprendre la transformation des employ\u00e9s de l\u2019h\u00f4tellerie de luxe"}]},{"@type":"WebSite","@id":"https:\/\/cmh.ens.fr\/en\/#website","url":"https:\/\/cmh.ens.fr\/en\/","name":"CMH","description":"Centre Maurice Halbwachs","publisher":{"@id":"https:\/\/cmh.ens.fr\/en\/#organization"},"potentialAction":[{"@type":"SearchAction","target":{"@type":"EntryPoint","urlTemplate":"https:\/\/cmh.ens.fr\/en\/?s={search_term_string}"},"query-input":{"@type":"PropertyValueSpecification","valueRequired":true,"valueName":"search_term_string"}}],"inLanguage":"en-US"},{"@type":"Organization","@id":"https:\/\/cmh.ens.fr\/en\/#organization","name":"Centre Maurice Halbwachs","url":"https:\/\/cmh.ens.fr\/en\/","logo":{"@type":"ImageObject","inLanguage":"en-US","@id":"https:\/\/cmh.ens.fr\/en\/#\/schema\/logo\/image\/","url":"https:\/\/www.cmh.ens.fr\/wp-content\/uploads\/siteon0.jpg","contentUrl":"https:\/\/www.cmh.ens.fr\/wp-content\/uploads\/siteon0.jpg","width":86,"height":53,"caption":"Centre Maurice Halbwachs"},"image":{"@id":"https:\/\/cmh.ens.fr\/en\/#\/schema\/logo\/image\/"}}]}},"_links":{"self":[{"href":"https:\/\/cmh.ens.fr\/en\/wp-json\/wp\/v2\/evenement\/14849"}],"collection":[{"href":"https:\/\/cmh.ens.fr\/en\/wp-json\/wp\/v2\/evenement"}],"about":[{"href":"https:\/\/cmh.ens.fr\/en\/wp-json\/wp\/v2\/types\/evenement"}],"version-history":[{"count":2,"href":"https:\/\/cmh.ens.fr\/en\/wp-json\/wp\/v2\/evenement\/14849\/revisions"}],"predecessor-version":[{"id":15314,"href":"https:\/\/cmh.ens.fr\/en\/wp-json\/wp\/v2\/evenement\/14849\/revisions\/15314"}],"wp:attachment":[{"href":"https:\/\/cmh.ens.fr\/en\/wp-json\/wp\/v2\/media?parent=14849"}],"wp:term":[{"taxonomy":"typologies_evenement","embeddable":true,"href":"https:\/\/cmh.ens.fr\/en\/wp-json\/wp\/v2\/typologies_evenement?post=14849"}],"curies":[{"name":"wp","href":"https:\/\/api.w.org\/{rel}","templated":true}]}}

Déformations professionnelles. Le travail comme institution socialisatrice : comprendre la transformation des employés de l’hôtellerie de luxe

<p>Amélie Beaumont (chargée de recherche au CNRS, CMH) présentera son travail de thèse <em>Déformations professionnelles. Le travail comme institution socialisatrice : comprendre la transformation des employés de l’hôtellerie de luxe</em>. Thèse Paris 8, 2021</p>

<!-- This site is optimized with the Yoast SEO plugin v25.6 - https://yoast.com/wordpress/plugins/seo/ -->
<title>CMH</title>
<meta name="robots" content="index, follow, max-snippet:-1, max-image-preview:large, max-video-preview:-1" />
<link rel="canonical" href="https://cmh.ens.fr/en/evenement/deformations-professionnelles-le-travail-comme-institution-socialisatrice-comprendre-la-transformation-des-employes-de-lhotellerie-de-luxe/" class="yoast-seo-meta-tag" />
<meta property="og:locale" content="en_US" class="yoast-seo-meta-tag" />
<meta property="og:type" content="article" class="yoast-seo-meta-tag" />
<meta property="og:title" content="Déformations professionnelles. Le travail comme institution socialisatrice : comprendre la transformation des employés de l’hôtellerie de luxe - CMH" class="yoast-seo-meta-tag" />
<meta property="og:description" content="Amélie Beaumont (chargée de recherche au CNRS, CMH) présentera son travail de thèse Déformations professionnelles. Le travail comme institution socialisatrice : comprendre la transformation des employés de l’hôtellerie de luxe. Thèse Paris 8, 2021" class="yoast-seo-meta-tag" />
<meta property="og:url" content="https://cmh.ens.fr/en/evenement/deformations-professionnelles-le-travail-comme-institution-socialisatrice-comprendre-la-transformation-des-employes-de-lhotellerie-de-luxe/" class="yoast-seo-meta-tag" />
<meta property="og:site_name" content="CMH" class="yoast-seo-meta-tag" />
<meta property="article:modified_time" content="2025-01-06T10:30:39+00:00" class="yoast-seo-meta-tag" />
<meta name="twitter:card" content="summary_large_image" class="yoast-seo-meta-tag" />
<script type="application/ld+json" class="yoast-schema-graph">{"@context":"https://schema.org","@graph":[{"@type":"WebPage","@id":"https://cmh.ens.fr/en/evenement/deformations-professionnelles-le-travail-comme-institution-socialisatrice-comprendre-la-transformation-des-employes-de-lhotellerie-de-luxe/","url":"https://cmh.ens.fr/en/evenement/deformations-professionnelles-le-travail-comme-institution-socialisatrice-comprendre-la-transformation-des-employes-de-lhotellerie-de-luxe/","name":"Déformations professionnelles. Le travail comme institution socialisatrice : comprendre la transformation des employés de l’hôtellerie de luxe - CMH","isPartOf":{"@id":"https://cmh.ens.fr/en/#website"},"datePublished":"2024-09-16T12:22:00+00:00","dateModified":"2025-01-06T10:30:39+00:00","breadcrumb":{"@id":"https://cmh.ens.fr/en/evenement/deformations-professionnelles-le-travail-comme-institution-socialisatrice-comprendre-la-transformation-des-employes-de-lhotellerie-de-luxe/#breadcrumb"},"inLanguage":"en-US","potentialAction":[{"@type":"ReadAction","target":["https://cmh.ens.fr/en/evenement/deformations-professionnelles-le-travail-comme-institution-socialisatrice-comprendre-la-transformation-des-employes-de-lhotellerie-de-luxe/"]}]},{"@type":"BreadcrumbList","@id":"https://cmh.ens.fr/en/evenement/deformations-professionnelles-le-travail-comme-institution-socialisatrice-comprendre-la-transformation-des-employes-de-lhotellerie-de-luxe/#breadcrumb","itemListElement":[{"@type":"ListItem","position":1,"name":"Accueil","item":"https://cmh.ens.fr/"},{"@type":"ListItem","position":2,"name":"Évènements","item":"https://cmh.ens.fr/evenement/"},{"@type":"ListItem","position":3,"name":"Déformations professionnelles. Le travail comme institution socialisatrice : comprendre la transformation des employés de l’hôtellerie de luxe"}]},{"@type":"WebSite","@id":"https://cmh.ens.fr/en/#website","url":"https://cmh.ens.fr/en/","name":"CMH","description":"Centre Maurice Halbwachs","publisher":{"@id":"https://cmh.ens.fr/en/#organization"},"potentialAction":[{"@type":"SearchAction","target":{"@type":"EntryPoint","urlTemplate":"https://cmh.ens.fr/en/?s={search_term_string}"},"query-input":{"@type":"PropertyValueSpecification","valueRequired":true,"valueName":"search_term_string"}}],"inLanguage":"en-US"},{"@type":"Organization","@id":"https://cmh.ens.fr/en/#organization","name":"Centre Maurice Halbwachs","url":"https://cmh.ens.fr/en/","logo":{"@type":"ImageObject","inLanguage":"en-US","@id":"https://cmh.ens.fr/en/#/schema/logo/image/","url":"https://www.cmh.ens.fr/wp-content/uploads/siteon0.jpg","contentUrl":"https://www.cmh.ens.fr/wp-content/uploads/siteon0.jpg","width":86,"height":53,"caption":"Centre Maurice Halbwachs"},"image":{"@id":"https://cmh.ens.fr/en/#/schema/logo/image/"}}]}</script>
<!-- / Yoast SEO plugin. -->

Déformations professionnelles. Le travail comme institution socialisatrice : comprendre la transformation des employés de l’hôtellerie de luxe - CMH

Amélie Beaumont (chargée de recherche au CNRS, CMH) présentera son travail de thèse Déformations professionnelles. Le travail comme institution socialisatrice : comprendre la transformation des employés de l’hôtellerie de luxe. Thèse Paris 8, 2021

Évènements
