{"id":14832,"date":"2024-09-16T11:23:12","date_gmt":"2024-09-16T09:23:12","guid":{"rendered":"https:\/\/www.cmh.ens.fr\/?post_type=evenement&#038;p=14832"},"modified":"2025-03-04T16:29:44","modified_gmt":"2025-03-04T15:29:44","slug":"les-nouveaux-visages-de-lapprentissage","status":"publish","type":"evenement","link":"https:\/\/cmh.ens.fr\/en\/evenement\/les-nouveaux-visages-de-lapprentissage\/","title":{"rendered":"Travail, formation et apprentissage"},"content":{"rendered":"<p><strong>Arnaud Pierrel<\/strong>, IDHE.S UMR 8533, Nanterre Universit\u00e9, \u00ab\u00a0Les apprentis ing\u00e9nieurs\u00a0: des ing\u00e9nieurs et des apprentis comme les autres\u00a0?\u00a0\u00bb<\/p>\n\n\n\n<p>et <strong>Elsa Laneyrie<\/strong>, Universit\u00e9 Lyon-2-GRePS, \u00ab\u00a0Former les cuisiniers de demain\u00a0: de nouveaux d\u00e9fis \u00e0 appr\u00e9hender pour les enseignant.es et les \u00e9tudiant.es\u00a0\u00bb.<\/p>\n\n\n\n<p><\/p>","protected":false},"featured_media":0,"template":"","typologies_evenement":[68],"class_list":["post-14832","evenement","type-evenement","status-publish","hentry","typologies_evenement-seminaires-daxes"],"acf":[],"yoast_head":"<!-- This site is optimized with the Yoast SEO plugin v25.6 - https:\/\/yoast.com\/wordpress\/plugins\/seo\/ -->\n<title>CMH<\/title>\n<meta name=\"robots\" content=\"index, follow, max-snippet:-1, max-image-preview:large, max-video-preview:-1\" \/>\n<link rel=\"canonical\" href=\"https:\/\/cmh.ens.fr\/en\/evenement\/les-nouveaux-visages-de-lapprentissage\/\" class=\"yoast-seo-meta-tag\" \/>\n<meta property=\"og:locale\" content=\"en_US\" class=\"yoast-seo-meta-tag\" \/>\n<meta property=\"og:type\" content=\"article\" class=\"yoast-seo-meta-tag\" \/>\n<meta property=\"og:title\" content=\"Travail, formation et apprentissage - CMH\" class=\"yoast-seo-meta-tag\" \/>\n<meta property=\"og:description\" content=\"Arnaud Pierrel, IDHE.S UMR 8533, Nanterre Universit\u00e9, \u00ab\u00a0Les apprentis ing\u00e9nieurs\u00a0: des ing\u00e9nieurs et des apprentis comme les autres\u00a0?\u00a0\u00bb et Elsa Laneyrie, Universit\u00e9 Lyon-2-GRePS, \u00ab\u00a0Former les cuisiniers de demain\u00a0: de nouveaux d\u00e9fis \u00e0 appr\u00e9hender pour les enseignant.es et les \u00e9tudiant.es\u00a0\u00bb.\" class=\"yoast-seo-meta-tag\" \/>\n<meta property=\"og:url\" content=\"https:\/\/cmh.ens.fr\/en\/evenement\/les-nouveaux-visages-de-lapprentissage\/\" class=\"yoast-seo-meta-tag\" \/>\n<meta property=\"og:site_name\" content=\"CMH\" class=\"yoast-seo-meta-tag\" \/>\n<meta property=\"article:modified_time\" content=\"2025-03-04T15:29:44+00:00\" class=\"yoast-seo-meta-tag\" \/>\n<meta name=\"twitter:card\" content=\"summary_large_image\" class=\"yoast-seo-meta-tag\" \/>\n<script type=\"application\/ld+json\" class=\"yoast-schema-graph\">{\"@context\":\"https:\/\/schema.org\",\"@graph\":[{\"@type\":\"WebPage\",\"@id\":\"https:\/\/cmh.ens.fr\/en\/evenement\/les-nouveaux-visages-de-lapprentissage\/\",\"url\":\"https:\/\/cmh.ens.fr\/en\/evenement\/les-nouveaux-visages-de-lapprentissage\/\",\"name\":\"Travail, formation et apprentissage - CMH\",\"isPartOf\":{\"@id\":\"https:\/\/cmh.ens.fr\/en\/#website\"},\"datePublished\":\"2024-09-16T09:23:12+00:00\",\"dateModified\":\"2025-03-04T15:29:44+00:00\",\"breadcrumb\":{\"@id\":\"https:\/\/cmh.ens.fr\/en\/evenement\/les-nouveaux-visages-de-lapprentissage\/#breadcrumb\"},\"inLanguage\":\"en-US\",\"potentialAction\":[{\"@type\":\"ReadAction\",\"target\":[\"https:\/\/cmh.ens.fr\/en\/evenement\/les-nouveaux-visages-de-lapprentissage\/\"]}]},{\"@type\":\"BreadcrumbList\",\"@id\":\"https:\/\/cmh.ens.fr\/en\/evenement\/les-nouveaux-visages-de-lapprentissage\/#breadcrumb\",\"itemListElement\":[{\"@type\":\"ListItem\",\"position\":1,\"name\":\"Accueil\",\"item\":\"https:\/\/cmh.ens.fr\/\"},{\"@type\":\"ListItem\",\"position\":2,\"name\":\"\u00c9v\u00e8nements\",\"item\":\"https:\/\/cmh.ens.fr\/evenement\/\"},{\"@type\":\"ListItem\",\"position\":3,\"name\":\"Travail, formation et apprentissage\"}]},{\"@type\":\"WebSite\",\"@id\":\"https:\/\/cmh.ens.fr\/en\/#website\",\"url\":\"https:\/\/cmh.ens.fr\/en\/\",\"name\":\"CMH\",\"description\":\"Centre Maurice Halbwachs\",\"publisher\":{\"@id\":\"https:\/\/cmh.ens.fr\/en\/#organization\"},\"potentialAction\":[{\"@type\":\"SearchAction\",\"target\":{\"@type\":\"EntryPoint\",\"urlTemplate\":\"https:\/\/cmh.ens.fr\/en\/?s={search_term_string}\"},\"query-input\":{\"@type\":\"PropertyValueSpecification\",\"valueRequired\":true,\"valueName\":\"search_term_string\"}}],\"inLanguage\":\"en-US\"},{\"@type\":\"Organization\",\"@id\":\"https:\/\/cmh.ens.fr\/en\/#organization\",\"name\":\"Centre Maurice Halbwachs\",\"url\":\"https:\/\/cmh.ens.fr\/en\/\",\"logo\":{\"@type\":\"ImageObject\",\"inLanguage\":\"en-US\",\"@id\":\"https:\/\/cmh.ens.fr\/en\/#\/schema\/logo\/image\/\",\"url\":\"https:\/\/www.cmh.ens.fr\/wp-content\/uploads\/siteon0.jpg\",\"contentUrl\":\"https:\/\/www.cmh.ens.fr\/wp-content\/uploads\/siteon0.jpg\",\"width\":86,\"height\":53,\"caption\":\"Centre Maurice Halbwachs\"},\"image\":{\"@id\":\"https:\/\/cmh.ens.fr\/en\/#\/schema\/logo\/image\/\"}}]}<\/script>\n<!-- \/ Yoast SEO plugin. -->","yoast_head_json":{"title":"CMH","robots":{"index":"index","follow":"follow","max-snippet":"max-snippet:-1","max-image-preview":"max-image-preview:large","max-video-preview":"max-video-preview:-1"},"canonical":"https:\/\/cmh.ens.fr\/en\/evenement\/les-nouveaux-visages-de-lapprentissage\/","og_locale":"en_US","og_type":"article","og_title":"Travail, formation et apprentissage - CMH","og_description":"Arnaud Pierrel, IDHE.S UMR 8533, Nanterre Universit\u00e9, \u00ab\u00a0Les apprentis ing\u00e9nieurs\u00a0: des ing\u00e9nieurs et des apprentis comme les autres\u00a0?\u00a0\u00bb et Elsa Laneyrie, Universit\u00e9 Lyon-2-GRePS, \u00ab\u00a0Former les cuisiniers de demain\u00a0: de nouveaux d\u00e9fis \u00e0 appr\u00e9hender pour les enseignant.es et les \u00e9tudiant.es\u00a0\u00bb.","og_url":"https:\/\/cmh.ens.fr\/en\/evenement\/les-nouveaux-visages-de-lapprentissage\/","og_site_name":"CMH","article_modified_time":"2025-03-04T15:29:44+00:00","twitter_card":"summary_large_image","schema":{"@context":"https:\/\/schema.org","@graph":[{"@type":"WebPage","@id":"https:\/\/cmh.ens.fr\/en\/evenement\/les-nouveaux-visages-de-lapprentissage\/","url":"https:\/\/cmh.ens.fr\/en\/evenement\/les-nouveaux-visages-de-lapprentissage\/","name":"Travail, formation et apprentissage - CMH","isPartOf":{"@id":"https:\/\/cmh.ens.fr\/en\/#website"},"datePublished":"2024-09-16T09:23:12+00:00","dateModified":"2025-03-04T15:29:44+00:00","breadcrumb":{"@id":"https:\/\/cmh.ens.fr\/en\/evenement\/les-nouveaux-visages-de-lapprentissage\/#breadcrumb"},"inLanguage":"en-US","potentialAction":[{"@type":"ReadAction","target":["https:\/\/cmh.ens.fr\/en\/evenement\/les-nouveaux-visages-de-lapprentissage\/"]}]},{"@type":"BreadcrumbList","@id":"https:\/\/cmh.ens.fr\/en\/evenement\/les-nouveaux-visages-de-lapprentissage\/#breadcrumb","itemListElement":[{"@type":"ListItem","position":1,"name":"Accueil","item":"https:\/\/cmh.ens.fr\/"},{"@type":"ListItem","position":2,"name":"\u00c9v\u00e8nements","item":"https:\/\/cmh.ens.fr\/evenement\/"},{"@type":"ListItem","position":3,"name":"Travail, formation et apprentissage"}]},{"@type":"WebSite","@id":"https:\/\/cmh.ens.fr\/en\/#website","url":"https:\/\/cmh.ens.fr\/en\/","name":"CMH","description":"Centre Maurice Halbwachs","publisher":{"@id":"https:\/\/cmh.ens.fr\/en\/#organization"},"potentialAction":[{"@type":"SearchAction","target":{"@type":"EntryPoint","urlTemplate":"https:\/\/cmh.ens.fr\/en\/?s={search_term_string}"},"query-input":{"@type":"PropertyValueSpecification","valueRequired":true,"valueName":"search_term_string"}}],"inLanguage":"en-US"},{"@type":"Organization","@id":"https:\/\/cmh.ens.fr\/en\/#organization","name":"Centre Maurice Halbwachs","url":"https:\/\/cmh.ens.fr\/en\/","logo":{"@type":"ImageObject","inLanguage":"en-US","@id":"https:\/\/cmh.ens.fr\/en\/#\/schema\/logo\/image\/","url":"https:\/\/www.cmh.ens.fr\/wp-content\/uploads\/siteon0.jpg","contentUrl":"https:\/\/www.cmh.ens.fr\/wp-content\/uploads\/siteon0.jpg","width":86,"height":53,"caption":"Centre Maurice Halbwachs"},"image":{"@id":"https:\/\/cmh.ens.fr\/en\/#\/schema\/logo\/image\/"}}]}},"_links":{"self":[{"href":"https:\/\/cmh.ens.fr\/en\/wp-json\/wp\/v2\/evenement\/14832"}],"collection":[{"href":"https:\/\/cmh.ens.fr\/en\/wp-json\/wp\/v2\/evenement"}],"about":[{"href":"https:\/\/cmh.ens.fr\/en\/wp-json\/wp\/v2\/types\/evenement"}],"version-history":[{"count":4,"href":"https:\/\/cmh.ens.fr\/en\/wp-json\/wp\/v2\/evenement\/14832\/revisions"}],"predecessor-version":[{"id":15478,"href":"https:\/\/cmh.ens.fr\/en\/wp-json\/wp\/v2\/evenement\/14832\/revisions\/15478"}],"wp:attachment":[{"href":"https:\/\/cmh.ens.fr\/en\/wp-json\/wp\/v2\/media?parent=14832"}],"wp:term":[{"taxonomy":"typologies_evenement","embeddable":true,"href":"https:\/\/cmh.ens.fr\/en\/wp-json\/wp\/v2\/typologies_evenement?post=14832"}],"curies":[{"name":"wp","href":"https:\/\/api.w.org\/{rel}","templated":true}]}}

<p><strong>Arnaud Pierrel</strong>, IDHE.S UMR 8533, Nanterre Université, « Les apprentis ingénieurs : des ingénieurs et des apprentis comme les autres ? »</p>



<p>et <strong>Elsa Laneyrie</strong>, Université Lyon-2-GRePS, « Former les cuisiniers de demain : de nouveaux défis à appréhender pour les enseignant.es et les étudiant.es ».</p>



<p></p>

<!-- This site is optimized with the Yoast SEO plugin v25.6 - https://yoast.com/wordpress/plugins/seo/ -->
<title>CMH</title>
<meta name="robots" content="index, follow, max-snippet:-1, max-image-preview:large, max-video-preview:-1" />
<link rel="canonical" href="https://cmh.ens.fr/en/evenement/les-nouveaux-visages-de-lapprentissage/" class="yoast-seo-meta-tag" />
<meta property="og:locale" content="en_US" class="yoast-seo-meta-tag" />
<meta property="og:type" content="article" class="yoast-seo-meta-tag" />
<meta property="og:title" content="Travail, formation et apprentissage - CMH" class="yoast-seo-meta-tag" />
<meta property="og:description" content="Arnaud Pierrel, IDHE.S UMR 8533, Nanterre Université, « Les apprentis ingénieurs : des ingénieurs et des apprentis comme les autres ? » et Elsa Laneyrie, Université Lyon-2-GRePS, « Former les cuisiniers de demain : de nouveaux défis à appréhender pour les enseignant.es et les étudiant.es »." class="yoast-seo-meta-tag" />
<meta property="og:url" content="https://cmh.ens.fr/en/evenement/les-nouveaux-visages-de-lapprentissage/" class="yoast-seo-meta-tag" />
<meta property="og:site_name" content="CMH" class="yoast-seo-meta-tag" />
<meta property="article:modified_time" content="2025-03-04T15:29:44+00:00" class="yoast-seo-meta-tag" />
<meta name="twitter:card" content="summary_large_image" class="yoast-seo-meta-tag" />
<script type="application/ld+json" class="yoast-schema-graph">{"@context":"https://schema.org","@graph":[{"@type":"WebPage","@id":"https://cmh.ens.fr/en/evenement/les-nouveaux-visages-de-lapprentissage/","url":"https://cmh.ens.fr/en/evenement/les-nouveaux-visages-de-lapprentissage/","name":"Travail, formation et apprentissage - CMH","isPartOf":{"@id":"https://cmh.ens.fr/en/#website"},"datePublished":"2024-09-16T09:23:12+00:00","dateModified":"2025-03-04T15:29:44+00:00","breadcrumb":{"@id":"https://cmh.ens.fr/en/evenement/les-nouveaux-visages-de-lapprentissage/#breadcrumb"},"inLanguage":"en-US","potentialAction":[{"@type":"ReadAction","target":["https://cmh.ens.fr/en/evenement/les-nouveaux-visages-de-lapprentissage/"]}]},{"@type":"BreadcrumbList","@id":"https://cmh.ens.fr/en/evenement/les-nouveaux-visages-de-lapprentissage/#breadcrumb","itemListElement":[{"@type":"ListItem","position":1,"name":"Accueil","item":"https://cmh.ens.fr/"},{"@type":"ListItem","position":2,"name":"Évènements","item":"https://cmh.ens.fr/evenement/"},{"@type":"ListItem","position":3,"name":"Travail, formation et apprentissage"}]},{"@type":"WebSite","@id":"https://cmh.ens.fr/en/#website","url":"https://cmh.ens.fr/en/","name":"CMH","description":"Centre Maurice Halbwachs","publisher":{"@id":"https://cmh.ens.fr/en/#organization"},"potentialAction":[{"@type":"SearchAction","target":{"@type":"EntryPoint","urlTemplate":"https://cmh.ens.fr/en/?s={search_term_string}"},"query-input":{"@type":"PropertyValueSpecification","valueRequired":true,"valueName":"search_term_string"}}],"inLanguage":"en-US"},{"@type":"Organization","@id":"https://cmh.ens.fr/en/#organization","name":"Centre Maurice Halbwachs","url":"https://cmh.ens.fr/en/","logo":{"@type":"ImageObject","inLanguage":"en-US","@id":"https://cmh.ens.fr/en/#/schema/logo/image/","url":"https://www.cmh.ens.fr/wp-content/uploads/siteon0.jpg","contentUrl":"https://www.cmh.ens.fr/wp-content/uploads/siteon0.jpg","width":86,"height":53,"caption":"Centre Maurice Halbwachs"},"image":{"@id":"https://cmh.ens.fr/en/#/schema/logo/image/"}}]}</script>
<!-- / Yoast SEO plugin. -->

Arnaud Pierrel, IDHE.S UMR 8533, Nanterre Université, « Les apprentis ingénieurs : des ingénieurs et des apprentis comme les autres ? » et Elsa Laneyrie, Université Lyon-2-GRePS, « Former les cuisiniers de demain : de nouveaux défis à appréhender pour les enseignant.es et les étudiant.es ».

Évènements
