{"id":14555,"date":"2024-06-03T10:01:02","date_gmt":"2024-06-03T08:01:02","guid":{"rendered":"https:\/\/www.cmh.ens.fr\/?post_type=evenement&#038;p=14555"},"modified":"2024-06-03T10:01:02","modified_gmt":"2024-06-03T08:01:02","slug":"lalimentation-et-la-sociabilite-enfantine-de-lecole-a-la-maison-en-milieu-populaire","status":"publish","type":"evenement","link":"https:\/\/cmh.ens.fr\/en\/evenement\/lalimentation-et-la-sociabilite-enfantine-de-lecole-a-la-maison-en-milieu-populaire\/","title":{"rendered":"L\u2019alimentation et la sociabilit\u00e9 enfantine, de l\u2019\u00e9cole \u00e0 la maison, en milieu populaire"},"content":{"rendered":"<p><strong>La journ\u00e9e d\u2019\u00e9tude annuelle de la recherche participative\u00a0<a href=\"https:\/\/solal.hypotheses.org\/1698\" target=\"_blank\" rel=\"noreferrer noopener\">CORALIM<\/a>\u00a0<\/strong>est pr\u00e9vue cette ann\u00e9e sur le Campus Condorcet. A cette occasion les \u00e9l\u00e8ves impliqu\u00e9s dans le volet participatif de la recherche, ainsi que les doctorantes\/M2 de l\u2019\u00e9quipe CORALIM, pr\u00e9senteront leur travail respectif au cours d\u2019un\u00a0<strong>s\u00e9minaire de recherche CORALIM\/EHESS\/INED.<\/strong><\/p>\n\n\n\n<p>Organis\u00e9 en partenariat avec l\u2019EHESS, la cohorte ELFE de l\u2019INED et l\u2019Humath\u00e8que Condorcet.<\/p>\n\n\n\n<p><a href=\"https:\/\/solal.hypotheses.org\/6039\" target=\"_blank\" rel=\"noreferrer noopener\">Programme<\/a><\/p>","protected":false},"featured_media":0,"template":"","typologies_evenement":[82],"class_list":["post-14555","evenement","type-evenement","status-publish","hentry","typologies_evenement-journees-detudes-et-colloques"],"acf":[],"yoast_head":"<!-- This site is optimized with the Yoast SEO plugin v25.6 - https:\/\/yoast.com\/wordpress\/plugins\/seo\/ -->\n<title>CMH<\/title>\n<meta name=\"robots\" content=\"index, follow, max-snippet:-1, max-image-preview:large, max-video-preview:-1\" \/>\n<link rel=\"canonical\" href=\"https:\/\/cmh.ens.fr\/en\/evenement\/lalimentation-et-la-sociabilite-enfantine-de-lecole-a-la-maison-en-milieu-populaire\/\" class=\"yoast-seo-meta-tag\" \/>\n<meta property=\"og:locale\" content=\"en_US\" class=\"yoast-seo-meta-tag\" \/>\n<meta property=\"og:type\" content=\"article\" class=\"yoast-seo-meta-tag\" \/>\n<meta property=\"og:title\" content=\"L\u2019alimentation et la sociabilit\u00e9 enfantine, de l\u2019\u00e9cole \u00e0 la maison, en milieu populaire - CMH\" class=\"yoast-seo-meta-tag\" \/>\n<meta property=\"og:description\" content=\"La journ\u00e9e d\u2019\u00e9tude annuelle de la recherche participative\u00a0CORALIM\u00a0est pr\u00e9vue cette ann\u00e9e sur le Campus Condorcet. A cette occasion les \u00e9l\u00e8ves impliqu\u00e9s dans le volet participatif de la recherche, ainsi que les doctorantes\/M2 de l\u2019\u00e9quipe CORALIM, pr\u00e9senteront leur travail respectif au cours d\u2019un\u00a0s\u00e9minaire de recherche CORALIM\/EHESS\/INED. Organis\u00e9 en partenariat avec l\u2019EHESS, la cohorte ELFE de l\u2019INED [&hellip;]\" class=\"yoast-seo-meta-tag\" \/>\n<meta property=\"og:url\" content=\"https:\/\/cmh.ens.fr\/en\/evenement\/lalimentation-et-la-sociabilite-enfantine-de-lecole-a-la-maison-en-milieu-populaire\/\" class=\"yoast-seo-meta-tag\" \/>\n<meta property=\"og:site_name\" content=\"CMH\" class=\"yoast-seo-meta-tag\" \/>\n<meta name=\"twitter:card\" content=\"summary_large_image\" class=\"yoast-seo-meta-tag\" \/>\n<script type=\"application\/ld+json\" class=\"yoast-schema-graph\">{\"@context\":\"https:\/\/schema.org\",\"@graph\":[{\"@type\":\"WebPage\",\"@id\":\"https:\/\/cmh.ens.fr\/en\/evenement\/lalimentation-et-la-sociabilite-enfantine-de-lecole-a-la-maison-en-milieu-populaire\/\",\"url\":\"https:\/\/cmh.ens.fr\/en\/evenement\/lalimentation-et-la-sociabilite-enfantine-de-lecole-a-la-maison-en-milieu-populaire\/\",\"name\":\"L\u2019alimentation et la sociabilit\u00e9 enfantine, de l\u2019\u00e9cole \u00e0 la maison, en milieu populaire - CMH\",\"isPartOf\":{\"@id\":\"https:\/\/cmh.ens.fr\/en\/#website\"},\"datePublished\":\"2024-06-03T08:01:02+00:00\",\"breadcrumb\":{\"@id\":\"https:\/\/cmh.ens.fr\/en\/evenement\/lalimentation-et-la-sociabilite-enfantine-de-lecole-a-la-maison-en-milieu-populaire\/#breadcrumb\"},\"inLanguage\":\"en-US\",\"potentialAction\":[{\"@type\":\"ReadAction\",\"target\":[\"https:\/\/cmh.ens.fr\/en\/evenement\/lalimentation-et-la-sociabilite-enfantine-de-lecole-a-la-maison-en-milieu-populaire\/\"]}]},{\"@type\":\"BreadcrumbList\",\"@id\":\"https:\/\/cmh.ens.fr\/en\/evenement\/lalimentation-et-la-sociabilite-enfantine-de-lecole-a-la-maison-en-milieu-populaire\/#breadcrumb\",\"itemListElement\":[{\"@type\":\"ListItem\",\"position\":1,\"name\":\"Accueil\",\"item\":\"https:\/\/cmh.ens.fr\/\"},{\"@type\":\"ListItem\",\"position\":2,\"name\":\"\u00c9v\u00e8nements\",\"item\":\"https:\/\/cmh.ens.fr\/evenement\/\"},{\"@type\":\"ListItem\",\"position\":3,\"name\":\"L\u2019alimentation et la sociabilit\u00e9 enfantine, de l\u2019\u00e9cole \u00e0 la maison, en milieu populaire\"}]},{\"@type\":\"WebSite\",\"@id\":\"https:\/\/cmh.ens.fr\/en\/#website\",\"url\":\"https:\/\/cmh.ens.fr\/en\/\",\"name\":\"CMH\",\"description\":\"Centre Maurice Halbwachs\",\"publisher\":{\"@id\":\"https:\/\/cmh.ens.fr\/en\/#organization\"},\"potentialAction\":[{\"@type\":\"SearchAction\",\"target\":{\"@type\":\"EntryPoint\",\"urlTemplate\":\"https:\/\/cmh.ens.fr\/en\/?s={search_term_string}\"},\"query-input\":{\"@type\":\"PropertyValueSpecification\",\"valueRequired\":true,\"valueName\":\"search_term_string\"}}],\"inLanguage\":\"en-US\"},{\"@type\":\"Organization\",\"@id\":\"https:\/\/cmh.ens.fr\/en\/#organization\",\"name\":\"Centre Maurice Halbwachs\",\"url\":\"https:\/\/cmh.ens.fr\/en\/\",\"logo\":{\"@type\":\"ImageObject\",\"inLanguage\":\"en-US\",\"@id\":\"https:\/\/cmh.ens.fr\/en\/#\/schema\/logo\/image\/\",\"url\":\"https:\/\/www.cmh.ens.fr\/wp-content\/uploads\/siteon0.jpg\",\"contentUrl\":\"https:\/\/www.cmh.ens.fr\/wp-content\/uploads\/siteon0.jpg\",\"width\":86,\"height\":53,\"caption\":\"Centre Maurice Halbwachs\"},\"image\":{\"@id\":\"https:\/\/cmh.ens.fr\/en\/#\/schema\/logo\/image\/\"}}]}<\/script>\n<!-- \/ Yoast SEO plugin. -->","yoast_head_json":{"title":"CMH","robots":{"index":"index","follow":"follow","max-snippet":"max-snippet:-1","max-image-preview":"max-image-preview:large","max-video-preview":"max-video-preview:-1"},"canonical":"https:\/\/cmh.ens.fr\/en\/evenement\/lalimentation-et-la-sociabilite-enfantine-de-lecole-a-la-maison-en-milieu-populaire\/","og_locale":"en_US","og_type":"article","og_title":"L\u2019alimentation et la sociabilit\u00e9 enfantine, de l\u2019\u00e9cole \u00e0 la maison, en milieu populaire - CMH","og_description":"La journ\u00e9e d\u2019\u00e9tude annuelle de la recherche participative\u00a0CORALIM\u00a0est pr\u00e9vue cette ann\u00e9e sur le Campus Condorcet. A cette occasion les \u00e9l\u00e8ves impliqu\u00e9s dans le volet participatif de la recherche, ainsi que les doctorantes\/M2 de l\u2019\u00e9quipe CORALIM, pr\u00e9senteront leur travail respectif au cours d\u2019un\u00a0s\u00e9minaire de recherche CORALIM\/EHESS\/INED. Organis\u00e9 en partenariat avec l\u2019EHESS, la cohorte ELFE de l\u2019INED [&hellip;]","og_url":"https:\/\/cmh.ens.fr\/en\/evenement\/lalimentation-et-la-sociabilite-enfantine-de-lecole-a-la-maison-en-milieu-populaire\/","og_site_name":"CMH","twitter_card":"summary_large_image","schema":{"@context":"https:\/\/schema.org","@graph":[{"@type":"WebPage","@id":"https:\/\/cmh.ens.fr\/en\/evenement\/lalimentation-et-la-sociabilite-enfantine-de-lecole-a-la-maison-en-milieu-populaire\/","url":"https:\/\/cmh.ens.fr\/en\/evenement\/lalimentation-et-la-sociabilite-enfantine-de-lecole-a-la-maison-en-milieu-populaire\/","name":"L\u2019alimentation et la sociabilit\u00e9 enfantine, de l\u2019\u00e9cole \u00e0 la maison, en milieu populaire - CMH","isPartOf":{"@id":"https:\/\/cmh.ens.fr\/en\/#website"},"datePublished":"2024-06-03T08:01:02+00:00","breadcrumb":{"@id":"https:\/\/cmh.ens.fr\/en\/evenement\/lalimentation-et-la-sociabilite-enfantine-de-lecole-a-la-maison-en-milieu-populaire\/#breadcrumb"},"inLanguage":"en-US","potentialAction":[{"@type":"ReadAction","target":["https:\/\/cmh.ens.fr\/en\/evenement\/lalimentation-et-la-sociabilite-enfantine-de-lecole-a-la-maison-en-milieu-populaire\/"]}]},{"@type":"BreadcrumbList","@id":"https:\/\/cmh.ens.fr\/en\/evenement\/lalimentation-et-la-sociabilite-enfantine-de-lecole-a-la-maison-en-milieu-populaire\/#breadcrumb","itemListElement":[{"@type":"ListItem","position":1,"name":"Accueil","item":"https:\/\/cmh.ens.fr\/"},{"@type":"ListItem","position":2,"name":"\u00c9v\u00e8nements","item":"https:\/\/cmh.ens.fr\/evenement\/"},{"@type":"ListItem","position":3,"name":"L\u2019alimentation et la sociabilit\u00e9 enfantine, de l\u2019\u00e9cole \u00e0 la maison, en milieu populaire"}]},{"@type":"WebSite","@id":"https:\/\/cmh.ens.fr\/en\/#website","url":"https:\/\/cmh.ens.fr\/en\/","name":"CMH","description":"Centre Maurice Halbwachs","publisher":{"@id":"https:\/\/cmh.ens.fr\/en\/#organization"},"potentialAction":[{"@type":"SearchAction","target":{"@type":"EntryPoint","urlTemplate":"https:\/\/cmh.ens.fr\/en\/?s={search_term_string}"},"query-input":{"@type":"PropertyValueSpecification","valueRequired":true,"valueName":"search_term_string"}}],"inLanguage":"en-US"},{"@type":"Organization","@id":"https:\/\/cmh.ens.fr\/en\/#organization","name":"Centre Maurice Halbwachs","url":"https:\/\/cmh.ens.fr\/en\/","logo":{"@type":"ImageObject","inLanguage":"en-US","@id":"https:\/\/cmh.ens.fr\/en\/#\/schema\/logo\/image\/","url":"https:\/\/www.cmh.ens.fr\/wp-content\/uploads\/siteon0.jpg","contentUrl":"https:\/\/www.cmh.ens.fr\/wp-content\/uploads\/siteon0.jpg","width":86,"height":53,"caption":"Centre Maurice Halbwachs"},"image":{"@id":"https:\/\/cmh.ens.fr\/en\/#\/schema\/logo\/image\/"}}]}},"_links":{"self":[{"href":"https:\/\/cmh.ens.fr\/en\/wp-json\/wp\/v2\/evenement\/14555"}],"collection":[{"href":"https:\/\/cmh.ens.fr\/en\/wp-json\/wp\/v2\/evenement"}],"about":[{"href":"https:\/\/cmh.ens.fr\/en\/wp-json\/wp\/v2\/types\/evenement"}],"version-history":[{"count":1,"href":"https:\/\/cmh.ens.fr\/en\/wp-json\/wp\/v2\/evenement\/14555\/revisions"}],"predecessor-version":[{"id":14556,"href":"https:\/\/cmh.ens.fr\/en\/wp-json\/wp\/v2\/evenement\/14555\/revisions\/14556"}],"wp:attachment":[{"href":"https:\/\/cmh.ens.fr\/en\/wp-json\/wp\/v2\/media?parent=14555"}],"wp:term":[{"taxonomy":"typologies_evenement","embeddable":true,"href":"https:\/\/cmh.ens.fr\/en\/wp-json\/wp\/v2\/typologies_evenement?post=14555"}],"curies":[{"name":"wp","href":"https:\/\/api.w.org\/{rel}","templated":true}]}}

L’alimentation et la sociabilité enfantine, de l’école à la maison, en milieu populaire

<p><strong>La journée d’étude annuelle de la recherche participative <a href="https://solal.hypotheses.org/1698" target="_blank" rel="noreferrer noopener">CORALIM</a> </strong>est prévue cette année sur le Campus Condorcet. A cette occasion les élèves impliqués dans le volet participatif de la recherche, ainsi que les doctorantes/M2 de l’équipe CORALIM, présenteront leur travail respectif au cours d’un <strong>séminaire de recherche CORALIM/EHESS/INED.</strong></p>



<p>Organisé en partenariat avec l’EHESS, la cohorte ELFE de l’INED et l’Humathèque Condorcet.</p>



<p><a href="https://solal.hypotheses.org/6039" target="_blank" rel="noreferrer noopener">Programme</a></p>

<!-- This site is optimized with the Yoast SEO plugin v25.6 - https://yoast.com/wordpress/plugins/seo/ -->
<title>CMH</title>
<meta name="robots" content="index, follow, max-snippet:-1, max-image-preview:large, max-video-preview:-1" />
<link rel="canonical" href="https://cmh.ens.fr/en/evenement/lalimentation-et-la-sociabilite-enfantine-de-lecole-a-la-maison-en-milieu-populaire/" class="yoast-seo-meta-tag" />
<meta property="og:locale" content="en_US" class="yoast-seo-meta-tag" />
<meta property="og:type" content="article" class="yoast-seo-meta-tag" />
<meta property="og:title" content="L’alimentation et la sociabilité enfantine, de l’école à la maison, en milieu populaire - CMH" class="yoast-seo-meta-tag" />
<meta property="og:description" content="La journée d’étude annuelle de la recherche participative CORALIM est prévue cette année sur le Campus Condorcet. A cette occasion les élèves impliqués dans le volet participatif de la recherche, ainsi que les doctorantes/M2 de l’équipe CORALIM, présenteront leur travail respectif au cours d’un séminaire de recherche CORALIM/EHESS/INED. Organisé en partenariat avec l’EHESS, la cohorte ELFE de l’INED [&hellip;]" class="yoast-seo-meta-tag" />
<meta property="og:url" content="https://cmh.ens.fr/en/evenement/lalimentation-et-la-sociabilite-enfantine-de-lecole-a-la-maison-en-milieu-populaire/" class="yoast-seo-meta-tag" />
<meta property="og:site_name" content="CMH" class="yoast-seo-meta-tag" />
<meta name="twitter:card" content="summary_large_image" class="yoast-seo-meta-tag" />
<script type="application/ld+json" class="yoast-schema-graph">{"@context":"https://schema.org","@graph":[{"@type":"WebPage","@id":"https://cmh.ens.fr/en/evenement/lalimentation-et-la-sociabilite-enfantine-de-lecole-a-la-maison-en-milieu-populaire/","url":"https://cmh.ens.fr/en/evenement/lalimentation-et-la-sociabilite-enfantine-de-lecole-a-la-maison-en-milieu-populaire/","name":"L’alimentation et la sociabilité enfantine, de l’école à la maison, en milieu populaire - CMH","isPartOf":{"@id":"https://cmh.ens.fr/en/#website"},"datePublished":"2024-06-03T08:01:02+00:00","breadcrumb":{"@id":"https://cmh.ens.fr/en/evenement/lalimentation-et-la-sociabilite-enfantine-de-lecole-a-la-maison-en-milieu-populaire/#breadcrumb"},"inLanguage":"en-US","potentialAction":[{"@type":"ReadAction","target":["https://cmh.ens.fr/en/evenement/lalimentation-et-la-sociabilite-enfantine-de-lecole-a-la-maison-en-milieu-populaire/"]}]},{"@type":"BreadcrumbList","@id":"https://cmh.ens.fr/en/evenement/lalimentation-et-la-sociabilite-enfantine-de-lecole-a-la-maison-en-milieu-populaire/#breadcrumb","itemListElement":[{"@type":"ListItem","position":1,"name":"Accueil","item":"https://cmh.ens.fr/"},{"@type":"ListItem","position":2,"name":"Évènements","item":"https://cmh.ens.fr/evenement/"},{"@type":"ListItem","position":3,"name":"L’alimentation et la sociabilité enfantine, de l’école à la maison, en milieu populaire"}]},{"@type":"WebSite","@id":"https://cmh.ens.fr/en/#website","url":"https://cmh.ens.fr/en/","name":"CMH","description":"Centre Maurice Halbwachs","publisher":{"@id":"https://cmh.ens.fr/en/#organization"},"potentialAction":[{"@type":"SearchAction","target":{"@type":"EntryPoint","urlTemplate":"https://cmh.ens.fr/en/?s={search_term_string}"},"query-input":{"@type":"PropertyValueSpecification","valueRequired":true,"valueName":"search_term_string"}}],"inLanguage":"en-US"},{"@type":"Organization","@id":"https://cmh.ens.fr/en/#organization","name":"Centre Maurice Halbwachs","url":"https://cmh.ens.fr/en/","logo":{"@type":"ImageObject","inLanguage":"en-US","@id":"https://cmh.ens.fr/en/#/schema/logo/image/","url":"https://www.cmh.ens.fr/wp-content/uploads/siteon0.jpg","contentUrl":"https://www.cmh.ens.fr/wp-content/uploads/siteon0.jpg","width":86,"height":53,"caption":"Centre Maurice Halbwachs"},"image":{"@id":"https://cmh.ens.fr/en/#/schema/logo/image/"}}]}</script>
<!-- / Yoast SEO plugin. -->

L’alimentation et la sociabilité enfantine, de l’école à la maison, en milieu populaire - CMH

La journée d’étude annuelle de la recherche participative CORALIM est prévue cette année sur le Campus Condorcet. A cette occasion les élèves impliqués dans le volet participatif de la recherche, ainsi que les doctorantes/M2 de l’équipe CORALIM, présenteront leur travail respectif au cours d’un séminaire de recherche CORALIM/EHESS/INED. Organisé en partenariat avec l’EHESS, la cohorte ELFE de l’INED [&hellip;]

Évènements
