{"id":14438,"date":"2024-04-23T10:12:20","date_gmt":"2024-04-23T08:12:20","guid":{"rendered":"https:\/\/www.cmh.ens.fr\/?post_type=evenement&#038;p=14438"},"modified":"2024-04-23T10:14:27","modified_gmt":"2024-04-23T08:14:27","slug":"colloque-reformer-le-capitalisme-de-linterieur-acteur%c2%b7ices-pratiques-mondes-sociaux","status":"publish","type":"evenement","link":"https:\/\/cmh.ens.fr\/en\/evenement\/colloque-reformer-le-capitalisme-de-linterieur-acteurices-pratiques-mondes-sociaux\/","title":{"rendered":"Colloque \u201cR\u00e9former le capitalisme de l\u2019int\u00e9rieur? Acteur\u00b7ices, pratiques, mondes sociaux\u201c"},"content":{"rendered":"\n<p>Comit\u00e9 d\u2019organisation\u00a0: Pauline Barraud de Lagerie, Laure Bereni, \u00c9lodie B\u00e9thoux, Anne Bory, Thomas Depecker, Sophie Dubuisson-Quellier, Alice Lavabre<br>Comit\u00e9 scientifique\u00a0: Pauline Barraud de Lagerie, Laure Bereni, \u00c9lodie B\u00e9thoux, Anne Bory, Fr\u00e9d\u00e9rique D\u00e9jean, Thomas Depecker, Sophie Dubuisson-Quellier, Alice Lavabre, Antoine Machut, Xavier Monnier, \u00c9lise Penalva-Icher, Scarlett Salman, Chlo\u00e9 Socha<br>Contact et inscription: reformerlecapitalisme[AT]gmail.com<br><a href=\"https:\/\/provircap.hypotheses.org\/740\" target=\"_blank\" rel=\"noreferrer noopener\">PROGRAMME<\/a><\/p>\n","protected":false},"featured_media":14439,"template":"","typologies_evenement":[82],"class_list":["post-14438","evenement","type-evenement","status-publish","has-post-thumbnail","hentry","typologies_evenement-journees-detudes-et-colloques"],"acf":[],"yoast_head":"<!-- This site is optimized with the Yoast SEO plugin v25.6 - https:\/\/yoast.com\/wordpress\/plugins\/seo\/ -->\n<title>CMH<\/title>\n<meta name=\"robots\" content=\"index, follow, max-snippet:-1, max-image-preview:large, max-video-preview:-1\" \/>\n<link rel=\"canonical\" href=\"https:\/\/cmh.ens.fr\/en\/evenement\/colloque-reformer-le-capitalisme-de-linterieur-acteurices-pratiques-mondes-sociaux\/\" class=\"yoast-seo-meta-tag\" \/>\n<meta property=\"og:locale\" content=\"en_US\" class=\"yoast-seo-meta-tag\" \/>\n<meta property=\"og:type\" content=\"article\" class=\"yoast-seo-meta-tag\" \/>\n<meta property=\"og:title\" content=\"Colloque \u201cR\u00e9former le capitalisme de l\u2019int\u00e9rieur? Acteur\u00b7ices, pratiques, mondes sociaux\u201c - CMH\" class=\"yoast-seo-meta-tag\" \/>\n<meta property=\"og:description\" content=\"Comit\u00e9 d\u2019organisation\u00a0: Pauline Barraud de Lagerie, Laure Bereni, \u00c9lodie B\u00e9thoux, Anne Bory, Thomas Depecker, Sophie Dubuisson-Quellier, Alice LavabreComit\u00e9 scientifique\u00a0: Pauline Barraud de Lagerie, Laure Bereni, \u00c9lodie B\u00e9thoux, Anne Bory, Fr\u00e9d\u00e9rique D\u00e9jean, Thomas Depecker, Sophie Dubuisson-Quellier, Alice Lavabre, Antoine Machut, Xavier Monnier, \u00c9lise Penalva-Icher, Scarlett Salman, Chlo\u00e9 SochaContact et inscription: reformerlecapitalisme[AT]gmail.comPROGRAMME\" class=\"yoast-seo-meta-tag\" \/>\n<meta property=\"og:url\" content=\"https:\/\/cmh.ens.fr\/en\/evenement\/colloque-reformer-le-capitalisme-de-linterieur-acteurices-pratiques-mondes-sociaux\/\" class=\"yoast-seo-meta-tag\" \/>\n<meta property=\"og:site_name\" content=\"CMH\" class=\"yoast-seo-meta-tag\" \/>\n<meta property=\"article:modified_time\" content=\"2024-04-23T08:14:27+00:00\" class=\"yoast-seo-meta-tag\" \/>\n<meta property=\"og:image\" content=\"https:\/\/cmh.ens.fr\/wp-content\/uploads\/affiche_ReformerCapitalisme_FINAL_V2.jpg\" class=\"yoast-seo-meta-tag\" \/>\n\t<meta property=\"og:image:width\" content=\"794\" class=\"yoast-seo-meta-tag\" \/>\n\t<meta property=\"og:image:height\" content=\"1123\" class=\"yoast-seo-meta-tag\" \/>\n\t<meta property=\"og:image:type\" content=\"image\/jpeg\" class=\"yoast-seo-meta-tag\" \/>\n<meta name=\"twitter:card\" content=\"summary_large_image\" class=\"yoast-seo-meta-tag\" \/>\n<script type=\"application\/ld+json\" class=\"yoast-schema-graph\">{\"@context\":\"https:\/\/schema.org\",\"@graph\":[{\"@type\":\"WebPage\",\"@id\":\"https:\/\/cmh.ens.fr\/en\/evenement\/colloque-reformer-le-capitalisme-de-linterieur-acteurices-pratiques-mondes-sociaux\/\",\"url\":\"https:\/\/cmh.ens.fr\/en\/evenement\/colloque-reformer-le-capitalisme-de-linterieur-acteurices-pratiques-mondes-sociaux\/\",\"name\":\"Colloque \u201cR\u00e9former le capitalisme de l\u2019int\u00e9rieur? Acteur\u00b7ices, pratiques, mondes sociaux\u201c - CMH\",\"isPartOf\":{\"@id\":\"https:\/\/cmh.ens.fr\/en\/#website\"},\"primaryImageOfPage\":{\"@id\":\"https:\/\/cmh.ens.fr\/en\/evenement\/colloque-reformer-le-capitalisme-de-linterieur-acteurices-pratiques-mondes-sociaux\/#primaryimage\"},\"image\":{\"@id\":\"https:\/\/cmh.ens.fr\/en\/evenement\/colloque-reformer-le-capitalisme-de-linterieur-acteurices-pratiques-mondes-sociaux\/#primaryimage\"},\"thumbnailUrl\":\"https:\/\/cmh.ens.fr\/wp-content\/uploads\/affiche_ReformerCapitalisme_FINAL_V2.jpg\",\"datePublished\":\"2024-04-23T08:12:20+00:00\",\"dateModified\":\"2024-04-23T08:14:27+00:00\",\"breadcrumb\":{\"@id\":\"https:\/\/cmh.ens.fr\/en\/evenement\/colloque-reformer-le-capitalisme-de-linterieur-acteurices-pratiques-mondes-sociaux\/#breadcrumb\"},\"inLanguage\":\"en-US\",\"potentialAction\":[{\"@type\":\"ReadAction\",\"target\":[\"https:\/\/cmh.ens.fr\/en\/evenement\/colloque-reformer-le-capitalisme-de-linterieur-acteurices-pratiques-mondes-sociaux\/\"]}]},{\"@type\":\"ImageObject\",\"inLanguage\":\"en-US\",\"@id\":\"https:\/\/cmh.ens.fr\/en\/evenement\/colloque-reformer-le-capitalisme-de-linterieur-acteurices-pratiques-mondes-sociaux\/#primaryimage\",\"url\":\"https:\/\/cmh.ens.fr\/wp-content\/uploads\/affiche_ReformerCapitalisme_FINAL_V2.jpg\",\"contentUrl\":\"https:\/\/cmh.ens.fr\/wp-content\/uploads\/affiche_ReformerCapitalisme_FINAL_V2.jpg\",\"width\":794,\"height\":1123},{\"@type\":\"BreadcrumbList\",\"@id\":\"https:\/\/cmh.ens.fr\/en\/evenement\/colloque-reformer-le-capitalisme-de-linterieur-acteurices-pratiques-mondes-sociaux\/#breadcrumb\",\"itemListElement\":[{\"@type\":\"ListItem\",\"position\":1,\"name\":\"Accueil\",\"item\":\"https:\/\/cmh.ens.fr\/\"},{\"@type\":\"ListItem\",\"position\":2,\"name\":\"\u00c9v\u00e8nements\",\"item\":\"https:\/\/cmh.ens.fr\/evenement\/\"},{\"@type\":\"ListItem\",\"position\":3,\"name\":\"Colloque \u201cR\u00e9former le capitalisme de l\u2019int\u00e9rieur? Acteur\u00b7ices, pratiques, mondes sociaux\u201c\"}]},{\"@type\":\"WebSite\",\"@id\":\"https:\/\/cmh.ens.fr\/en\/#website\",\"url\":\"https:\/\/cmh.ens.fr\/en\/\",\"name\":\"CMH\",\"description\":\"Centre Maurice Halbwachs\",\"publisher\":{\"@id\":\"https:\/\/cmh.ens.fr\/en\/#organization\"},\"potentialAction\":[{\"@type\":\"SearchAction\",\"target\":{\"@type\":\"EntryPoint\",\"urlTemplate\":\"https:\/\/cmh.ens.fr\/en\/?s={search_term_string}\"},\"query-input\":{\"@type\":\"PropertyValueSpecification\",\"valueRequired\":true,\"valueName\":\"search_term_string\"}}],\"inLanguage\":\"en-US\"},{\"@type\":\"Organization\",\"@id\":\"https:\/\/cmh.ens.fr\/en\/#organization\",\"name\":\"Centre Maurice Halbwachs\",\"url\":\"https:\/\/cmh.ens.fr\/en\/\",\"logo\":{\"@type\":\"ImageObject\",\"inLanguage\":\"en-US\",\"@id\":\"https:\/\/cmh.ens.fr\/en\/#\/schema\/logo\/image\/\",\"url\":\"https:\/\/www.cmh.ens.fr\/wp-content\/uploads\/siteon0.jpg\",\"contentUrl\":\"https:\/\/www.cmh.ens.fr\/wp-content\/uploads\/siteon0.jpg\",\"width\":86,\"height\":53,\"caption\":\"Centre Maurice Halbwachs\"},\"image\":{\"@id\":\"https:\/\/cmh.ens.fr\/en\/#\/schema\/logo\/image\/\"}}]}<\/script>\n<!-- \/ Yoast SEO plugin. -->","yoast_head_json":{"title":"CMH","robots":{"index":"index","follow":"follow","max-snippet":"max-snippet:-1","max-image-preview":"max-image-preview:large","max-video-preview":"max-video-preview:-1"},"canonical":"https:\/\/cmh.ens.fr\/en\/evenement\/colloque-reformer-le-capitalisme-de-linterieur-acteurices-pratiques-mondes-sociaux\/","og_locale":"en_US","og_type":"article","og_title":"Colloque \u201cR\u00e9former le capitalisme de l\u2019int\u00e9rieur? Acteur\u00b7ices, pratiques, mondes sociaux\u201c - CMH","og_description":"Comit\u00e9 d\u2019organisation\u00a0: Pauline Barraud de Lagerie, Laure Bereni, \u00c9lodie B\u00e9thoux, Anne Bory, Thomas Depecker, Sophie Dubuisson-Quellier, Alice LavabreComit\u00e9 scientifique\u00a0: Pauline Barraud de Lagerie, Laure Bereni, \u00c9lodie B\u00e9thoux, Anne Bory, Fr\u00e9d\u00e9rique D\u00e9jean, Thomas Depecker, Sophie Dubuisson-Quellier, Alice Lavabre, Antoine Machut, Xavier Monnier, \u00c9lise Penalva-Icher, Scarlett Salman, Chlo\u00e9 SochaContact et inscription: reformerlecapitalisme[AT]gmail.comPROGRAMME","og_url":"https:\/\/cmh.ens.fr\/en\/evenement\/colloque-reformer-le-capitalisme-de-linterieur-acteurices-pratiques-mondes-sociaux\/","og_site_name":"CMH","article_modified_time":"2024-04-23T08:14:27+00:00","og_image":[{"width":794,"height":1123,"url":"https:\/\/cmh.ens.fr\/wp-content\/uploads\/affiche_ReformerCapitalisme_FINAL_V2.jpg","type":"image\/jpeg"}],"twitter_card":"summary_large_image","schema":{"@context":"https:\/\/schema.org","@graph":[{"@type":"WebPage","@id":"https:\/\/cmh.ens.fr\/en\/evenement\/colloque-reformer-le-capitalisme-de-linterieur-acteurices-pratiques-mondes-sociaux\/","url":"https:\/\/cmh.ens.fr\/en\/evenement\/colloque-reformer-le-capitalisme-de-linterieur-acteurices-pratiques-mondes-sociaux\/","name":"Colloque \u201cR\u00e9former le capitalisme de l\u2019int\u00e9rieur? Acteur\u00b7ices, pratiques, mondes sociaux\u201c - CMH","isPartOf":{"@id":"https:\/\/cmh.ens.fr\/en\/#website"},"primaryImageOfPage":{"@id":"https:\/\/cmh.ens.fr\/en\/evenement\/colloque-reformer-le-capitalisme-de-linterieur-acteurices-pratiques-mondes-sociaux\/#primaryimage"},"image":{"@id":"https:\/\/cmh.ens.fr\/en\/evenement\/colloque-reformer-le-capitalisme-de-linterieur-acteurices-pratiques-mondes-sociaux\/#primaryimage"},"thumbnailUrl":"https:\/\/cmh.ens.fr\/wp-content\/uploads\/affiche_ReformerCapitalisme_FINAL_V2.jpg","datePublished":"2024-04-23T08:12:20+00:00","dateModified":"2024-04-23T08:14:27+00:00","breadcrumb":{"@id":"https:\/\/cmh.ens.fr\/en\/evenement\/colloque-reformer-le-capitalisme-de-linterieur-acteurices-pratiques-mondes-sociaux\/#breadcrumb"},"inLanguage":"en-US","potentialAction":[{"@type":"ReadAction","target":["https:\/\/cmh.ens.fr\/en\/evenement\/colloque-reformer-le-capitalisme-de-linterieur-acteurices-pratiques-mondes-sociaux\/"]}]},{"@type":"ImageObject","inLanguage":"en-US","@id":"https:\/\/cmh.ens.fr\/en\/evenement\/colloque-reformer-le-capitalisme-de-linterieur-acteurices-pratiques-mondes-sociaux\/#primaryimage","url":"https:\/\/cmh.ens.fr\/wp-content\/uploads\/affiche_ReformerCapitalisme_FINAL_V2.jpg","contentUrl":"https:\/\/cmh.ens.fr\/wp-content\/uploads\/affiche_ReformerCapitalisme_FINAL_V2.jpg","width":794,"height":1123},{"@type":"BreadcrumbList","@id":"https:\/\/cmh.ens.fr\/en\/evenement\/colloque-reformer-le-capitalisme-de-linterieur-acteurices-pratiques-mondes-sociaux\/#breadcrumb","itemListElement":[{"@type":"ListItem","position":1,"name":"Accueil","item":"https:\/\/cmh.ens.fr\/"},{"@type":"ListItem","position":2,"name":"\u00c9v\u00e8nements","item":"https:\/\/cmh.ens.fr\/evenement\/"},{"@type":"ListItem","position":3,"name":"Colloque \u201cR\u00e9former le capitalisme de l\u2019int\u00e9rieur? Acteur\u00b7ices, pratiques, mondes sociaux\u201c"}]},{"@type":"WebSite","@id":"https:\/\/cmh.ens.fr\/en\/#website","url":"https:\/\/cmh.ens.fr\/en\/","name":"CMH","description":"Centre Maurice Halbwachs","publisher":{"@id":"https:\/\/cmh.ens.fr\/en\/#organization"},"potentialAction":[{"@type":"SearchAction","target":{"@type":"EntryPoint","urlTemplate":"https:\/\/cmh.ens.fr\/en\/?s={search_term_string}"},"query-input":{"@type":"PropertyValueSpecification","valueRequired":true,"valueName":"search_term_string"}}],"inLanguage":"en-US"},{"@type":"Organization","@id":"https:\/\/cmh.ens.fr\/en\/#organization","name":"Centre Maurice Halbwachs","url":"https:\/\/cmh.ens.fr\/en\/","logo":{"@type":"ImageObject","inLanguage":"en-US","@id":"https:\/\/cmh.ens.fr\/en\/#\/schema\/logo\/image\/","url":"https:\/\/www.cmh.ens.fr\/wp-content\/uploads\/siteon0.jpg","contentUrl":"https:\/\/www.cmh.ens.fr\/wp-content\/uploads\/siteon0.jpg","width":86,"height":53,"caption":"Centre Maurice Halbwachs"},"image":{"@id":"https:\/\/cmh.ens.fr\/en\/#\/schema\/logo\/image\/"}}]}},"_links":{"self":[{"href":"https:\/\/cmh.ens.fr\/en\/wp-json\/wp\/v2\/evenement\/14438"}],"collection":[{"href":"https:\/\/cmh.ens.fr\/en\/wp-json\/wp\/v2\/evenement"}],"about":[{"href":"https:\/\/cmh.ens.fr\/en\/wp-json\/wp\/v2\/types\/evenement"}],"version-history":[{"count":3,"href":"https:\/\/cmh.ens.fr\/en\/wp-json\/wp\/v2\/evenement\/14438\/revisions"}],"predecessor-version":[{"id":14443,"href":"https:\/\/cmh.ens.fr\/en\/wp-json\/wp\/v2\/evenement\/14438\/revisions\/14443"}],"wp:featuredmedia":[{"embeddable":true,"href":"https:\/\/cmh.ens.fr\/en\/wp-json\/wp\/v2\/media\/14439"}],"wp:attachment":[{"href":"https:\/\/cmh.ens.fr\/en\/wp-json\/wp\/v2\/media?parent=14438"}],"wp:term":[{"taxonomy":"typologies_evenement","embeddable":true,"href":"https:\/\/cmh.ens.fr\/en\/wp-json\/wp\/v2\/typologies_evenement?post=14438"}],"curies":[{"name":"wp","href":"https:\/\/api.w.org\/{rel}","templated":true}]}}

Colloque “Réformer le capitalisme de l’intérieur? Acteur·ices, pratiques, mondes sociaux“

<p>Comité d’organisation : Pauline Barraud de Lagerie, Laure Bereni, Élodie Béthoux, Anne Bory, Thomas Depecker, Sophie Dubuisson-Quellier, Alice Lavabre<br>Comité scientifique : Pauline Barraud de Lagerie, Laure Bereni, Élodie Béthoux, Anne Bory, Frédérique Déjean, Thomas Depecker, Sophie Dubuisson-Quellier, Alice Lavabre, Antoine Machut, Xavier Monnier, Élise Penalva-Icher, Scarlett Salman, Chloé Socha<br>Contact et inscription: reformerlecapitalisme[AT]gmail.com<br><a href="https://provircap.hypotheses.org/740" target="_blank" rel="noreferrer noopener">PROGRAMME</a></p>

<!-- This site is optimized with the Yoast SEO plugin v25.6 - https://yoast.com/wordpress/plugins/seo/ -->
<title>CMH</title>
<meta name="robots" content="index, follow, max-snippet:-1, max-image-preview:large, max-video-preview:-1" />
<link rel="canonical" href="https://cmh.ens.fr/en/evenement/colloque-reformer-le-capitalisme-de-linterieur-acteurices-pratiques-mondes-sociaux/" class="yoast-seo-meta-tag" />
<meta property="og:locale" content="en_US" class="yoast-seo-meta-tag" />
<meta property="og:type" content="article" class="yoast-seo-meta-tag" />
<meta property="og:title" content="Colloque “Réformer le capitalisme de l’intérieur? Acteur·ices, pratiques, mondes sociaux“ - CMH" class="yoast-seo-meta-tag" />
<meta property="og:description" content="Comité d’organisation : Pauline Barraud de Lagerie, Laure Bereni, Élodie Béthoux, Anne Bory, Thomas Depecker, Sophie Dubuisson-Quellier, Alice LavabreComité scientifique : Pauline Barraud de Lagerie, Laure Bereni, Élodie Béthoux, Anne Bory, Frédérique Déjean, Thomas Depecker, Sophie Dubuisson-Quellier, Alice Lavabre, Antoine Machut, Xavier Monnier, Élise Penalva-Icher, Scarlett Salman, Chloé SochaContact et inscription: reformerlecapitalisme[AT]gmail.comPROGRAMME" class="yoast-seo-meta-tag" />
<meta property="og:url" content="https://cmh.ens.fr/en/evenement/colloque-reformer-le-capitalisme-de-linterieur-acteurices-pratiques-mondes-sociaux/" class="yoast-seo-meta-tag" />
<meta property="og:site_name" content="CMH" class="yoast-seo-meta-tag" />
<meta property="article:modified_time" content="2024-04-23T08:14:27+00:00" class="yoast-seo-meta-tag" />
<meta property="og:image" content="https://cmh.ens.fr/wp-content/uploads/affiche_ReformerCapitalisme_FINAL_V2.jpg" class="yoast-seo-meta-tag" />
	<meta property="og:image:width" content="794" class="yoast-seo-meta-tag" />
	<meta property="og:image:height" content="1123" class="yoast-seo-meta-tag" />
	<meta property="og:image:type" content="image/jpeg" class="yoast-seo-meta-tag" />
<meta name="twitter:card" content="summary_large_image" class="yoast-seo-meta-tag" />
<script type="application/ld+json" class="yoast-schema-graph">{"@context":"https://schema.org","@graph":[{"@type":"WebPage","@id":"https://cmh.ens.fr/en/evenement/colloque-reformer-le-capitalisme-de-linterieur-acteurices-pratiques-mondes-sociaux/","url":"https://cmh.ens.fr/en/evenement/colloque-reformer-le-capitalisme-de-linterieur-acteurices-pratiques-mondes-sociaux/","name":"Colloque “Réformer le capitalisme de l’intérieur? Acteur·ices, pratiques, mondes sociaux“ - CMH","isPartOf":{"@id":"https://cmh.ens.fr/en/#website"},"primaryImageOfPage":{"@id":"https://cmh.ens.fr/en/evenement/colloque-reformer-le-capitalisme-de-linterieur-acteurices-pratiques-mondes-sociaux/#primaryimage"},"image":{"@id":"https://cmh.ens.fr/en/evenement/colloque-reformer-le-capitalisme-de-linterieur-acteurices-pratiques-mondes-sociaux/#primaryimage"},"thumbnailUrl":"https://cmh.ens.fr/wp-content/uploads/affiche_ReformerCapitalisme_FINAL_V2.jpg","datePublished":"2024-04-23T08:12:20+00:00","dateModified":"2024-04-23T08:14:27+00:00","breadcrumb":{"@id":"https://cmh.ens.fr/en/evenement/colloque-reformer-le-capitalisme-de-linterieur-acteurices-pratiques-mondes-sociaux/#breadcrumb"},"inLanguage":"en-US","potentialAction":[{"@type":"ReadAction","target":["https://cmh.ens.fr/en/evenement/colloque-reformer-le-capitalisme-de-linterieur-acteurices-pratiques-mondes-sociaux/"]}]},{"@type":"ImageObject","inLanguage":"en-US","@id":"https://cmh.ens.fr/en/evenement/colloque-reformer-le-capitalisme-de-linterieur-acteurices-pratiques-mondes-sociaux/#primaryimage","url":"https://cmh.ens.fr/wp-content/uploads/affiche_ReformerCapitalisme_FINAL_V2.jpg","contentUrl":"https://cmh.ens.fr/wp-content/uploads/affiche_ReformerCapitalisme_FINAL_V2.jpg","width":794,"height":1123},{"@type":"BreadcrumbList","@id":"https://cmh.ens.fr/en/evenement/colloque-reformer-le-capitalisme-de-linterieur-acteurices-pratiques-mondes-sociaux/#breadcrumb","itemListElement":[{"@type":"ListItem","position":1,"name":"Accueil","item":"https://cmh.ens.fr/"},{"@type":"ListItem","position":2,"name":"Évènements","item":"https://cmh.ens.fr/evenement/"},{"@type":"ListItem","position":3,"name":"Colloque “Réformer le capitalisme de l’intérieur? Acteur·ices, pratiques, mondes sociaux“"}]},{"@type":"WebSite","@id":"https://cmh.ens.fr/en/#website","url":"https://cmh.ens.fr/en/","name":"CMH","description":"Centre Maurice Halbwachs","publisher":{"@id":"https://cmh.ens.fr/en/#organization"},"potentialAction":[{"@type":"SearchAction","target":{"@type":"EntryPoint","urlTemplate":"https://cmh.ens.fr/en/?s={search_term_string}"},"query-input":{"@type":"PropertyValueSpecification","valueRequired":true,"valueName":"search_term_string"}}],"inLanguage":"en-US"},{"@type":"Organization","@id":"https://cmh.ens.fr/en/#organization","name":"Centre Maurice Halbwachs","url":"https://cmh.ens.fr/en/","logo":{"@type":"ImageObject","inLanguage":"en-US","@id":"https://cmh.ens.fr/en/#/schema/logo/image/","url":"https://www.cmh.ens.fr/wp-content/uploads/siteon0.jpg","contentUrl":"https://www.cmh.ens.fr/wp-content/uploads/siteon0.jpg","width":86,"height":53,"caption":"Centre Maurice Halbwachs"},"image":{"@id":"https://cmh.ens.fr/en/#/schema/logo/image/"}}]}</script>
<!-- / Yoast SEO plugin. -->

Colloque “Réformer le capitalisme de l’intérieur? Acteur·ices, pratiques, mondes sociaux“ - CMH

Comité d’organisation : Pauline Barraud de Lagerie, Laure Bereni, Élodie Béthoux, Anne Bory, Thomas Depecker, Sophie Dubuisson-Quellier, Alice LavabreComité scientifique : Pauline Barraud de Lagerie, Laure Bereni, Élodie Béthoux, Anne Bory, Frédérique Déjean, Thomas Depecker, Sophie Dubuisson-Quellier, Alice Lavabre, Antoine Machut, Xavier Monnier, Élise Penalva-Icher, Scarlett Salman, Chloé SochaContact et inscription: reformerlecapitalisme[AT]gmail.comPROGRAMME

Évènements
