{"id":13933,"date":"2024-01-09T10:21:31","date_gmt":"2024-01-09T09:21:31","guid":{"rendered":"https:\/\/www.cmh.ens.fr\/?post_type=evenement&#038;p=13933"},"modified":"2024-01-23T09:52:00","modified_gmt":"2024-01-23T08:52:00","slug":"les-economistes-sur-les-terrains-objets-des-politistes-sur-la-base-des-travaux-de-t-piketty-j-cage-vote-et-conflit-politique-ideologie-et-capitalisme","status":"publish","type":"evenement","link":"https:\/\/cmh.ens.fr\/en\/evenement\/les-economistes-sur-les-terrains-objets-des-politistes-sur-la-base-des-travaux-de-t-piketty-j-cage-vote-et-conflit-politique-ideologie-et-capitalisme\/","title":{"rendered":"Les \u00e9conomistes sur les terrains &amp; objets des politistes\u00a0:\u00a0sur la base des travaux de T.\u00a0 Piketty \/ J. Cag\u00e9 (vote et conflit politique ; Id\u00e9ologie et capitalisme)"},"content":{"rendered":"<p>Deux pr\u00e9sentations\u00a0:<br>Johanna Sim\u00e9ant-Germanos, <em>Une histoire du conflit politique. \u00c9lections et in\u00e9galit\u00e9s sociales en France (1789-2022)<\/em> ainsi que sur la r\u00e9ception acad\u00e9mique et politique de ce livre.<br>R\u00e9sum\u00e9 de l&rsquo;ouvrage <a href=\"https:\/\/unehistoireduconflitpolitique.fr\/livre.html\" data-type=\"link\" data-id=\"https:\/\/unehistoireduconflitpolitique.fr\/livre.html\" target=\"_blank\" rel=\"noreferrer noopener\">ici<\/a> que vous pouvez lire en amont\u00a0  ;\u00a0 et \u00e9ventuellement visionner des extraits d&rsquo;un d\u00e9bat au CEE (o\u00f9 l&rsquo;ouvrage est discut\u00e9 par Nonna Mayer, \u00e0 partir de 1h03 sur la <a href=\"https:\/\/www.sciencespo.fr\/centre-etudes-europeennes\/fr\/node\/38715.html)\" target=\"_blank\" rel=\"noreferrer noopener\">vid\u00e9o<\/a> <br>Arthur Kramer, <em>Capital et Id\u00e9ologie<\/em>, par Thomas Piketty<\/p>","protected":false},"featured_media":0,"template":"","typologies_evenement":[68],"class_list":["post-13933","evenement","type-evenement","status-publish","hentry","typologies_evenement-seminaires-daxes"],"acf":[],"yoast_head":"<!-- This site is optimized with the Yoast SEO plugin v25.6 - https:\/\/yoast.com\/wordpress\/plugins\/seo\/ -->\n<title>CMH<\/title>\n<meta name=\"robots\" content=\"index, follow, max-snippet:-1, max-image-preview:large, max-video-preview:-1\" \/>\n<link rel=\"canonical\" href=\"https:\/\/cmh.ens.fr\/en\/evenement\/les-economistes-sur-les-terrains-objets-des-politistes-sur-la-base-des-travaux-de-t-piketty-j-cage-vote-et-conflit-politique-ideologie-et-capitalisme\/\" class=\"yoast-seo-meta-tag\" \/>\n<meta property=\"og:locale\" content=\"en_US\" class=\"yoast-seo-meta-tag\" \/>\n<meta property=\"og:type\" content=\"article\" class=\"yoast-seo-meta-tag\" \/>\n<meta property=\"og:title\" content=\"Les \u00e9conomistes sur les terrains &amp; objets des politistes :\u00a0sur la base des travaux de T.\u00a0 Piketty \/ J. Cag\u00e9 (vote et conflit politique ; Id\u00e9ologie et capitalisme) - CMH\" class=\"yoast-seo-meta-tag\" \/>\n<meta property=\"og:description\" content=\"Deux pr\u00e9sentations\u00a0:Johanna Sim\u00e9ant-Germanos, Une histoire du conflit politique. \u00c9lections et in\u00e9galit\u00e9s sociales en France (1789-2022) ainsi que sur la r\u00e9ception acad\u00e9mique et politique de ce livre.R\u00e9sum\u00e9 de l&rsquo;ouvrage ici que vous pouvez lire en amont\u00a0 ;\u00a0 et \u00e9ventuellement visionner des extraits d&rsquo;un d\u00e9bat au CEE (o\u00f9 l&rsquo;ouvrage est discut\u00e9 par Nonna Mayer, \u00e0 partir de [&hellip;]\" class=\"yoast-seo-meta-tag\" \/>\n<meta property=\"og:url\" content=\"https:\/\/cmh.ens.fr\/en\/evenement\/les-economistes-sur-les-terrains-objets-des-politistes-sur-la-base-des-travaux-de-t-piketty-j-cage-vote-et-conflit-politique-ideologie-et-capitalisme\/\" class=\"yoast-seo-meta-tag\" \/>\n<meta property=\"og:site_name\" content=\"CMH\" class=\"yoast-seo-meta-tag\" \/>\n<meta property=\"article:modified_time\" content=\"2024-01-23T08:52:00+00:00\" class=\"yoast-seo-meta-tag\" \/>\n<meta name=\"twitter:card\" content=\"summary_large_image\" class=\"yoast-seo-meta-tag\" \/>\n<script type=\"application\/ld+json\" class=\"yoast-schema-graph\">{\"@context\":\"https:\/\/schema.org\",\"@graph\":[{\"@type\":\"WebPage\",\"@id\":\"https:\/\/cmh.ens.fr\/en\/evenement\/les-economistes-sur-les-terrains-objets-des-politistes-sur-la-base-des-travaux-de-t-piketty-j-cage-vote-et-conflit-politique-ideologie-et-capitalisme\/\",\"url\":\"https:\/\/cmh.ens.fr\/en\/evenement\/les-economistes-sur-les-terrains-objets-des-politistes-sur-la-base-des-travaux-de-t-piketty-j-cage-vote-et-conflit-politique-ideologie-et-capitalisme\/\",\"name\":\"Les \u00e9conomistes sur les terrains &amp; objets des politistes :\u00a0sur la base des travaux de T.\u00a0 Piketty \/ J. Cag\u00e9 (vote et conflit politique ; Id\u00e9ologie et capitalisme) - CMH\",\"isPartOf\":{\"@id\":\"https:\/\/cmh.ens.fr\/en\/#website\"},\"datePublished\":\"2024-01-09T09:21:31+00:00\",\"dateModified\":\"2024-01-23T08:52:00+00:00\",\"breadcrumb\":{\"@id\":\"https:\/\/cmh.ens.fr\/en\/evenement\/les-economistes-sur-les-terrains-objets-des-politistes-sur-la-base-des-travaux-de-t-piketty-j-cage-vote-et-conflit-politique-ideologie-et-capitalisme\/#breadcrumb\"},\"inLanguage\":\"en-US\",\"potentialAction\":[{\"@type\":\"ReadAction\",\"target\":[\"https:\/\/cmh.ens.fr\/en\/evenement\/les-economistes-sur-les-terrains-objets-des-politistes-sur-la-base-des-travaux-de-t-piketty-j-cage-vote-et-conflit-politique-ideologie-et-capitalisme\/\"]}]},{\"@type\":\"BreadcrumbList\",\"@id\":\"https:\/\/cmh.ens.fr\/en\/evenement\/les-economistes-sur-les-terrains-objets-des-politistes-sur-la-base-des-travaux-de-t-piketty-j-cage-vote-et-conflit-politique-ideologie-et-capitalisme\/#breadcrumb\",\"itemListElement\":[{\"@type\":\"ListItem\",\"position\":1,\"name\":\"Accueil\",\"item\":\"https:\/\/cmh.ens.fr\/\"},{\"@type\":\"ListItem\",\"position\":2,\"name\":\"\u00c9v\u00e8nements\",\"item\":\"https:\/\/cmh.ens.fr\/evenement\/\"},{\"@type\":\"ListItem\",\"position\":3,\"name\":\"Les \u00e9conomistes sur les terrains &amp; objets des politistes\u00a0:\u00a0sur la base des travaux de T.\u00a0 Piketty \/ J. Cag\u00e9 (vote et conflit politique ; Id\u00e9ologie et capitalisme)\"}]},{\"@type\":\"WebSite\",\"@id\":\"https:\/\/cmh.ens.fr\/en\/#website\",\"url\":\"https:\/\/cmh.ens.fr\/en\/\",\"name\":\"CMH\",\"description\":\"Centre Maurice Halbwachs\",\"publisher\":{\"@id\":\"https:\/\/cmh.ens.fr\/en\/#organization\"},\"potentialAction\":[{\"@type\":\"SearchAction\",\"target\":{\"@type\":\"EntryPoint\",\"urlTemplate\":\"https:\/\/cmh.ens.fr\/en\/?s={search_term_string}\"},\"query-input\":{\"@type\":\"PropertyValueSpecification\",\"valueRequired\":true,\"valueName\":\"search_term_string\"}}],\"inLanguage\":\"en-US\"},{\"@type\":\"Organization\",\"@id\":\"https:\/\/cmh.ens.fr\/en\/#organization\",\"name\":\"Centre Maurice Halbwachs\",\"url\":\"https:\/\/cmh.ens.fr\/en\/\",\"logo\":{\"@type\":\"ImageObject\",\"inLanguage\":\"en-US\",\"@id\":\"https:\/\/cmh.ens.fr\/en\/#\/schema\/logo\/image\/\",\"url\":\"https:\/\/www.cmh.ens.fr\/wp-content\/uploads\/siteon0.jpg\",\"contentUrl\":\"https:\/\/www.cmh.ens.fr\/wp-content\/uploads\/siteon0.jpg\",\"width\":86,\"height\":53,\"caption\":\"Centre Maurice Halbwachs\"},\"image\":{\"@id\":\"https:\/\/cmh.ens.fr\/en\/#\/schema\/logo\/image\/\"}}]}<\/script>\n<!-- \/ Yoast SEO plugin. -->","yoast_head_json":{"title":"CMH","robots":{"index":"index","follow":"follow","max-snippet":"max-snippet:-1","max-image-preview":"max-image-preview:large","max-video-preview":"max-video-preview:-1"},"canonical":"https:\/\/cmh.ens.fr\/en\/evenement\/les-economistes-sur-les-terrains-objets-des-politistes-sur-la-base-des-travaux-de-t-piketty-j-cage-vote-et-conflit-politique-ideologie-et-capitalisme\/","og_locale":"en_US","og_type":"article","og_title":"Les \u00e9conomistes sur les terrains &amp; objets des politistes :\u00a0sur la base des travaux de T.\u00a0 Piketty \/ J. Cag\u00e9 (vote et conflit politique ; Id\u00e9ologie et capitalisme) - CMH","og_description":"Deux pr\u00e9sentations\u00a0:Johanna Sim\u00e9ant-Germanos, Une histoire du conflit politique. \u00c9lections et in\u00e9galit\u00e9s sociales en France (1789-2022) ainsi que sur la r\u00e9ception acad\u00e9mique et politique de ce livre.R\u00e9sum\u00e9 de l&rsquo;ouvrage ici que vous pouvez lire en amont\u00a0 ;\u00a0 et \u00e9ventuellement visionner des extraits d&rsquo;un d\u00e9bat au CEE (o\u00f9 l&rsquo;ouvrage est discut\u00e9 par Nonna Mayer, \u00e0 partir de [&hellip;]","og_url":"https:\/\/cmh.ens.fr\/en\/evenement\/les-economistes-sur-les-terrains-objets-des-politistes-sur-la-base-des-travaux-de-t-piketty-j-cage-vote-et-conflit-politique-ideologie-et-capitalisme\/","og_site_name":"CMH","article_modified_time":"2024-01-23T08:52:00+00:00","twitter_card":"summary_large_image","schema":{"@context":"https:\/\/schema.org","@graph":[{"@type":"WebPage","@id":"https:\/\/cmh.ens.fr\/en\/evenement\/les-economistes-sur-les-terrains-objets-des-politistes-sur-la-base-des-travaux-de-t-piketty-j-cage-vote-et-conflit-politique-ideologie-et-capitalisme\/","url":"https:\/\/cmh.ens.fr\/en\/evenement\/les-economistes-sur-les-terrains-objets-des-politistes-sur-la-base-des-travaux-de-t-piketty-j-cage-vote-et-conflit-politique-ideologie-et-capitalisme\/","name":"Les \u00e9conomistes sur les terrains &amp; objets des politistes :\u00a0sur la base des travaux de T.\u00a0 Piketty \/ J. Cag\u00e9 (vote et conflit politique ; Id\u00e9ologie et capitalisme) - CMH","isPartOf":{"@id":"https:\/\/cmh.ens.fr\/en\/#website"},"datePublished":"2024-01-09T09:21:31+00:00","dateModified":"2024-01-23T08:52:00+00:00","breadcrumb":{"@id":"https:\/\/cmh.ens.fr\/en\/evenement\/les-economistes-sur-les-terrains-objets-des-politistes-sur-la-base-des-travaux-de-t-piketty-j-cage-vote-et-conflit-politique-ideologie-et-capitalisme\/#breadcrumb"},"inLanguage":"en-US","potentialAction":[{"@type":"ReadAction","target":["https:\/\/cmh.ens.fr\/en\/evenement\/les-economistes-sur-les-terrains-objets-des-politistes-sur-la-base-des-travaux-de-t-piketty-j-cage-vote-et-conflit-politique-ideologie-et-capitalisme\/"]}]},{"@type":"BreadcrumbList","@id":"https:\/\/cmh.ens.fr\/en\/evenement\/les-economistes-sur-les-terrains-objets-des-politistes-sur-la-base-des-travaux-de-t-piketty-j-cage-vote-et-conflit-politique-ideologie-et-capitalisme\/#breadcrumb","itemListElement":[{"@type":"ListItem","position":1,"name":"Accueil","item":"https:\/\/cmh.ens.fr\/"},{"@type":"ListItem","position":2,"name":"\u00c9v\u00e8nements","item":"https:\/\/cmh.ens.fr\/evenement\/"},{"@type":"ListItem","position":3,"name":"Les \u00e9conomistes sur les terrains &amp; objets des politistes\u00a0:\u00a0sur la base des travaux de T.\u00a0 Piketty \/ J. Cag\u00e9 (vote et conflit politique ; Id\u00e9ologie et capitalisme)"}]},{"@type":"WebSite","@id":"https:\/\/cmh.ens.fr\/en\/#website","url":"https:\/\/cmh.ens.fr\/en\/","name":"CMH","description":"Centre Maurice Halbwachs","publisher":{"@id":"https:\/\/cmh.ens.fr\/en\/#organization"},"potentialAction":[{"@type":"SearchAction","target":{"@type":"EntryPoint","urlTemplate":"https:\/\/cmh.ens.fr\/en\/?s={search_term_string}"},"query-input":{"@type":"PropertyValueSpecification","valueRequired":true,"valueName":"search_term_string"}}],"inLanguage":"en-US"},{"@type":"Organization","@id":"https:\/\/cmh.ens.fr\/en\/#organization","name":"Centre Maurice Halbwachs","url":"https:\/\/cmh.ens.fr\/en\/","logo":{"@type":"ImageObject","inLanguage":"en-US","@id":"https:\/\/cmh.ens.fr\/en\/#\/schema\/logo\/image\/","url":"https:\/\/www.cmh.ens.fr\/wp-content\/uploads\/siteon0.jpg","contentUrl":"https:\/\/www.cmh.ens.fr\/wp-content\/uploads\/siteon0.jpg","width":86,"height":53,"caption":"Centre Maurice Halbwachs"},"image":{"@id":"https:\/\/cmh.ens.fr\/en\/#\/schema\/logo\/image\/"}}]}},"_links":{"self":[{"href":"https:\/\/cmh.ens.fr\/en\/wp-json\/wp\/v2\/evenement\/13933"}],"collection":[{"href":"https:\/\/cmh.ens.fr\/en\/wp-json\/wp\/v2\/evenement"}],"about":[{"href":"https:\/\/cmh.ens.fr\/en\/wp-json\/wp\/v2\/types\/evenement"}],"version-history":[{"count":7,"href":"https:\/\/cmh.ens.fr\/en\/wp-json\/wp\/v2\/evenement\/13933\/revisions"}],"predecessor-version":[{"id":14020,"href":"https:\/\/cmh.ens.fr\/en\/wp-json\/wp\/v2\/evenement\/13933\/revisions\/14020"}],"wp:attachment":[{"href":"https:\/\/cmh.ens.fr\/en\/wp-json\/wp\/v2\/media?parent=13933"}],"wp:term":[{"taxonomy":"typologies_evenement","embeddable":true,"href":"https:\/\/cmh.ens.fr\/en\/wp-json\/wp\/v2\/typologies_evenement?post=13933"}],"curies":[{"name":"wp","href":"https:\/\/api.w.org\/{rel}","templated":true}]}}

Les économistes sur les terrains &amp; objets des politistes : sur la base des travaux de T.  Piketty / J. Cagé (vote et conflit politique ; Idéologie et capitalisme)

<p>Deux présentations :<br>Johanna Siméant-Germanos, <em>Une histoire du conflit politique. Élections et inégalités sociales en France (1789-2022)</em> ainsi que sur la réception académique et politique de ce livre.<br>Résumé de l&rsquo;ouvrage <a href="https://unehistoireduconflitpolitique.fr/livre.html" data-type="link" data-id="https://unehistoireduconflitpolitique.fr/livre.html" target="_blank" rel="noreferrer noopener">ici</a> que vous pouvez lire en amont   ;  et éventuellement visionner des extraits d&rsquo;un débat au CEE (où l&rsquo;ouvrage est discuté par Nonna Mayer, à partir de 1h03 sur la <a href="https://www.sciencespo.fr/centre-etudes-europeennes/fr/node/38715.html)" target="_blank" rel="noreferrer noopener">vidéo</a> <br>Arthur Kramer, <em>Capital et Idéologie</em>, par Thomas Piketty</p>

<!-- This site is optimized with the Yoast SEO plugin v25.6 - https://yoast.com/wordpress/plugins/seo/ -->
<title>CMH</title>
<meta name="robots" content="index, follow, max-snippet:-1, max-image-preview:large, max-video-preview:-1" />
<link rel="canonical" href="https://cmh.ens.fr/en/evenement/les-economistes-sur-les-terrains-objets-des-politistes-sur-la-base-des-travaux-de-t-piketty-j-cage-vote-et-conflit-politique-ideologie-et-capitalisme/" class="yoast-seo-meta-tag" />
<meta property="og:locale" content="en_US" class="yoast-seo-meta-tag" />
<meta property="og:type" content="article" class="yoast-seo-meta-tag" />
<meta property="og:title" content="Les économistes sur les terrains &amp; objets des politistes : sur la base des travaux de T.  Piketty / J. Cagé (vote et conflit politique ; Idéologie et capitalisme) - CMH" class="yoast-seo-meta-tag" />
<meta property="og:description" content="Deux présentations :Johanna Siméant-Germanos, Une histoire du conflit politique. Élections et inégalités sociales en France (1789-2022) ainsi que sur la réception académique et politique de ce livre.Résumé de l&rsquo;ouvrage ici que vous pouvez lire en amont  ;  et éventuellement visionner des extraits d&rsquo;un débat au CEE (où l&rsquo;ouvrage est discuté par Nonna Mayer, à partir de [&hellip;]" class="yoast-seo-meta-tag" />
<meta property="og:url" content="https://cmh.ens.fr/en/evenement/les-economistes-sur-les-terrains-objets-des-politistes-sur-la-base-des-travaux-de-t-piketty-j-cage-vote-et-conflit-politique-ideologie-et-capitalisme/" class="yoast-seo-meta-tag" />
<meta property="og:site_name" content="CMH" class="yoast-seo-meta-tag" />
<meta property="article:modified_time" content="2024-01-23T08:52:00+00:00" class="yoast-seo-meta-tag" />
<meta name="twitter:card" content="summary_large_image" class="yoast-seo-meta-tag" />
<script type="application/ld+json" class="yoast-schema-graph">{"@context":"https://schema.org","@graph":[{"@type":"WebPage","@id":"https://cmh.ens.fr/en/evenement/les-economistes-sur-les-terrains-objets-des-politistes-sur-la-base-des-travaux-de-t-piketty-j-cage-vote-et-conflit-politique-ideologie-et-capitalisme/","url":"https://cmh.ens.fr/en/evenement/les-economistes-sur-les-terrains-objets-des-politistes-sur-la-base-des-travaux-de-t-piketty-j-cage-vote-et-conflit-politique-ideologie-et-capitalisme/","name":"Les économistes sur les terrains &amp; objets des politistes : sur la base des travaux de T.  Piketty / J. Cagé (vote et conflit politique ; Idéologie et capitalisme) - CMH","isPartOf":{"@id":"https://cmh.ens.fr/en/#website"},"datePublished":"2024-01-09T09:21:31+00:00","dateModified":"2024-01-23T08:52:00+00:00","breadcrumb":{"@id":"https://cmh.ens.fr/en/evenement/les-economistes-sur-les-terrains-objets-des-politistes-sur-la-base-des-travaux-de-t-piketty-j-cage-vote-et-conflit-politique-ideologie-et-capitalisme/#breadcrumb"},"inLanguage":"en-US","potentialAction":[{"@type":"ReadAction","target":["https://cmh.ens.fr/en/evenement/les-economistes-sur-les-terrains-objets-des-politistes-sur-la-base-des-travaux-de-t-piketty-j-cage-vote-et-conflit-politique-ideologie-et-capitalisme/"]}]},{"@type":"BreadcrumbList","@id":"https://cmh.ens.fr/en/evenement/les-economistes-sur-les-terrains-objets-des-politistes-sur-la-base-des-travaux-de-t-piketty-j-cage-vote-et-conflit-politique-ideologie-et-capitalisme/#breadcrumb","itemListElement":[{"@type":"ListItem","position":1,"name":"Accueil","item":"https://cmh.ens.fr/"},{"@type":"ListItem","position":2,"name":"Évènements","item":"https://cmh.ens.fr/evenement/"},{"@type":"ListItem","position":3,"name":"Les économistes sur les terrains &amp; objets des politistes : sur la base des travaux de T.  Piketty / J. Cagé (vote et conflit politique ; Idéologie et capitalisme)"}]},{"@type":"WebSite","@id":"https://cmh.ens.fr/en/#website","url":"https://cmh.ens.fr/en/","name":"CMH","description":"Centre Maurice Halbwachs","publisher":{"@id":"https://cmh.ens.fr/en/#organization"},"potentialAction":[{"@type":"SearchAction","target":{"@type":"EntryPoint","urlTemplate":"https://cmh.ens.fr/en/?s={search_term_string}"},"query-input":{"@type":"PropertyValueSpecification","valueRequired":true,"valueName":"search_term_string"}}],"inLanguage":"en-US"},{"@type":"Organization","@id":"https://cmh.ens.fr/en/#organization","name":"Centre Maurice Halbwachs","url":"https://cmh.ens.fr/en/","logo":{"@type":"ImageObject","inLanguage":"en-US","@id":"https://cmh.ens.fr/en/#/schema/logo/image/","url":"https://www.cmh.ens.fr/wp-content/uploads/siteon0.jpg","contentUrl":"https://www.cmh.ens.fr/wp-content/uploads/siteon0.jpg","width":86,"height":53,"caption":"Centre Maurice Halbwachs"},"image":{"@id":"https://cmh.ens.fr/en/#/schema/logo/image/"}}]}</script>
<!-- / Yoast SEO plugin. -->

Les économistes sur les terrains &amp; objets des politistes : sur la base des travaux de T.  Piketty / J. Cagé (vote et conflit politique ; Idéologie et capitalisme) - CMH

Deux présentations :Johanna Siméant-Germanos, Une histoire du conflit politique. Élections et inégalités sociales en France (1789-2022) ainsi que sur la réception académique et politique de ce livre.Résumé de l&rsquo;ouvrage ici que vous pouvez lire en amont  ;  et éventuellement visionner des extraits d&rsquo;un débat au CEE (où l&rsquo;ouvrage est discuté par Nonna Mayer, à partir de [&hellip;]

Évènements
