{"id":11115,"date":"2023-01-03T16:41:55","date_gmt":"2023-01-03T15:41:55","guid":{"rendered":"https:\/\/www.cmh.ens.fr\/?post_type=evenement&#038;p=11115"},"modified":"2023-01-03T16:42:51","modified_gmt":"2023-01-03T15:42:51","slug":"genre-et-mise-au-travail-des-precaires","status":"publish","type":"evenement","link":"https:\/\/cmh.ens.fr\/en\/evenement\/genre-et-mise-au-travail-des-precaires\/","title":{"rendered":"Genre et mise au travail des pr\u00e9caires"},"content":{"rendered":"<p><strong>Clarisse Madiot<\/strong>&nbsp;(sociologue, Univ. Paris-Est, UPEC, Laboratoire LIRTES), \u00ab\u00a0Maman en insertion\u00a0: du projet au parcours vers l&#8217;emploi\u00a0\u00bb<\/p>\n\n\n\n<p><strong>Noemi Martorano<\/strong>&nbsp;(sociologue, FISPPA &#8211; Univ. degli studi di Padova et IDHES Nanterre), \u00ab\u00a0De victimes \u00e0 Asylum Queen\u00a0: r\u00e9fugi\u00e9es Nig\u00e9riennes et parcours d&rsquo;int\u00e9gration par le travail en Italie\u00a0\u00bb<\/p>","protected":false},"featured_media":0,"template":"","typologies_evenement":[197],"class_list":["post-11115","evenement","type-evenement","status-publish","hentry","typologies_evenement-autres-seminaires"],"acf":[],"yoast_head":"<!-- This site is optimized with the Yoast SEO plugin v25.6 - https:\/\/yoast.com\/wordpress\/plugins\/seo\/ -->\n<title>CMH<\/title>\n<meta name=\"robots\" content=\"index, follow, max-snippet:-1, max-image-preview:large, max-video-preview:-1\" \/>\n<link rel=\"canonical\" href=\"https:\/\/cmh.ens.fr\/en\/evenement\/genre-et-mise-au-travail-des-precaires\/\" class=\"yoast-seo-meta-tag\" \/>\n<meta property=\"og:locale\" content=\"en_US\" class=\"yoast-seo-meta-tag\" \/>\n<meta property=\"og:type\" content=\"article\" class=\"yoast-seo-meta-tag\" \/>\n<meta property=\"og:title\" content=\"Genre et mise au travail des pr\u00e9caires - CMH\" class=\"yoast-seo-meta-tag\" \/>\n<meta property=\"og:description\" content=\"Clarisse Madiot&nbsp;(sociologue, Univ. Paris-Est, UPEC, Laboratoire LIRTES), \u00ab\u00a0Maman en insertion\u00a0: du projet au parcours vers l&#8217;emploi\u00a0\u00bb Noemi Martorano&nbsp;(sociologue, FISPPA &#8211; Univ. degli studi di Padova et IDHES Nanterre), \u00ab\u00a0De victimes \u00e0 Asylum Queen\u00a0: r\u00e9fugi\u00e9es Nig\u00e9riennes et parcours d&rsquo;int\u00e9gration par le travail en Italie\u00a0\u00bb\" class=\"yoast-seo-meta-tag\" \/>\n<meta property=\"og:url\" content=\"https:\/\/cmh.ens.fr\/en\/evenement\/genre-et-mise-au-travail-des-precaires\/\" class=\"yoast-seo-meta-tag\" \/>\n<meta property=\"og:site_name\" content=\"CMH\" class=\"yoast-seo-meta-tag\" \/>\n<meta property=\"article:modified_time\" content=\"2023-01-03T15:42:51+00:00\" class=\"yoast-seo-meta-tag\" \/>\n<meta name=\"twitter:card\" content=\"summary_large_image\" class=\"yoast-seo-meta-tag\" \/>\n<script type=\"application\/ld+json\" class=\"yoast-schema-graph\">{\"@context\":\"https:\/\/schema.org\",\"@graph\":[{\"@type\":\"WebPage\",\"@id\":\"https:\/\/cmh.ens.fr\/en\/evenement\/genre-et-mise-au-travail-des-precaires\/\",\"url\":\"https:\/\/cmh.ens.fr\/en\/evenement\/genre-et-mise-au-travail-des-precaires\/\",\"name\":\"Genre et mise au travail des pr\u00e9caires - CMH\",\"isPartOf\":{\"@id\":\"https:\/\/cmh.ens.fr\/en\/#website\"},\"datePublished\":\"2023-01-03T15:41:55+00:00\",\"dateModified\":\"2023-01-03T15:42:51+00:00\",\"breadcrumb\":{\"@id\":\"https:\/\/cmh.ens.fr\/en\/evenement\/genre-et-mise-au-travail-des-precaires\/#breadcrumb\"},\"inLanguage\":\"en-US\",\"potentialAction\":[{\"@type\":\"ReadAction\",\"target\":[\"https:\/\/cmh.ens.fr\/en\/evenement\/genre-et-mise-au-travail-des-precaires\/\"]}]},{\"@type\":\"BreadcrumbList\",\"@id\":\"https:\/\/cmh.ens.fr\/en\/evenement\/genre-et-mise-au-travail-des-precaires\/#breadcrumb\",\"itemListElement\":[{\"@type\":\"ListItem\",\"position\":1,\"name\":\"Accueil\",\"item\":\"https:\/\/cmh.ens.fr\/\"},{\"@type\":\"ListItem\",\"position\":2,\"name\":\"\u00c9v\u00e8nements\",\"item\":\"https:\/\/cmh.ens.fr\/evenement\/\"},{\"@type\":\"ListItem\",\"position\":3,\"name\":\"Genre et mise au travail des pr\u00e9caires\"}]},{\"@type\":\"WebSite\",\"@id\":\"https:\/\/cmh.ens.fr\/en\/#website\",\"url\":\"https:\/\/cmh.ens.fr\/en\/\",\"name\":\"CMH\",\"description\":\"Centre Maurice Halbwachs\",\"publisher\":{\"@id\":\"https:\/\/cmh.ens.fr\/en\/#organization\"},\"potentialAction\":[{\"@type\":\"SearchAction\",\"target\":{\"@type\":\"EntryPoint\",\"urlTemplate\":\"https:\/\/cmh.ens.fr\/en\/?s={search_term_string}\"},\"query-input\":{\"@type\":\"PropertyValueSpecification\",\"valueRequired\":true,\"valueName\":\"search_term_string\"}}],\"inLanguage\":\"en-US\"},{\"@type\":\"Organization\",\"@id\":\"https:\/\/cmh.ens.fr\/en\/#organization\",\"name\":\"Centre Maurice Halbwachs\",\"url\":\"https:\/\/cmh.ens.fr\/en\/\",\"logo\":{\"@type\":\"ImageObject\",\"inLanguage\":\"en-US\",\"@id\":\"https:\/\/cmh.ens.fr\/en\/#\/schema\/logo\/image\/\",\"url\":\"https:\/\/www.cmh.ens.fr\/wp-content\/uploads\/siteon0.jpg\",\"contentUrl\":\"https:\/\/www.cmh.ens.fr\/wp-content\/uploads\/siteon0.jpg\",\"width\":86,\"height\":53,\"caption\":\"Centre Maurice Halbwachs\"},\"image\":{\"@id\":\"https:\/\/cmh.ens.fr\/en\/#\/schema\/logo\/image\/\"}}]}<\/script>\n<!-- \/ Yoast SEO plugin. -->","yoast_head_json":{"title":"CMH","robots":{"index":"index","follow":"follow","max-snippet":"max-snippet:-1","max-image-preview":"max-image-preview:large","max-video-preview":"max-video-preview:-1"},"canonical":"https:\/\/cmh.ens.fr\/en\/evenement\/genre-et-mise-au-travail-des-precaires\/","og_locale":"en_US","og_type":"article","og_title":"Genre et mise au travail des pr\u00e9caires - CMH","og_description":"Clarisse Madiot&nbsp;(sociologue, Univ. Paris-Est, UPEC, Laboratoire LIRTES), \u00ab\u00a0Maman en insertion\u00a0: du projet au parcours vers l&#8217;emploi\u00a0\u00bb Noemi Martorano&nbsp;(sociologue, FISPPA &#8211; Univ. degli studi di Padova et IDHES Nanterre), \u00ab\u00a0De victimes \u00e0 Asylum Queen\u00a0: r\u00e9fugi\u00e9es Nig\u00e9riennes et parcours d&rsquo;int\u00e9gration par le travail en Italie\u00a0\u00bb","og_url":"https:\/\/cmh.ens.fr\/en\/evenement\/genre-et-mise-au-travail-des-precaires\/","og_site_name":"CMH","article_modified_time":"2023-01-03T15:42:51+00:00","twitter_card":"summary_large_image","schema":{"@context":"https:\/\/schema.org","@graph":[{"@type":"WebPage","@id":"https:\/\/cmh.ens.fr\/en\/evenement\/genre-et-mise-au-travail-des-precaires\/","url":"https:\/\/cmh.ens.fr\/en\/evenement\/genre-et-mise-au-travail-des-precaires\/","name":"Genre et mise au travail des pr\u00e9caires - CMH","isPartOf":{"@id":"https:\/\/cmh.ens.fr\/en\/#website"},"datePublished":"2023-01-03T15:41:55+00:00","dateModified":"2023-01-03T15:42:51+00:00","breadcrumb":{"@id":"https:\/\/cmh.ens.fr\/en\/evenement\/genre-et-mise-au-travail-des-precaires\/#breadcrumb"},"inLanguage":"en-US","potentialAction":[{"@type":"ReadAction","target":["https:\/\/cmh.ens.fr\/en\/evenement\/genre-et-mise-au-travail-des-precaires\/"]}]},{"@type":"BreadcrumbList","@id":"https:\/\/cmh.ens.fr\/en\/evenement\/genre-et-mise-au-travail-des-precaires\/#breadcrumb","itemListElement":[{"@type":"ListItem","position":1,"name":"Accueil","item":"https:\/\/cmh.ens.fr\/"},{"@type":"ListItem","position":2,"name":"\u00c9v\u00e8nements","item":"https:\/\/cmh.ens.fr\/evenement\/"},{"@type":"ListItem","position":3,"name":"Genre et mise au travail des pr\u00e9caires"}]},{"@type":"WebSite","@id":"https:\/\/cmh.ens.fr\/en\/#website","url":"https:\/\/cmh.ens.fr\/en\/","name":"CMH","description":"Centre Maurice Halbwachs","publisher":{"@id":"https:\/\/cmh.ens.fr\/en\/#organization"},"potentialAction":[{"@type":"SearchAction","target":{"@type":"EntryPoint","urlTemplate":"https:\/\/cmh.ens.fr\/en\/?s={search_term_string}"},"query-input":{"@type":"PropertyValueSpecification","valueRequired":true,"valueName":"search_term_string"}}],"inLanguage":"en-US"},{"@type":"Organization","@id":"https:\/\/cmh.ens.fr\/en\/#organization","name":"Centre Maurice Halbwachs","url":"https:\/\/cmh.ens.fr\/en\/","logo":{"@type":"ImageObject","inLanguage":"en-US","@id":"https:\/\/cmh.ens.fr\/en\/#\/schema\/logo\/image\/","url":"https:\/\/www.cmh.ens.fr\/wp-content\/uploads\/siteon0.jpg","contentUrl":"https:\/\/www.cmh.ens.fr\/wp-content\/uploads\/siteon0.jpg","width":86,"height":53,"caption":"Centre Maurice Halbwachs"},"image":{"@id":"https:\/\/cmh.ens.fr\/en\/#\/schema\/logo\/image\/"}}]}},"_links":{"self":[{"href":"https:\/\/cmh.ens.fr\/en\/wp-json\/wp\/v2\/evenement\/11115"}],"collection":[{"href":"https:\/\/cmh.ens.fr\/en\/wp-json\/wp\/v2\/evenement"}],"about":[{"href":"https:\/\/cmh.ens.fr\/en\/wp-json\/wp\/v2\/types\/evenement"}],"version-history":[{"count":4,"href":"https:\/\/cmh.ens.fr\/en\/wp-json\/wp\/v2\/evenement\/11115\/revisions"}],"predecessor-version":[{"id":11119,"href":"https:\/\/cmh.ens.fr\/en\/wp-json\/wp\/v2\/evenement\/11115\/revisions\/11119"}],"wp:attachment":[{"href":"https:\/\/cmh.ens.fr\/en\/wp-json\/wp\/v2\/media?parent=11115"}],"wp:term":[{"taxonomy":"typologies_evenement","embeddable":true,"href":"https:\/\/cmh.ens.fr\/en\/wp-json\/wp\/v2\/typologies_evenement?post=11115"}],"curies":[{"name":"wp","href":"https:\/\/api.w.org\/{rel}","templated":true}]}}

Genre et mise au travail des précaires

<p><strong>Clarisse Madiot</strong>&nbsp;(sociologue, Univ. Paris-Est, UPEC, Laboratoire LIRTES), « Maman en insertion : du projet au parcours vers l&#8217;emploi »</p>



<p><strong>Noemi Martorano</strong>&nbsp;(sociologue, FISPPA &#8211; Univ. degli studi di Padova et IDHES Nanterre), « De victimes à Asylum Queen : réfugiées Nigériennes et parcours d&rsquo;intégration par le travail en Italie »</p>

<!-- This site is optimized with the Yoast SEO plugin v25.6 - https://yoast.com/wordpress/plugins/seo/ -->
<title>CMH</title>
<meta name="robots" content="index, follow, max-snippet:-1, max-image-preview:large, max-video-preview:-1" />
<link rel="canonical" href="https://cmh.ens.fr/en/evenement/genre-et-mise-au-travail-des-precaires/" class="yoast-seo-meta-tag" />
<meta property="og:locale" content="en_US" class="yoast-seo-meta-tag" />
<meta property="og:type" content="article" class="yoast-seo-meta-tag" />
<meta property="og:title" content="Genre et mise au travail des précaires - CMH" class="yoast-seo-meta-tag" />
<meta property="og:description" content="Clarisse Madiot&nbsp;(sociologue, Univ. Paris-Est, UPEC, Laboratoire LIRTES), « Maman en insertion : du projet au parcours vers l&#8217;emploi » Noemi Martorano&nbsp;(sociologue, FISPPA &#8211; Univ. degli studi di Padova et IDHES Nanterre), « De victimes à Asylum Queen : réfugiées Nigériennes et parcours d&rsquo;intégration par le travail en Italie »" class="yoast-seo-meta-tag" />
<meta property="og:url" content="https://cmh.ens.fr/en/evenement/genre-et-mise-au-travail-des-precaires/" class="yoast-seo-meta-tag" />
<meta property="og:site_name" content="CMH" class="yoast-seo-meta-tag" />
<meta property="article:modified_time" content="2023-01-03T15:42:51+00:00" class="yoast-seo-meta-tag" />
<meta name="twitter:card" content="summary_large_image" class="yoast-seo-meta-tag" />
<script type="application/ld+json" class="yoast-schema-graph">{"@context":"https://schema.org","@graph":[{"@type":"WebPage","@id":"https://cmh.ens.fr/en/evenement/genre-et-mise-au-travail-des-precaires/","url":"https://cmh.ens.fr/en/evenement/genre-et-mise-au-travail-des-precaires/","name":"Genre et mise au travail des précaires - CMH","isPartOf":{"@id":"https://cmh.ens.fr/en/#website"},"datePublished":"2023-01-03T15:41:55+00:00","dateModified":"2023-01-03T15:42:51+00:00","breadcrumb":{"@id":"https://cmh.ens.fr/en/evenement/genre-et-mise-au-travail-des-precaires/#breadcrumb"},"inLanguage":"en-US","potentialAction":[{"@type":"ReadAction","target":["https://cmh.ens.fr/en/evenement/genre-et-mise-au-travail-des-precaires/"]}]},{"@type":"BreadcrumbList","@id":"https://cmh.ens.fr/en/evenement/genre-et-mise-au-travail-des-precaires/#breadcrumb","itemListElement":[{"@type":"ListItem","position":1,"name":"Accueil","item":"https://cmh.ens.fr/"},{"@type":"ListItem","position":2,"name":"Évènements","item":"https://cmh.ens.fr/evenement/"},{"@type":"ListItem","position":3,"name":"Genre et mise au travail des précaires"}]},{"@type":"WebSite","@id":"https://cmh.ens.fr/en/#website","url":"https://cmh.ens.fr/en/","name":"CMH","description":"Centre Maurice Halbwachs","publisher":{"@id":"https://cmh.ens.fr/en/#organization"},"potentialAction":[{"@type":"SearchAction","target":{"@type":"EntryPoint","urlTemplate":"https://cmh.ens.fr/en/?s={search_term_string}"},"query-input":{"@type":"PropertyValueSpecification","valueRequired":true,"valueName":"search_term_string"}}],"inLanguage":"en-US"},{"@type":"Organization","@id":"https://cmh.ens.fr/en/#organization","name":"Centre Maurice Halbwachs","url":"https://cmh.ens.fr/en/","logo":{"@type":"ImageObject","inLanguage":"en-US","@id":"https://cmh.ens.fr/en/#/schema/logo/image/","url":"https://www.cmh.ens.fr/wp-content/uploads/siteon0.jpg","contentUrl":"https://www.cmh.ens.fr/wp-content/uploads/siteon0.jpg","width":86,"height":53,"caption":"Centre Maurice Halbwachs"},"image":{"@id":"https://cmh.ens.fr/en/#/schema/logo/image/"}}]}</script>
<!-- / Yoast SEO plugin. -->

Genre et mise au travail des précaires - CMH

Clarisse Madiot&nbsp;(sociologue, Univ. Paris-Est, UPEC, Laboratoire LIRTES), « Maman en insertion : du projet au parcours vers l&#8217;emploi » Noemi Martorano&nbsp;(sociologue, FISPPA &#8211; Univ. degli studi di Padova et IDHES Nanterre), « De victimes à Asylum Queen : réfugiées Nigériennes et parcours d&rsquo;intégration par le travail en Italie »

Évènements
