{"id":10214,"date":"2022-05-23T14:52:40","date_gmt":"2022-05-23T12:52:40","guid":{"rendered":"https:\/\/www.cmh.ens.fr\/?post_type=evenement&#038;p=10214"},"modified":"2022-06-07T10:26:19","modified_gmt":"2022-06-07T08:26:19","slug":"seminaire-ines-cmh-autour-de-la-recherche-participative-coralim","status":"publish","type":"evenement","link":"https:\/\/cmh.ens.fr\/en\/evenement\/seminaire-ines-cmh-autour-de-la-recherche-participative-coralim\/","title":{"rendered":"S\u00e9minaire INES-CMH autour           de la recherche           participative CORALIM"},"content":{"rendered":"<p>Programme du s\u00e9minaire de 15h \u00e0 16h<\/p>\n\n\n\n<p>Christine Tichit (CMH), <em>L\u2019enqu\u00eate CORALIM, bilan d\u2019une d\u00e9cennie de recherche participative dans la perspective des mixed-methods<\/em>.<\/p>\n\n\n\n<p>Les \u00e9l\u00e8ves de la classe de 6<sup>\u00e8me<\/sup> A (Coll\u00e8ge Mozart, Paris 19<sup>\u00e8me<\/sup>), <em>La cantine et l\u2019alimentation des \u00e9l\u00e8ves, R\u00e9sultats CORALIM<\/em><\/p>\n\n\n\n<p>Rebecca Ndour (CMH), Jieun Jeong (Master QESS, ENS-EHESS), Christine Tichit (CMH), <em>L\u2019exp\u00e9rience in\u00e9gale du confinement chez les enfants&nbsp;: un quotidien tiraill\u00e9 entre t\u00e9l\u00e9travail, ch\u00f4mage technique et travail parental dans les secteurs de premi\u00e8re n\u00e9cessit\u00e9.<\/em><\/p>\n\n\n\n<p>L\u2019\u00e9v\u00e8nement sera associ\u00e9 \u00e0 une exposition photographique pr\u00e9sentant des photos d\u2019\u00e9l\u00e8ves r\u00e9alis\u00e9es en 2016 dans CORALIM, avec la photographe <a href=\"http:\/\/www.hortensesoichet.com\/\">Hortense Soichet<\/a> et la <a href=\"http:\/\/www.mgi-paris.org\/\">Maison du Geste et de l\u2019Image<\/a>, dans une perspective pluridisciplinaire pour observer et travailler sur la construction du rapport au corps \u00e0 l\u2019adolescence.<\/p>\n\n\n\n<p><strong>Exposition photographique CORALIM,\u00a0\u00ab&nbsp;En qu\u00eate de corps&nbsp;\u00bb<\/strong><\/p>\n\n\n\n<p>Hall de l\u2019ENS 30 mai-3 juin 2022<\/p>","protected":false},"featured_media":0,"template":"","typologies_evenement":[66],"class_list":["post-10214","evenement","type-evenement","status-publish","hentry","typologies_evenement-seminaire-du-cmh"],"acf":[],"yoast_head":"<!-- This site is optimized with the Yoast SEO plugin v25.6 - https:\/\/yoast.com\/wordpress\/plugins\/seo\/ -->\n<title>CMH<\/title>\n<meta name=\"robots\" content=\"index, follow, max-snippet:-1, max-image-preview:large, max-video-preview:-1\" \/>\n<link rel=\"canonical\" href=\"https:\/\/cmh.ens.fr\/en\/evenement\/seminaire-ines-cmh-autour-de-la-recherche-participative-coralim\/\" class=\"yoast-seo-meta-tag\" \/>\n<meta property=\"og:locale\" content=\"en_US\" class=\"yoast-seo-meta-tag\" \/>\n<meta property=\"og:type\" content=\"article\" class=\"yoast-seo-meta-tag\" \/>\n<meta property=\"og:title\" content=\"S\u00e9minaire INES-CMH autour      de la recherche      participative CORALIM - CMH\" class=\"yoast-seo-meta-tag\" \/>\n<meta property=\"og:description\" content=\"Programme du s\u00e9minaire de 15h \u00e0 16h Christine Tichit (CMH), L\u2019enqu\u00eate CORALIM, bilan d\u2019une d\u00e9cennie de recherche participative dans la perspective des mixed-methods. Les \u00e9l\u00e8ves de la classe de 6\u00e8me A (Coll\u00e8ge Mozart, Paris 19\u00e8me), La cantine et l\u2019alimentation des \u00e9l\u00e8ves, R\u00e9sultats CORALIM Rebecca Ndour (CMH), Jieun Jeong (Master QESS, ENS-EHESS), Christine Tichit (CMH), L\u2019exp\u00e9rience [&hellip;]\" class=\"yoast-seo-meta-tag\" \/>\n<meta property=\"og:url\" content=\"https:\/\/cmh.ens.fr\/en\/evenement\/seminaire-ines-cmh-autour-de-la-recherche-participative-coralim\/\" class=\"yoast-seo-meta-tag\" \/>\n<meta property=\"og:site_name\" content=\"CMH\" class=\"yoast-seo-meta-tag\" \/>\n<meta property=\"article:modified_time\" content=\"2022-06-07T08:26:19+00:00\" class=\"yoast-seo-meta-tag\" \/>\n<meta name=\"twitter:card\" content=\"summary_large_image\" class=\"yoast-seo-meta-tag\" \/>\n<meta name=\"twitter:label1\" content=\"Est. reading time\" class=\"yoast-seo-meta-tag\" \/>\n\t<meta name=\"twitter:data1\" content=\"1 minute\" class=\"yoast-seo-meta-tag\" \/>\n<script type=\"application\/ld+json\" class=\"yoast-schema-graph\">{\"@context\":\"https:\/\/schema.org\",\"@graph\":[{\"@type\":\"WebPage\",\"@id\":\"https:\/\/cmh.ens.fr\/en\/evenement\/seminaire-ines-cmh-autour-de-la-recherche-participative-coralim\/\",\"url\":\"https:\/\/cmh.ens.fr\/en\/evenement\/seminaire-ines-cmh-autour-de-la-recherche-participative-coralim\/\",\"name\":\"S\u00e9minaire INES-CMH autour de la recherche participative CORALIM - CMH\",\"isPartOf\":{\"@id\":\"https:\/\/cmh.ens.fr\/en\/#website\"},\"datePublished\":\"2022-05-23T12:52:40+00:00\",\"dateModified\":\"2022-06-07T08:26:19+00:00\",\"breadcrumb\":{\"@id\":\"https:\/\/cmh.ens.fr\/en\/evenement\/seminaire-ines-cmh-autour-de-la-recherche-participative-coralim\/#breadcrumb\"},\"inLanguage\":\"en-US\",\"potentialAction\":[{\"@type\":\"ReadAction\",\"target\":[\"https:\/\/cmh.ens.fr\/en\/evenement\/seminaire-ines-cmh-autour-de-la-recherche-participative-coralim\/\"]}]},{\"@type\":\"BreadcrumbList\",\"@id\":\"https:\/\/cmh.ens.fr\/en\/evenement\/seminaire-ines-cmh-autour-de-la-recherche-participative-coralim\/#breadcrumb\",\"itemListElement\":[{\"@type\":\"ListItem\",\"position\":1,\"name\":\"Accueil\",\"item\":\"https:\/\/cmh.ens.fr\/\"},{\"@type\":\"ListItem\",\"position\":2,\"name\":\"\u00c9v\u00e8nements\",\"item\":\"https:\/\/cmh.ens.fr\/evenement\/\"},{\"@type\":\"ListItem\",\"position\":3,\"name\":\"S\u00e9minaire INES-CMH autour de la recherche participative CORALIM\"}]},{\"@type\":\"WebSite\",\"@id\":\"https:\/\/cmh.ens.fr\/en\/#website\",\"url\":\"https:\/\/cmh.ens.fr\/en\/\",\"name\":\"CMH\",\"description\":\"Centre Maurice Halbwachs\",\"publisher\":{\"@id\":\"https:\/\/cmh.ens.fr\/en\/#organization\"},\"potentialAction\":[{\"@type\":\"SearchAction\",\"target\":{\"@type\":\"EntryPoint\",\"urlTemplate\":\"https:\/\/cmh.ens.fr\/en\/?s={search_term_string}\"},\"query-input\":{\"@type\":\"PropertyValueSpecification\",\"valueRequired\":true,\"valueName\":\"search_term_string\"}}],\"inLanguage\":\"en-US\"},{\"@type\":\"Organization\",\"@id\":\"https:\/\/cmh.ens.fr\/en\/#organization\",\"name\":\"Centre Maurice Halbwachs\",\"url\":\"https:\/\/cmh.ens.fr\/en\/\",\"logo\":{\"@type\":\"ImageObject\",\"inLanguage\":\"en-US\",\"@id\":\"https:\/\/cmh.ens.fr\/en\/#\/schema\/logo\/image\/\",\"url\":\"https:\/\/www.cmh.ens.fr\/wp-content\/uploads\/siteon0.jpg\",\"contentUrl\":\"https:\/\/www.cmh.ens.fr\/wp-content\/uploads\/siteon0.jpg\",\"width\":86,\"height\":53,\"caption\":\"Centre Maurice Halbwachs\"},\"image\":{\"@id\":\"https:\/\/cmh.ens.fr\/en\/#\/schema\/logo\/image\/\"}}]}<\/script>\n<!-- \/ Yoast SEO plugin. -->","yoast_head_json":{"title":"CMH","robots":{"index":"index","follow":"follow","max-snippet":"max-snippet:-1","max-image-preview":"max-image-preview:large","max-video-preview":"max-video-preview:-1"},"canonical":"https:\/\/cmh.ens.fr\/en\/evenement\/seminaire-ines-cmh-autour-de-la-recherche-participative-coralim\/","og_locale":"en_US","og_type":"article","og_title":"S\u00e9minaire INES-CMH autour      de la recherche      participative CORALIM - CMH","og_description":"Programme du s\u00e9minaire de 15h \u00e0 16h Christine Tichit (CMH), L\u2019enqu\u00eate CORALIM, bilan d\u2019une d\u00e9cennie de recherche participative dans la perspective des mixed-methods. Les \u00e9l\u00e8ves de la classe de 6\u00e8me A (Coll\u00e8ge Mozart, Paris 19\u00e8me), La cantine et l\u2019alimentation des \u00e9l\u00e8ves, R\u00e9sultats CORALIM Rebecca Ndour (CMH), Jieun Jeong (Master QESS, ENS-EHESS), Christine Tichit (CMH), L\u2019exp\u00e9rience [&hellip;]","og_url":"https:\/\/cmh.ens.fr\/en\/evenement\/seminaire-ines-cmh-autour-de-la-recherche-participative-coralim\/","og_site_name":"CMH","article_modified_time":"2022-06-07T08:26:19+00:00","twitter_card":"summary_large_image","twitter_misc":{"Est. reading time":"1 minute"},"schema":{"@context":"https:\/\/schema.org","@graph":[{"@type":"WebPage","@id":"https:\/\/cmh.ens.fr\/en\/evenement\/seminaire-ines-cmh-autour-de-la-recherche-participative-coralim\/","url":"https:\/\/cmh.ens.fr\/en\/evenement\/seminaire-ines-cmh-autour-de-la-recherche-participative-coralim\/","name":"S\u00e9minaire INES-CMH autour de la recherche participative CORALIM - CMH","isPartOf":{"@id":"https:\/\/cmh.ens.fr\/en\/#website"},"datePublished":"2022-05-23T12:52:40+00:00","dateModified":"2022-06-07T08:26:19+00:00","breadcrumb":{"@id":"https:\/\/cmh.ens.fr\/en\/evenement\/seminaire-ines-cmh-autour-de-la-recherche-participative-coralim\/#breadcrumb"},"inLanguage":"en-US","potentialAction":[{"@type":"ReadAction","target":["https:\/\/cmh.ens.fr\/en\/evenement\/seminaire-ines-cmh-autour-de-la-recherche-participative-coralim\/"]}]},{"@type":"BreadcrumbList","@id":"https:\/\/cmh.ens.fr\/en\/evenement\/seminaire-ines-cmh-autour-de-la-recherche-participative-coralim\/#breadcrumb","itemListElement":[{"@type":"ListItem","position":1,"name":"Accueil","item":"https:\/\/cmh.ens.fr\/"},{"@type":"ListItem","position":2,"name":"\u00c9v\u00e8nements","item":"https:\/\/cmh.ens.fr\/evenement\/"},{"@type":"ListItem","position":3,"name":"S\u00e9minaire INES-CMH autour de la recherche participative CORALIM"}]},{"@type":"WebSite","@id":"https:\/\/cmh.ens.fr\/en\/#website","url":"https:\/\/cmh.ens.fr\/en\/","name":"CMH","description":"Centre Maurice Halbwachs","publisher":{"@id":"https:\/\/cmh.ens.fr\/en\/#organization"},"potentialAction":[{"@type":"SearchAction","target":{"@type":"EntryPoint","urlTemplate":"https:\/\/cmh.ens.fr\/en\/?s={search_term_string}"},"query-input":{"@type":"PropertyValueSpecification","valueRequired":true,"valueName":"search_term_string"}}],"inLanguage":"en-US"},{"@type":"Organization","@id":"https:\/\/cmh.ens.fr\/en\/#organization","name":"Centre Maurice Halbwachs","url":"https:\/\/cmh.ens.fr\/en\/","logo":{"@type":"ImageObject","inLanguage":"en-US","@id":"https:\/\/cmh.ens.fr\/en\/#\/schema\/logo\/image\/","url":"https:\/\/www.cmh.ens.fr\/wp-content\/uploads\/siteon0.jpg","contentUrl":"https:\/\/www.cmh.ens.fr\/wp-content\/uploads\/siteon0.jpg","width":86,"height":53,"caption":"Centre Maurice Halbwachs"},"image":{"@id":"https:\/\/cmh.ens.fr\/en\/#\/schema\/logo\/image\/"}}]}},"_links":{"self":[{"href":"https:\/\/cmh.ens.fr\/en\/wp-json\/wp\/v2\/evenement\/10214"}],"collection":[{"href":"https:\/\/cmh.ens.fr\/en\/wp-json\/wp\/v2\/evenement"}],"about":[{"href":"https:\/\/cmh.ens.fr\/en\/wp-json\/wp\/v2\/types\/evenement"}],"version-history":[{"count":2,"href":"https:\/\/cmh.ens.fr\/en\/wp-json\/wp\/v2\/evenement\/10214\/revisions"}],"predecessor-version":[{"id":10216,"href":"https:\/\/cmh.ens.fr\/en\/wp-json\/wp\/v2\/evenement\/10214\/revisions\/10216"}],"wp:attachment":[{"href":"https:\/\/cmh.ens.fr\/en\/wp-json\/wp\/v2\/media?parent=10214"}],"wp:term":[{"taxonomy":"typologies_evenement","embeddable":true,"href":"https:\/\/cmh.ens.fr\/en\/wp-json\/wp\/v2\/typologies_evenement?post=10214"}],"curies":[{"name":"wp","href":"https:\/\/api.w.org\/{rel}","templated":true}]}}

Séminaire INES-CMH autour           de la recherche           participative CORALIM

<p>Programme du séminaire de 15h à 16h</p>



<p>Christine Tichit (CMH), <em>L’enquête CORALIM, bilan d’une décennie de recherche participative dans la perspective des mixed-methods</em>.</p>



<p>Les élèves de la classe de 6<sup>ème</sup> A (Collège Mozart, Paris 19<sup>ème</sup>), <em>La cantine et l’alimentation des élèves, Résultats CORALIM</em></p>



<p>Rebecca Ndour (CMH), Jieun Jeong (Master QESS, ENS-EHESS), Christine Tichit (CMH), <em>L’expérience inégale du confinement chez les enfants&nbsp;: un quotidien tiraillé entre télétravail, chômage technique et travail parental dans les secteurs de première nécessité.</em></p>



<p>L’évènement sera associé à une exposition photographique présentant des photos d’élèves réalisées en 2016 dans CORALIM, avec la photographe <a href="http://www.hortensesoichet.com/">Hortense Soichet</a> et la <a href="http://www.mgi-paris.org/">Maison du Geste et de l’Image</a>, dans une perspective pluridisciplinaire pour observer et travailler sur la construction du rapport au corps à l’adolescence.</p>



<p><strong>Exposition photographique CORALIM, «&nbsp;En quête de corps&nbsp;»</strong></p>



<p>Hall de l’ENS 30 mai-3 juin 2022</p>

<!-- This site is optimized with the Yoast SEO plugin v25.6 - https://yoast.com/wordpress/plugins/seo/ -->
<title>CMH</title>
<meta name="robots" content="index, follow, max-snippet:-1, max-image-preview:large, max-video-preview:-1" />
<link rel="canonical" href="https://cmh.ens.fr/en/evenement/seminaire-ines-cmh-autour-de-la-recherche-participative-coralim/" class="yoast-seo-meta-tag" />
<meta property="og:locale" content="en_US" class="yoast-seo-meta-tag" />
<meta property="og:type" content="article" class="yoast-seo-meta-tag" />
<meta property="og:title" content="Séminaire INES-CMH autour      de la recherche      participative CORALIM - CMH" class="yoast-seo-meta-tag" />
<meta property="og:description" content="Programme du séminaire de 15h à 16h Christine Tichit (CMH), L’enquête CORALIM, bilan d’une décennie de recherche participative dans la perspective des mixed-methods. Les élèves de la classe de 6ème A (Collège Mozart, Paris 19ème), La cantine et l’alimentation des élèves, Résultats CORALIM Rebecca Ndour (CMH), Jieun Jeong (Master QESS, ENS-EHESS), Christine Tichit (CMH), L’expérience [&hellip;]" class="yoast-seo-meta-tag" />
<meta property="og:url" content="https://cmh.ens.fr/en/evenement/seminaire-ines-cmh-autour-de-la-recherche-participative-coralim/" class="yoast-seo-meta-tag" />
<meta property="og:site_name" content="CMH" class="yoast-seo-meta-tag" />
<meta property="article:modified_time" content="2022-06-07T08:26:19+00:00" class="yoast-seo-meta-tag" />
<meta name="twitter:card" content="summary_large_image" class="yoast-seo-meta-tag" />
<meta name="twitter:label1" content="Est. reading time" class="yoast-seo-meta-tag" />
	<meta name="twitter:data1" content="1 minute" class="yoast-seo-meta-tag" />
<script type="application/ld+json" class="yoast-schema-graph">{"@context":"https://schema.org","@graph":[{"@type":"WebPage","@id":"https://cmh.ens.fr/en/evenement/seminaire-ines-cmh-autour-de-la-recherche-participative-coralim/","url":"https://cmh.ens.fr/en/evenement/seminaire-ines-cmh-autour-de-la-recherche-participative-coralim/","name":"Séminaire INES-CMH autour de la recherche participative CORALIM - CMH","isPartOf":{"@id":"https://cmh.ens.fr/en/#website"},"datePublished":"2022-05-23T12:52:40+00:00","dateModified":"2022-06-07T08:26:19+00:00","breadcrumb":{"@id":"https://cmh.ens.fr/en/evenement/seminaire-ines-cmh-autour-de-la-recherche-participative-coralim/#breadcrumb"},"inLanguage":"en-US","potentialAction":[{"@type":"ReadAction","target":["https://cmh.ens.fr/en/evenement/seminaire-ines-cmh-autour-de-la-recherche-participative-coralim/"]}]},{"@type":"BreadcrumbList","@id":"https://cmh.ens.fr/en/evenement/seminaire-ines-cmh-autour-de-la-recherche-participative-coralim/#breadcrumb","itemListElement":[{"@type":"ListItem","position":1,"name":"Accueil","item":"https://cmh.ens.fr/"},{"@type":"ListItem","position":2,"name":"Évènements","item":"https://cmh.ens.fr/evenement/"},{"@type":"ListItem","position":3,"name":"Séminaire INES-CMH autour de la recherche participative CORALIM"}]},{"@type":"WebSite","@id":"https://cmh.ens.fr/en/#website","url":"https://cmh.ens.fr/en/","name":"CMH","description":"Centre Maurice Halbwachs","publisher":{"@id":"https://cmh.ens.fr/en/#organization"},"potentialAction":[{"@type":"SearchAction","target":{"@type":"EntryPoint","urlTemplate":"https://cmh.ens.fr/en/?s={search_term_string}"},"query-input":{"@type":"PropertyValueSpecification","valueRequired":true,"valueName":"search_term_string"}}],"inLanguage":"en-US"},{"@type":"Organization","@id":"https://cmh.ens.fr/en/#organization","name":"Centre Maurice Halbwachs","url":"https://cmh.ens.fr/en/","logo":{"@type":"ImageObject","inLanguage":"en-US","@id":"https://cmh.ens.fr/en/#/schema/logo/image/","url":"https://www.cmh.ens.fr/wp-content/uploads/siteon0.jpg","contentUrl":"https://www.cmh.ens.fr/wp-content/uploads/siteon0.jpg","width":86,"height":53,"caption":"Centre Maurice Halbwachs"},"image":{"@id":"https://cmh.ens.fr/en/#/schema/logo/image/"}}]}</script>
<!-- / Yoast SEO plugin. -->

Séminaire INES-CMH autour      de la recherche      participative CORALIM - CMH

Programme du séminaire de 15h à 16h Christine Tichit (CMH), L’enquête CORALIM, bilan d’une décennie de recherche participative dans la perspective des mixed-methods. Les élèves de la classe de 6ème A (Collège Mozart, Paris 19ème), La cantine et l’alimentation des élèves, Résultats CORALIM Rebecca Ndour (CMH), Jieun Jeong (Master QESS, ENS-EHESS), Christine Tichit (CMH), L’expérience [&hellip;]

Séminaire INES-CMH autour de la recherche participative CORALIM - CMH

Évènements

Séminaire INES-CMH autour de la recherche participative CORALIM
