{"id":3067,"date":"2017-03-23T12:30:00","date_gmt":"2017-03-23T11:30:00","guid":{"rendered":"https:\/\/w3.cmh.ens.fr\/?post_type=distinction&#038;p=3067"},"modified":"2021-04-30T10:43:51","modified_gmt":"2021-04-30T08:43:51","slug":"prix-du-meilleur-ouvrage-sur-le-monde-du-travail-pour-penser-le-travail-pour-penser-lentreprise","status":"publish","type":"distinction","link":"https:\/\/cmh.ens.fr\/en\/distinction\/prix-du-meilleur-ouvrage-sur-le-monde-du-travail-pour-penser-le-travail-pour-penser-lentreprise\/","title":{"rendered":"Prix du meilleur ouvrage sur le monde du travail pour\u00a0\u00ab\u00a0Penser le travail pour penser l\u2019entreprise\u00a0\u00bb"},"content":{"rendered":"<p>Les Presses des Mines ont le plaisir d\u2019annoncer que le Prix du meilleur ouvrage sur le monde du travail (cat\u00e9gorie experts) a \u00e9t\u00e9 remis le 23 mars 2017 par l\u2019ancien ministre du Travail Jean Auroux, aux auteurs du livre\u00a0\u00ab&nbsp;<em>Penser le travail pour penser l\u2019entreprise<\/em>&nbsp;\u00bb, publi\u00e9 aux Presses des Mines de Favereau Olivier, Bidet Alexandra, Le Gall Jean-Marc, Lopes Helena, Roger Baudoin, Seignour Am\u00e9lie.<\/p>","protected":false},"author":1,"featured_media":3068,"template":"","categories_distinctions":[123],"class_list":["post-3067","distinction","type-distinction","status-publish","has-post-thumbnail","hentry","categories_distinctions-prix-du-meilleur-ouvrage"],"acf":[],"yoast_head":"<!-- This site is optimized with the Yoast SEO plugin v25.6 - https:\/\/yoast.com\/wordpress\/plugins\/seo\/ -->\n<title>CMH<\/title>\n<meta name=\"robots\" content=\"index, follow, max-snippet:-1, max-image-preview:large, max-video-preview:-1\" \/>\n<link rel=\"canonical\" href=\"https:\/\/cmh.ens.fr\/en\/distinction\/prix-du-meilleur-ouvrage-sur-le-monde-du-travail-pour-penser-le-travail-pour-penser-lentreprise\/\" class=\"yoast-seo-meta-tag\" \/>\n<meta property=\"og:locale\" content=\"en_US\" class=\"yoast-seo-meta-tag\" \/>\n<meta property=\"og:type\" content=\"article\" class=\"yoast-seo-meta-tag\" \/>\n<meta property=\"og:title\" content=\"Prix du meilleur ouvrage sur le monde du travail pour \u00ab Penser le travail pour penser l\u2019entreprise \u00bb - CMH\" class=\"yoast-seo-meta-tag\" \/>\n<meta property=\"og:description\" content=\"Les Presses des Mines ont le plaisir d\u2019annoncer que le Prix du meilleur ouvrage sur le monde du travail (cat\u00e9gorie experts) a \u00e9t\u00e9 remis le 23 mars 2017 par l\u2019ancien ministre du Travail Jean Auroux, aux auteurs du livre\u00a0\u00ab&nbsp;Penser le travail pour penser l\u2019entreprise&nbsp;\u00bb, publi\u00e9 aux Presses des Mines de Favereau Olivier, Bidet Alexandra, Le [&hellip;]\" class=\"yoast-seo-meta-tag\" \/>\n<meta property=\"og:url\" content=\"https:\/\/cmh.ens.fr\/en\/distinction\/prix-du-meilleur-ouvrage-sur-le-monde-du-travail-pour-penser-le-travail-pour-penser-lentreprise\/\" class=\"yoast-seo-meta-tag\" \/>\n<meta property=\"og:site_name\" content=\"CMH\" class=\"yoast-seo-meta-tag\" \/>\n<meta property=\"article:modified_time\" content=\"2021-04-30T08:43:51+00:00\" class=\"yoast-seo-meta-tag\" \/>\n<meta property=\"og:image\" content=\"https:\/\/cmh.ens.fr\/wp-content\/uploads\/penser-travai-couv2.jpg\" class=\"yoast-seo-meta-tag\" \/>\n\t<meta property=\"og:image:width\" content=\"217\" class=\"yoast-seo-meta-tag\" \/>\n\t<meta property=\"og:image:height\" content=\"325\" class=\"yoast-seo-meta-tag\" \/>\n\t<meta property=\"og:image:type\" content=\"image\/jpeg\" class=\"yoast-seo-meta-tag\" \/>\n<meta name=\"twitter:card\" content=\"summary_large_image\" class=\"yoast-seo-meta-tag\" \/>\n<meta name=\"twitter:label1\" content=\"Est. reading time\" class=\"yoast-seo-meta-tag\" \/>\n\t<meta name=\"twitter:data1\" content=\"1 minute\" class=\"yoast-seo-meta-tag\" \/>\n<script type=\"application\/ld+json\" class=\"yoast-schema-graph\">{\"@context\":\"https:\/\/schema.org\",\"@graph\":[{\"@type\":\"WebPage\",\"@id\":\"https:\/\/cmh.ens.fr\/en\/distinction\/prix-du-meilleur-ouvrage-sur-le-monde-du-travail-pour-penser-le-travail-pour-penser-lentreprise\/\",\"url\":\"https:\/\/cmh.ens.fr\/en\/distinction\/prix-du-meilleur-ouvrage-sur-le-monde-du-travail-pour-penser-le-travail-pour-penser-lentreprise\/\",\"name\":\"Prix du meilleur ouvrage sur le monde du travail pour \u00ab Penser le travail pour penser l\u2019entreprise \u00bb - CMH\",\"isPartOf\":{\"@id\":\"https:\/\/cmh.ens.fr\/en\/#website\"},\"primaryImageOfPage\":{\"@id\":\"https:\/\/cmh.ens.fr\/en\/distinction\/prix-du-meilleur-ouvrage-sur-le-monde-du-travail-pour-penser-le-travail-pour-penser-lentreprise\/#primaryimage\"},\"image\":{\"@id\":\"https:\/\/cmh.ens.fr\/en\/distinction\/prix-du-meilleur-ouvrage-sur-le-monde-du-travail-pour-penser-le-travail-pour-penser-lentreprise\/#primaryimage\"},\"thumbnailUrl\":\"https:\/\/cmh.ens.fr\/wp-content\/uploads\/penser-travai-couv2.jpg\",\"datePublished\":\"2017-03-23T11:30:00+00:00\",\"dateModified\":\"2021-04-30T08:43:51+00:00\",\"breadcrumb\":{\"@id\":\"https:\/\/cmh.ens.fr\/en\/distinction\/prix-du-meilleur-ouvrage-sur-le-monde-du-travail-pour-penser-le-travail-pour-penser-lentreprise\/#breadcrumb\"},\"inLanguage\":\"en-US\",\"potentialAction\":[{\"@type\":\"ReadAction\",\"target\":[\"https:\/\/cmh.ens.fr\/en\/distinction\/prix-du-meilleur-ouvrage-sur-le-monde-du-travail-pour-penser-le-travail-pour-penser-lentreprise\/\"]}]},{\"@type\":\"ImageObject\",\"inLanguage\":\"en-US\",\"@id\":\"https:\/\/cmh.ens.fr\/en\/distinction\/prix-du-meilleur-ouvrage-sur-le-monde-du-travail-pour-penser-le-travail-pour-penser-lentreprise\/#primaryimage\",\"url\":\"https:\/\/cmh.ens.fr\/wp-content\/uploads\/penser-travai-couv2.jpg\",\"contentUrl\":\"https:\/\/cmh.ens.fr\/wp-content\/uploads\/penser-travai-couv2.jpg\",\"width\":217,\"height\":325},{\"@type\":\"BreadcrumbList\",\"@id\":\"https:\/\/cmh.ens.fr\/en\/distinction\/prix-du-meilleur-ouvrage-sur-le-monde-du-travail-pour-penser-le-travail-pour-penser-lentreprise\/#breadcrumb\",\"itemListElement\":[{\"@type\":\"ListItem\",\"position\":1,\"name\":\"Accueil\",\"item\":\"https:\/\/cmh.ens.fr\/\"},{\"@type\":\"ListItem\",\"position\":2,\"name\":\"Distinctions\",\"item\":\"https:\/\/cmh.ens.fr\/distinction\/\"},{\"@type\":\"ListItem\",\"position\":3,\"name\":\"Prix du meilleur ouvrage sur le monde du travail pour\u00a0\u00ab\u00a0Penser le travail pour penser l\u2019entreprise\u00a0\u00bb\"}]},{\"@type\":\"WebSite\",\"@id\":\"https:\/\/cmh.ens.fr\/en\/#website\",\"url\":\"https:\/\/cmh.ens.fr\/en\/\",\"name\":\"CMH\",\"description\":\"Centre Maurice Halbwachs\",\"publisher\":{\"@id\":\"https:\/\/cmh.ens.fr\/en\/#organization\"},\"potentialAction\":[{\"@type\":\"SearchAction\",\"target\":{\"@type\":\"EntryPoint\",\"urlTemplate\":\"https:\/\/cmh.ens.fr\/en\/?s={search_term_string}\"},\"query-input\":{\"@type\":\"PropertyValueSpecification\",\"valueRequired\":true,\"valueName\":\"search_term_string\"}}],\"inLanguage\":\"en-US\"},{\"@type\":\"Organization\",\"@id\":\"https:\/\/cmh.ens.fr\/en\/#organization\",\"name\":\"Centre Maurice Halbwachs\",\"url\":\"https:\/\/cmh.ens.fr\/en\/\",\"logo\":{\"@type\":\"ImageObject\",\"inLanguage\":\"en-US\",\"@id\":\"https:\/\/cmh.ens.fr\/en\/#\/schema\/logo\/image\/\",\"url\":\"https:\/\/www.cmh.ens.fr\/wp-content\/uploads\/siteon0.jpg\",\"contentUrl\":\"https:\/\/www.cmh.ens.fr\/wp-content\/uploads\/siteon0.jpg\",\"width\":86,\"height\":53,\"caption\":\"Centre Maurice Halbwachs\"},\"image\":{\"@id\":\"https:\/\/cmh.ens.fr\/en\/#\/schema\/logo\/image\/\"}}]}<\/script>\n<!-- \/ Yoast SEO plugin. -->","yoast_head_json":{"title":"CMH","robots":{"index":"index","follow":"follow","max-snippet":"max-snippet:-1","max-image-preview":"max-image-preview:large","max-video-preview":"max-video-preview:-1"},"canonical":"https:\/\/cmh.ens.fr\/en\/distinction\/prix-du-meilleur-ouvrage-sur-le-monde-du-travail-pour-penser-le-travail-pour-penser-lentreprise\/","og_locale":"en_US","og_type":"article","og_title":"Prix du meilleur ouvrage sur le monde du travail pour \u00ab Penser le travail pour penser l\u2019entreprise \u00bb - CMH","og_description":"Les Presses des Mines ont le plaisir d\u2019annoncer que le Prix du meilleur ouvrage sur le monde du travail (cat\u00e9gorie experts) a \u00e9t\u00e9 remis le 23 mars 2017 par l\u2019ancien ministre du Travail Jean Auroux, aux auteurs du livre\u00a0\u00ab&nbsp;Penser le travail pour penser l\u2019entreprise&nbsp;\u00bb, publi\u00e9 aux Presses des Mines de Favereau Olivier, Bidet Alexandra, Le [&hellip;]","og_url":"https:\/\/cmh.ens.fr\/en\/distinction\/prix-du-meilleur-ouvrage-sur-le-monde-du-travail-pour-penser-le-travail-pour-penser-lentreprise\/","og_site_name":"CMH","article_modified_time":"2021-04-30T08:43:51+00:00","og_image":[{"width":217,"height":325,"url":"https:\/\/cmh.ens.fr\/wp-content\/uploads\/penser-travai-couv2.jpg","type":"image\/jpeg"}],"twitter_card":"summary_large_image","twitter_misc":{"Est. reading time":"1 minute"},"schema":{"@context":"https:\/\/schema.org","@graph":[{"@type":"WebPage","@id":"https:\/\/cmh.ens.fr\/en\/distinction\/prix-du-meilleur-ouvrage-sur-le-monde-du-travail-pour-penser-le-travail-pour-penser-lentreprise\/","url":"https:\/\/cmh.ens.fr\/en\/distinction\/prix-du-meilleur-ouvrage-sur-le-monde-du-travail-pour-penser-le-travail-pour-penser-lentreprise\/","name":"Prix du meilleur ouvrage sur le monde du travail pour \u00ab Penser le travail pour penser l\u2019entreprise \u00bb - CMH","isPartOf":{"@id":"https:\/\/cmh.ens.fr\/en\/#website"},"primaryImageOfPage":{"@id":"https:\/\/cmh.ens.fr\/en\/distinction\/prix-du-meilleur-ouvrage-sur-le-monde-du-travail-pour-penser-le-travail-pour-penser-lentreprise\/#primaryimage"},"image":{"@id":"https:\/\/cmh.ens.fr\/en\/distinction\/prix-du-meilleur-ouvrage-sur-le-monde-du-travail-pour-penser-le-travail-pour-penser-lentreprise\/#primaryimage"},"thumbnailUrl":"https:\/\/cmh.ens.fr\/wp-content\/uploads\/penser-travai-couv2.jpg","datePublished":"2017-03-23T11:30:00+00:00","dateModified":"2021-04-30T08:43:51+00:00","breadcrumb":{"@id":"https:\/\/cmh.ens.fr\/en\/distinction\/prix-du-meilleur-ouvrage-sur-le-monde-du-travail-pour-penser-le-travail-pour-penser-lentreprise\/#breadcrumb"},"inLanguage":"en-US","potentialAction":[{"@type":"ReadAction","target":["https:\/\/cmh.ens.fr\/en\/distinction\/prix-du-meilleur-ouvrage-sur-le-monde-du-travail-pour-penser-le-travail-pour-penser-lentreprise\/"]}]},{"@type":"ImageObject","inLanguage":"en-US","@id":"https:\/\/cmh.ens.fr\/en\/distinction\/prix-du-meilleur-ouvrage-sur-le-monde-du-travail-pour-penser-le-travail-pour-penser-lentreprise\/#primaryimage","url":"https:\/\/cmh.ens.fr\/wp-content\/uploads\/penser-travai-couv2.jpg","contentUrl":"https:\/\/cmh.ens.fr\/wp-content\/uploads\/penser-travai-couv2.jpg","width":217,"height":325},{"@type":"BreadcrumbList","@id":"https:\/\/cmh.ens.fr\/en\/distinction\/prix-du-meilleur-ouvrage-sur-le-monde-du-travail-pour-penser-le-travail-pour-penser-lentreprise\/#breadcrumb","itemListElement":[{"@type":"ListItem","position":1,"name":"Accueil","item":"https:\/\/cmh.ens.fr\/"},{"@type":"ListItem","position":2,"name":"Distinctions","item":"https:\/\/cmh.ens.fr\/distinction\/"},{"@type":"ListItem","position":3,"name":"Prix du meilleur ouvrage sur le monde du travail pour\u00a0\u00ab\u00a0Penser le travail pour penser l\u2019entreprise\u00a0\u00bb"}]},{"@type":"WebSite","@id":"https:\/\/cmh.ens.fr\/en\/#website","url":"https:\/\/cmh.ens.fr\/en\/","name":"CMH","description":"Centre Maurice Halbwachs","publisher":{"@id":"https:\/\/cmh.ens.fr\/en\/#organization"},"potentialAction":[{"@type":"SearchAction","target":{"@type":"EntryPoint","urlTemplate":"https:\/\/cmh.ens.fr\/en\/?s={search_term_string}"},"query-input":{"@type":"PropertyValueSpecification","valueRequired":true,"valueName":"search_term_string"}}],"inLanguage":"en-US"},{"@type":"Organization","@id":"https:\/\/cmh.ens.fr\/en\/#organization","name":"Centre Maurice Halbwachs","url":"https:\/\/cmh.ens.fr\/en\/","logo":{"@type":"ImageObject","inLanguage":"en-US","@id":"https:\/\/cmh.ens.fr\/en\/#\/schema\/logo\/image\/","url":"https:\/\/www.cmh.ens.fr\/wp-content\/uploads\/siteon0.jpg","contentUrl":"https:\/\/www.cmh.ens.fr\/wp-content\/uploads\/siteon0.jpg","width":86,"height":53,"caption":"Centre Maurice Halbwachs"},"image":{"@id":"https:\/\/cmh.ens.fr\/en\/#\/schema\/logo\/image\/"}}]}},"_links":{"self":[{"href":"https:\/\/cmh.ens.fr\/en\/wp-json\/wp\/v2\/distinction\/3067"}],"collection":[{"href":"https:\/\/cmh.ens.fr\/en\/wp-json\/wp\/v2\/distinction"}],"about":[{"href":"https:\/\/cmh.ens.fr\/en\/wp-json\/wp\/v2\/types\/distinction"}],"author":[{"embeddable":true,"href":"https:\/\/cmh.ens.fr\/en\/wp-json\/wp\/v2\/users\/1"}],"version-history":[{"count":0,"href":"https:\/\/cmh.ens.fr\/en\/wp-json\/wp\/v2\/distinction\/3067\/revisions"}],"wp:featuredmedia":[{"embeddable":true,"href":"https:\/\/cmh.ens.fr\/en\/wp-json\/wp\/v2\/media\/3068"}],"wp:attachment":[{"href":"https:\/\/cmh.ens.fr\/en\/wp-json\/wp\/v2\/media?parent=3067"}],"wp:term":[{"taxonomy":"categories_distinctions","embeddable":true,"href":"https:\/\/cmh.ens.fr\/en\/wp-json\/wp\/v2\/categories_distinctions?post=3067"}],"curies":[{"name":"wp","href":"https:\/\/api.w.org\/{rel}","templated":true}]}}

<p>Les Presses des Mines ont le plaisir d’annoncer que le Prix du meilleur ouvrage sur le monde du travail (catégorie experts) a été remis le 23 mars 2017 par l’ancien ministre du Travail Jean Auroux, aux auteurs du livre «&nbsp;<em>Penser le travail pour penser l’entreprise</em>&nbsp;», publié aux Presses des Mines de Favereau Olivier, Bidet Alexandra, Le Gall Jean-Marc, Lopes Helena, Roger Baudoin, Seignour Amélie.</p>

<!-- This site is optimized with the Yoast SEO plugin v25.6 - https://yoast.com/wordpress/plugins/seo/ -->
<title>CMH</title>
<meta name="robots" content="index, follow, max-snippet:-1, max-image-preview:large, max-video-preview:-1" />
<link rel="canonical" href="https://cmh.ens.fr/en/distinction/prix-du-meilleur-ouvrage-sur-le-monde-du-travail-pour-penser-le-travail-pour-penser-lentreprise/" class="yoast-seo-meta-tag" />
<meta property="og:locale" content="en_US" class="yoast-seo-meta-tag" />
<meta property="og:type" content="article" class="yoast-seo-meta-tag" />
<meta property="og:title" content="Prix du meilleur ouvrage sur le monde du travail pour « Penser le travail pour penser l’entreprise » - CMH" class="yoast-seo-meta-tag" />
<meta property="og:description" content="Les Presses des Mines ont le plaisir d’annoncer que le Prix du meilleur ouvrage sur le monde du travail (catégorie experts) a été remis le 23 mars 2017 par l’ancien ministre du Travail Jean Auroux, aux auteurs du livre «&nbsp;Penser le travail pour penser l’entreprise&nbsp;», publié aux Presses des Mines de Favereau Olivier, Bidet Alexandra, Le [&hellip;]" class="yoast-seo-meta-tag" />
<meta property="og:url" content="https://cmh.ens.fr/en/distinction/prix-du-meilleur-ouvrage-sur-le-monde-du-travail-pour-penser-le-travail-pour-penser-lentreprise/" class="yoast-seo-meta-tag" />
<meta property="og:site_name" content="CMH" class="yoast-seo-meta-tag" />
<meta property="article:modified_time" content="2021-04-30T08:43:51+00:00" class="yoast-seo-meta-tag" />
<meta property="og:image" content="https://cmh.ens.fr/wp-content/uploads/penser-travai-couv2.jpg" class="yoast-seo-meta-tag" />
	<meta property="og:image:width" content="217" class="yoast-seo-meta-tag" />
	<meta property="og:image:height" content="325" class="yoast-seo-meta-tag" />
	<meta property="og:image:type" content="image/jpeg" class="yoast-seo-meta-tag" />
<meta name="twitter:card" content="summary_large_image" class="yoast-seo-meta-tag" />
<meta name="twitter:label1" content="Est. reading time" class="yoast-seo-meta-tag" />
	<meta name="twitter:data1" content="1 minute" class="yoast-seo-meta-tag" />
<script type="application/ld+json" class="yoast-schema-graph">{"@context":"https://schema.org","@graph":[{"@type":"WebPage","@id":"https://cmh.ens.fr/en/distinction/prix-du-meilleur-ouvrage-sur-le-monde-du-travail-pour-penser-le-travail-pour-penser-lentreprise/","url":"https://cmh.ens.fr/en/distinction/prix-du-meilleur-ouvrage-sur-le-monde-du-travail-pour-penser-le-travail-pour-penser-lentreprise/","name":"Prix du meilleur ouvrage sur le monde du travail pour « Penser le travail pour penser l’entreprise » - CMH","isPartOf":{"@id":"https://cmh.ens.fr/en/#website"},"primaryImageOfPage":{"@id":"https://cmh.ens.fr/en/distinction/prix-du-meilleur-ouvrage-sur-le-monde-du-travail-pour-penser-le-travail-pour-penser-lentreprise/#primaryimage"},"image":{"@id":"https://cmh.ens.fr/en/distinction/prix-du-meilleur-ouvrage-sur-le-monde-du-travail-pour-penser-le-travail-pour-penser-lentreprise/#primaryimage"},"thumbnailUrl":"https://cmh.ens.fr/wp-content/uploads/penser-travai-couv2.jpg","datePublished":"2017-03-23T11:30:00+00:00","dateModified":"2021-04-30T08:43:51+00:00","breadcrumb":{"@id":"https://cmh.ens.fr/en/distinction/prix-du-meilleur-ouvrage-sur-le-monde-du-travail-pour-penser-le-travail-pour-penser-lentreprise/#breadcrumb"},"inLanguage":"en-US","potentialAction":[{"@type":"ReadAction","target":["https://cmh.ens.fr/en/distinction/prix-du-meilleur-ouvrage-sur-le-monde-du-travail-pour-penser-le-travail-pour-penser-lentreprise/"]}]},{"@type":"ImageObject","inLanguage":"en-US","@id":"https://cmh.ens.fr/en/distinction/prix-du-meilleur-ouvrage-sur-le-monde-du-travail-pour-penser-le-travail-pour-penser-lentreprise/#primaryimage","url":"https://cmh.ens.fr/wp-content/uploads/penser-travai-couv2.jpg","contentUrl":"https://cmh.ens.fr/wp-content/uploads/penser-travai-couv2.jpg","width":217,"height":325},{"@type":"BreadcrumbList","@id":"https://cmh.ens.fr/en/distinction/prix-du-meilleur-ouvrage-sur-le-monde-du-travail-pour-penser-le-travail-pour-penser-lentreprise/#breadcrumb","itemListElement":[{"@type":"ListItem","position":1,"name":"Accueil","item":"https://cmh.ens.fr/"},{"@type":"ListItem","position":2,"name":"Distinctions","item":"https://cmh.ens.fr/distinction/"},{"@type":"ListItem","position":3,"name":"Prix du meilleur ouvrage sur le monde du travail pour « Penser le travail pour penser l’entreprise »"}]},{"@type":"WebSite","@id":"https://cmh.ens.fr/en/#website","url":"https://cmh.ens.fr/en/","name":"CMH","description":"Centre Maurice Halbwachs","publisher":{"@id":"https://cmh.ens.fr/en/#organization"},"potentialAction":[{"@type":"SearchAction","target":{"@type":"EntryPoint","urlTemplate":"https://cmh.ens.fr/en/?s={search_term_string}"},"query-input":{"@type":"PropertyValueSpecification","valueRequired":true,"valueName":"search_term_string"}}],"inLanguage":"en-US"},{"@type":"Organization","@id":"https://cmh.ens.fr/en/#organization","name":"Centre Maurice Halbwachs","url":"https://cmh.ens.fr/en/","logo":{"@type":"ImageObject","inLanguage":"en-US","@id":"https://cmh.ens.fr/en/#/schema/logo/image/","url":"https://www.cmh.ens.fr/wp-content/uploads/siteon0.jpg","contentUrl":"https://www.cmh.ens.fr/wp-content/uploads/siteon0.jpg","width":86,"height":53,"caption":"Centre Maurice Halbwachs"},"image":{"@id":"https://cmh.ens.fr/en/#/schema/logo/image/"}}]}</script>
<!-- / Yoast SEO plugin. -->

Les Presses des Mines ont le plaisir d’annoncer que le Prix du meilleur ouvrage sur le monde du travail (catégorie experts) a été remis le 23 mars 2017 par l’ancien ministre du Travail Jean Auroux, aux auteurs du livre «&nbsp;Penser le travail pour penser l’entreprise&nbsp;», publié aux Presses des Mines de Favereau Olivier, Bidet Alexandra, Le [&hellip;]
