{"id":16131,"date":"2025-12-19T18:19:42","date_gmt":"2025-12-19T17:19:42","guid":{"rendered":"https:\/\/cmh.ens.fr\/?post_type=distinction&#038;p=16131"},"modified":"2025-12-19T18:20:40","modified_gmt":"2025-12-19T17:20:40","slug":"nathan-rivet","status":"publish","type":"distinction","link":"https:\/\/cmh.ens.fr\/en\/distinction\/prix-de-these\/nathan-rivet\/","title":{"rendered":"laur\u00e9at du Prix Jean Carbonnier 2025"},"content":{"rendered":"<p>Le <strong>Prix Jean Carbonnier 2025<\/strong>, organis\u00e9 par l\u2019Institut Robert Badinter, en partenariat avec les \u00e9ditions Lefebvre Dalloz, a \u00e9t\u00e9 attribu\u00e9 \u00e0&nbsp;<strong>Nathan Rivet<\/strong>,&nbsp;ATER au DSS et membre du CMH, pour sa th\u00e8se,<em>&nbsp;Former l\u2019\u00c9tat par sa privatisation. Le recours au secteur priv\u00e9 dans les prisons fran\u00e7aises,<\/em>&nbsp;r\u00e9alis\u00e9e sous la direction de J\u00e9r\u00f4me&nbsp;Pelisse et soutenue le 15 novembre 2024 \u00e0 Sciences Po Paris (<a href=\"https:\/\/institutrobertbadinter.fr\/fr\/actualites\/nathan-rivet-laureat-du-prix-jean-carbonnier-2025-et-gabriel-stettler-mention-speciale-du-jury\/\" target=\"_blank\" rel=\"noreferrer noopener\">consulter<\/a>)<\/p>","protected":false},"author":94,"featured_media":16128,"template":"","categories_distinctions":[120],"class_list":["post-16131","distinction","type-distinction","status-publish","has-post-thumbnail","hentry","categories_distinctions-prix-de-these"],"acf":[],"yoast_head":"<!-- This site is optimized with the Yoast SEO plugin v25.6 - https:\/\/yoast.com\/wordpress\/plugins\/seo\/ -->\n<title>CMH<\/title>\n<meta name=\"robots\" content=\"index, follow, max-snippet:-1, max-image-preview:large, max-video-preview:-1\" \/>\n<link rel=\"canonical\" href=\"https:\/\/cmh.ens.fr\/en\/distinction\/prix-de-these\/nathan-rivet\/\" class=\"yoast-seo-meta-tag\" \/>\n<meta property=\"og:locale\" content=\"en_US\" class=\"yoast-seo-meta-tag\" \/>\n<meta property=\"og:type\" content=\"article\" class=\"yoast-seo-meta-tag\" \/>\n<meta property=\"og:title\" content=\"laur\u00e9at du Prix Jean Carbonnier 2025 - CMH\" class=\"yoast-seo-meta-tag\" \/>\n<meta property=\"og:description\" content=\"Le Prix Jean Carbonnier 2025, organis\u00e9 par l\u2019Institut Robert Badinter, en partenariat avec les \u00e9ditions Lefebvre Dalloz, a \u00e9t\u00e9 attribu\u00e9 \u00e0&nbsp;Nathan Rivet,&nbsp;ATER au DSS et membre du CMH, pour sa th\u00e8se,&nbsp;Former l\u2019\u00c9tat par sa privatisation. Le recours au secteur priv\u00e9 dans les prisons fran\u00e7aises,&nbsp;r\u00e9alis\u00e9e sous la direction de J\u00e9r\u00f4me&nbsp;Pelisse et soutenue le 15 novembre 2024 [&hellip;]\" class=\"yoast-seo-meta-tag\" \/>\n<meta property=\"og:url\" content=\"https:\/\/cmh.ens.fr\/en\/distinction\/prix-de-these\/nathan-rivet\/\" class=\"yoast-seo-meta-tag\" \/>\n<meta property=\"og:site_name\" content=\"CMH\" class=\"yoast-seo-meta-tag\" \/>\n<meta property=\"article:modified_time\" content=\"2025-12-19T17:20:40+00:00\" class=\"yoast-seo-meta-tag\" \/>\n<meta property=\"og:image\" content=\"https:\/\/cmh.ens.fr\/wp-content\/uploads\/NR_GPS-copie-scaled-1.jpeg\" class=\"yoast-seo-meta-tag\" \/>\n\t<meta property=\"og:image:width\" content=\"2560\" class=\"yoast-seo-meta-tag\" \/>\n\t<meta property=\"og:image:height\" content=\"2560\" class=\"yoast-seo-meta-tag\" \/>\n\t<meta property=\"og:image:type\" content=\"image\/jpeg\" class=\"yoast-seo-meta-tag\" \/>\n<meta name=\"twitter:card\" content=\"summary_large_image\" class=\"yoast-seo-meta-tag\" \/>\n<meta name=\"twitter:label1\" content=\"Est. reading time\" class=\"yoast-seo-meta-tag\" \/>\n\t<meta name=\"twitter:data1\" content=\"1 minute\" class=\"yoast-seo-meta-tag\" \/>\n<script type=\"application\/ld+json\" class=\"yoast-schema-graph\">{\"@context\":\"https:\/\/schema.org\",\"@graph\":[{\"@type\":\"WebPage\",\"@id\":\"https:\/\/cmh.ens.fr\/en\/distinction\/prix-de-these\/nathan-rivet\/\",\"url\":\"https:\/\/cmh.ens.fr\/en\/distinction\/prix-de-these\/nathan-rivet\/\",\"name\":\"laur\u00e9at du Prix Jean Carbonnier 2025 - CMH\",\"isPartOf\":{\"@id\":\"https:\/\/cmh.ens.fr\/en\/#website\"},\"primaryImageOfPage\":{\"@id\":\"https:\/\/cmh.ens.fr\/en\/distinction\/prix-de-these\/nathan-rivet\/#primaryimage\"},\"image\":{\"@id\":\"https:\/\/cmh.ens.fr\/en\/distinction\/prix-de-these\/nathan-rivet\/#primaryimage\"},\"thumbnailUrl\":\"https:\/\/cmh.ens.fr\/wp-content\/uploads\/NR_GPS-copie-scaled-1.jpeg\",\"datePublished\":\"2025-12-19T17:19:42+00:00\",\"dateModified\":\"2025-12-19T17:20:40+00:00\",\"breadcrumb\":{\"@id\":\"https:\/\/cmh.ens.fr\/en\/distinction\/prix-de-these\/nathan-rivet\/#breadcrumb\"},\"inLanguage\":\"en-US\",\"potentialAction\":[{\"@type\":\"ReadAction\",\"target\":[\"https:\/\/cmh.ens.fr\/en\/distinction\/prix-de-these\/nathan-rivet\/\"]}]},{\"@type\":\"ImageObject\",\"inLanguage\":\"en-US\",\"@id\":\"https:\/\/cmh.ens.fr\/en\/distinction\/prix-de-these\/nathan-rivet\/#primaryimage\",\"url\":\"https:\/\/cmh.ens.fr\/wp-content\/uploads\/NR_GPS-copie-scaled-1.jpeg\",\"contentUrl\":\"https:\/\/cmh.ens.fr\/wp-content\/uploads\/NR_GPS-copie-scaled-1.jpeg\",\"width\":2560,\"height\":2560,\"caption\":\"Nathan Rivet\"},{\"@type\":\"BreadcrumbList\",\"@id\":\"https:\/\/cmh.ens.fr\/en\/distinction\/prix-de-these\/nathan-rivet\/#breadcrumb\",\"itemListElement\":[{\"@type\":\"ListItem\",\"position\":1,\"name\":\"Accueil\",\"item\":\"https:\/\/cmh.ens.fr\/\"},{\"@type\":\"ListItem\",\"position\":2,\"name\":\"Distinctions\",\"item\":\"https:\/\/cmh.ens.fr\/distinction\/\"},{\"@type\":\"ListItem\",\"position\":3,\"name\":\"laur\u00e9at du Prix Jean Carbonnier 2025\"}]},{\"@type\":\"WebSite\",\"@id\":\"https:\/\/cmh.ens.fr\/en\/#website\",\"url\":\"https:\/\/cmh.ens.fr\/en\/\",\"name\":\"CMH\",\"description\":\"Centre Maurice Halbwachs\",\"publisher\":{\"@id\":\"https:\/\/cmh.ens.fr\/en\/#organization\"},\"potentialAction\":[{\"@type\":\"SearchAction\",\"target\":{\"@type\":\"EntryPoint\",\"urlTemplate\":\"https:\/\/cmh.ens.fr\/en\/?s={search_term_string}\"},\"query-input\":{\"@type\":\"PropertyValueSpecification\",\"valueRequired\":true,\"valueName\":\"search_term_string\"}}],\"inLanguage\":\"en-US\"},{\"@type\":\"Organization\",\"@id\":\"https:\/\/cmh.ens.fr\/en\/#organization\",\"name\":\"Centre Maurice Halbwachs\",\"url\":\"https:\/\/cmh.ens.fr\/en\/\",\"logo\":{\"@type\":\"ImageObject\",\"inLanguage\":\"en-US\",\"@id\":\"https:\/\/cmh.ens.fr\/en\/#\/schema\/logo\/image\/\",\"url\":\"https:\/\/www.cmh.ens.fr\/wp-content\/uploads\/siteon0.jpg\",\"contentUrl\":\"https:\/\/www.cmh.ens.fr\/wp-content\/uploads\/siteon0.jpg\",\"width\":86,\"height\":53,\"caption\":\"Centre Maurice Halbwachs\"},\"image\":{\"@id\":\"https:\/\/cmh.ens.fr\/en\/#\/schema\/logo\/image\/\"}}]}<\/script>\n<!-- \/ Yoast SEO plugin. -->","yoast_head_json":{"title":"CMH","robots":{"index":"index","follow":"follow","max-snippet":"max-snippet:-1","max-image-preview":"max-image-preview:large","max-video-preview":"max-video-preview:-1"},"canonical":"https:\/\/cmh.ens.fr\/en\/distinction\/prix-de-these\/nathan-rivet\/","og_locale":"en_US","og_type":"article","og_title":"laur\u00e9at du Prix Jean Carbonnier 2025 - CMH","og_description":"Le Prix Jean Carbonnier 2025, organis\u00e9 par l\u2019Institut Robert Badinter, en partenariat avec les \u00e9ditions Lefebvre Dalloz, a \u00e9t\u00e9 attribu\u00e9 \u00e0&nbsp;Nathan Rivet,&nbsp;ATER au DSS et membre du CMH, pour sa th\u00e8se,&nbsp;Former l\u2019\u00c9tat par sa privatisation. Le recours au secteur priv\u00e9 dans les prisons fran\u00e7aises,&nbsp;r\u00e9alis\u00e9e sous la direction de J\u00e9r\u00f4me&nbsp;Pelisse et soutenue le 15 novembre 2024 [&hellip;]","og_url":"https:\/\/cmh.ens.fr\/en\/distinction\/prix-de-these\/nathan-rivet\/","og_site_name":"CMH","article_modified_time":"2025-12-19T17:20:40+00:00","og_image":[{"width":2560,"height":2560,"url":"https:\/\/cmh.ens.fr\/wp-content\/uploads\/NR_GPS-copie-scaled-1.jpeg","type":"image\/jpeg"}],"twitter_card":"summary_large_image","twitter_misc":{"Est. reading time":"1 minute"},"schema":{"@context":"https:\/\/schema.org","@graph":[{"@type":"WebPage","@id":"https:\/\/cmh.ens.fr\/en\/distinction\/prix-de-these\/nathan-rivet\/","url":"https:\/\/cmh.ens.fr\/en\/distinction\/prix-de-these\/nathan-rivet\/","name":"laur\u00e9at du Prix Jean Carbonnier 2025 - CMH","isPartOf":{"@id":"https:\/\/cmh.ens.fr\/en\/#website"},"primaryImageOfPage":{"@id":"https:\/\/cmh.ens.fr\/en\/distinction\/prix-de-these\/nathan-rivet\/#primaryimage"},"image":{"@id":"https:\/\/cmh.ens.fr\/en\/distinction\/prix-de-these\/nathan-rivet\/#primaryimage"},"thumbnailUrl":"https:\/\/cmh.ens.fr\/wp-content\/uploads\/NR_GPS-copie-scaled-1.jpeg","datePublished":"2025-12-19T17:19:42+00:00","dateModified":"2025-12-19T17:20:40+00:00","breadcrumb":{"@id":"https:\/\/cmh.ens.fr\/en\/distinction\/prix-de-these\/nathan-rivet\/#breadcrumb"},"inLanguage":"en-US","potentialAction":[{"@type":"ReadAction","target":["https:\/\/cmh.ens.fr\/en\/distinction\/prix-de-these\/nathan-rivet\/"]}]},{"@type":"ImageObject","inLanguage":"en-US","@id":"https:\/\/cmh.ens.fr\/en\/distinction\/prix-de-these\/nathan-rivet\/#primaryimage","url":"https:\/\/cmh.ens.fr\/wp-content\/uploads\/NR_GPS-copie-scaled-1.jpeg","contentUrl":"https:\/\/cmh.ens.fr\/wp-content\/uploads\/NR_GPS-copie-scaled-1.jpeg","width":2560,"height":2560,"caption":"Nathan Rivet"},{"@type":"BreadcrumbList","@id":"https:\/\/cmh.ens.fr\/en\/distinction\/prix-de-these\/nathan-rivet\/#breadcrumb","itemListElement":[{"@type":"ListItem","position":1,"name":"Accueil","item":"https:\/\/cmh.ens.fr\/"},{"@type":"ListItem","position":2,"name":"Distinctions","item":"https:\/\/cmh.ens.fr\/distinction\/"},{"@type":"ListItem","position":3,"name":"laur\u00e9at du Prix Jean Carbonnier 2025"}]},{"@type":"WebSite","@id":"https:\/\/cmh.ens.fr\/en\/#website","url":"https:\/\/cmh.ens.fr\/en\/","name":"CMH","description":"Centre Maurice Halbwachs","publisher":{"@id":"https:\/\/cmh.ens.fr\/en\/#organization"},"potentialAction":[{"@type":"SearchAction","target":{"@type":"EntryPoint","urlTemplate":"https:\/\/cmh.ens.fr\/en\/?s={search_term_string}"},"query-input":{"@type":"PropertyValueSpecification","valueRequired":true,"valueName":"search_term_string"}}],"inLanguage":"en-US"},{"@type":"Organization","@id":"https:\/\/cmh.ens.fr\/en\/#organization","name":"Centre Maurice Halbwachs","url":"https:\/\/cmh.ens.fr\/en\/","logo":{"@type":"ImageObject","inLanguage":"en-US","@id":"https:\/\/cmh.ens.fr\/en\/#\/schema\/logo\/image\/","url":"https:\/\/www.cmh.ens.fr\/wp-content\/uploads\/siteon0.jpg","contentUrl":"https:\/\/www.cmh.ens.fr\/wp-content\/uploads\/siteon0.jpg","width":86,"height":53,"caption":"Centre Maurice Halbwachs"},"image":{"@id":"https:\/\/cmh.ens.fr\/en\/#\/schema\/logo\/image\/"}}]}},"_links":{"self":[{"href":"https:\/\/cmh.ens.fr\/en\/wp-json\/wp\/v2\/distinction\/16131"}],"collection":[{"href":"https:\/\/cmh.ens.fr\/en\/wp-json\/wp\/v2\/distinction"}],"about":[{"href":"https:\/\/cmh.ens.fr\/en\/wp-json\/wp\/v2\/types\/distinction"}],"author":[{"embeddable":true,"href":"https:\/\/cmh.ens.fr\/en\/wp-json\/wp\/v2\/users\/94"}],"version-history":[{"count":2,"href":"https:\/\/cmh.ens.fr\/en\/wp-json\/wp\/v2\/distinction\/16131\/revisions"}],"predecessor-version":[{"id":16133,"href":"https:\/\/cmh.ens.fr\/en\/wp-json\/wp\/v2\/distinction\/16131\/revisions\/16133"}],"wp:featuredmedia":[{"embeddable":true,"href":"https:\/\/cmh.ens.fr\/en\/wp-json\/wp\/v2\/media\/16128"}],"wp:attachment":[{"href":"https:\/\/cmh.ens.fr\/en\/wp-json\/wp\/v2\/media?parent=16131"}],"wp:term":[{"taxonomy":"categories_distinctions","embeddable":true,"href":"https:\/\/cmh.ens.fr\/en\/wp-json\/wp\/v2\/categories_distinctions?post=16131"}],"curies":[{"name":"wp","href":"https:\/\/api.w.org\/{rel}","templated":true}]}}

lauréat du Prix Jean Carbonnier 2025

<p>Le <strong>Prix Jean Carbonnier 2025</strong>, organisé par l’Institut Robert Badinter, en partenariat avec les éditions Lefebvre Dalloz, a été attribué à&nbsp;<strong>Nathan Rivet</strong>,&nbsp;ATER au DSS et membre du CMH, pour sa thèse,<em>&nbsp;Former l’État par sa privatisation. Le recours au secteur privé dans les prisons françaises,</em>&nbsp;réalisée sous la direction de Jérôme&nbsp;Pelisse et soutenue le 15 novembre 2024 à Sciences Po Paris (<a href="https://institutrobertbadinter.fr/fr/actualites/nathan-rivet-laureat-du-prix-jean-carbonnier-2025-et-gabriel-stettler-mention-speciale-du-jury/" target="_blank" rel="noreferrer noopener">consulter</a>)</p>

<!-- This site is optimized with the Yoast SEO plugin v25.6 - https://yoast.com/wordpress/plugins/seo/ -->
<title>CMH</title>
<meta name="robots" content="index, follow, max-snippet:-1, max-image-preview:large, max-video-preview:-1" />
<link rel="canonical" href="https://cmh.ens.fr/en/distinction/prix-de-these/nathan-rivet/" class="yoast-seo-meta-tag" />
<meta property="og:locale" content="en_US" class="yoast-seo-meta-tag" />
<meta property="og:type" content="article" class="yoast-seo-meta-tag" />
<meta property="og:title" content="lauréat du Prix Jean Carbonnier 2025 - CMH" class="yoast-seo-meta-tag" />
<meta property="og:description" content="Le Prix Jean Carbonnier 2025, organisé par l’Institut Robert Badinter, en partenariat avec les éditions Lefebvre Dalloz, a été attribué à&nbsp;Nathan Rivet,&nbsp;ATER au DSS et membre du CMH, pour sa thèse,&nbsp;Former l’État par sa privatisation. Le recours au secteur privé dans les prisons françaises,&nbsp;réalisée sous la direction de Jérôme&nbsp;Pelisse et soutenue le 15 novembre 2024 [&hellip;]" class="yoast-seo-meta-tag" />
<meta property="og:url" content="https://cmh.ens.fr/en/distinction/prix-de-these/nathan-rivet/" class="yoast-seo-meta-tag" />
<meta property="og:site_name" content="CMH" class="yoast-seo-meta-tag" />
<meta property="article:modified_time" content="2025-12-19T17:20:40+00:00" class="yoast-seo-meta-tag" />
<meta property="og:image" content="https://cmh.ens.fr/wp-content/uploads/NR_GPS-copie-scaled-1.jpeg" class="yoast-seo-meta-tag" />
	<meta property="og:image:width" content="2560" class="yoast-seo-meta-tag" />
	<meta property="og:image:height" content="2560" class="yoast-seo-meta-tag" />
	<meta property="og:image:type" content="image/jpeg" class="yoast-seo-meta-tag" />
<meta name="twitter:card" content="summary_large_image" class="yoast-seo-meta-tag" />
<meta name="twitter:label1" content="Est. reading time" class="yoast-seo-meta-tag" />
	<meta name="twitter:data1" content="1 minute" class="yoast-seo-meta-tag" />
<script type="application/ld+json" class="yoast-schema-graph">{"@context":"https://schema.org","@graph":[{"@type":"WebPage","@id":"https://cmh.ens.fr/en/distinction/prix-de-these/nathan-rivet/","url":"https://cmh.ens.fr/en/distinction/prix-de-these/nathan-rivet/","name":"lauréat du Prix Jean Carbonnier 2025 - CMH","isPartOf":{"@id":"https://cmh.ens.fr/en/#website"},"primaryImageOfPage":{"@id":"https://cmh.ens.fr/en/distinction/prix-de-these/nathan-rivet/#primaryimage"},"image":{"@id":"https://cmh.ens.fr/en/distinction/prix-de-these/nathan-rivet/#primaryimage"},"thumbnailUrl":"https://cmh.ens.fr/wp-content/uploads/NR_GPS-copie-scaled-1.jpeg","datePublished":"2025-12-19T17:19:42+00:00","dateModified":"2025-12-19T17:20:40+00:00","breadcrumb":{"@id":"https://cmh.ens.fr/en/distinction/prix-de-these/nathan-rivet/#breadcrumb"},"inLanguage":"en-US","potentialAction":[{"@type":"ReadAction","target":["https://cmh.ens.fr/en/distinction/prix-de-these/nathan-rivet/"]}]},{"@type":"ImageObject","inLanguage":"en-US","@id":"https://cmh.ens.fr/en/distinction/prix-de-these/nathan-rivet/#primaryimage","url":"https://cmh.ens.fr/wp-content/uploads/NR_GPS-copie-scaled-1.jpeg","contentUrl":"https://cmh.ens.fr/wp-content/uploads/NR_GPS-copie-scaled-1.jpeg","width":2560,"height":2560,"caption":"Nathan Rivet"},{"@type":"BreadcrumbList","@id":"https://cmh.ens.fr/en/distinction/prix-de-these/nathan-rivet/#breadcrumb","itemListElement":[{"@type":"ListItem","position":1,"name":"Accueil","item":"https://cmh.ens.fr/"},{"@type":"ListItem","position":2,"name":"Distinctions","item":"https://cmh.ens.fr/distinction/"},{"@type":"ListItem","position":3,"name":"lauréat du Prix Jean Carbonnier 2025"}]},{"@type":"WebSite","@id":"https://cmh.ens.fr/en/#website","url":"https://cmh.ens.fr/en/","name":"CMH","description":"Centre Maurice Halbwachs","publisher":{"@id":"https://cmh.ens.fr/en/#organization"},"potentialAction":[{"@type":"SearchAction","target":{"@type":"EntryPoint","urlTemplate":"https://cmh.ens.fr/en/?s={search_term_string}"},"query-input":{"@type":"PropertyValueSpecification","valueRequired":true,"valueName":"search_term_string"}}],"inLanguage":"en-US"},{"@type":"Organization","@id":"https://cmh.ens.fr/en/#organization","name":"Centre Maurice Halbwachs","url":"https://cmh.ens.fr/en/","logo":{"@type":"ImageObject","inLanguage":"en-US","@id":"https://cmh.ens.fr/en/#/schema/logo/image/","url":"https://www.cmh.ens.fr/wp-content/uploads/siteon0.jpg","contentUrl":"https://www.cmh.ens.fr/wp-content/uploads/siteon0.jpg","width":86,"height":53,"caption":"Centre Maurice Halbwachs"},"image":{"@id":"https://cmh.ens.fr/en/#/schema/logo/image/"}}]}</script>
<!-- / Yoast SEO plugin. -->

lauréat du Prix Jean Carbonnier 2025 - CMH

Le Prix Jean Carbonnier 2025, organisé par l’Institut Robert Badinter, en partenariat avec les éditions Lefebvre Dalloz, a été attribué à&nbsp;Nathan Rivet,&nbsp;ATER au DSS et membre du CMH, pour sa thèse,&nbsp;Former l’État par sa privatisation. Le recours au secteur privé dans les prisons françaises,&nbsp;réalisée sous la direction de Jérôme&nbsp;Pelisse et soutenue le 15 novembre 2024 [&hellip;]
