{"id":15123,"date":"2024-11-14T10:42:55","date_gmt":"2024-11-14T09:42:55","guid":{"rendered":"https:\/\/www.cmh.ens.fr\/?post_type=distinction&#038;p=15123"},"modified":"2024-11-14T10:51:58","modified_gmt":"2024-11-14T09:51:58","slug":"a-recu-le-prix-de-recherche-caritas-2024","status":"publish","type":"distinction","link":"https:\/\/cmh.ens.fr\/en\/distinction\/a-recu-le-prix-de-recherche-caritas-2024\/","title":{"rendered":"a re\u00e7u le Prix de Recherche Caritas 2024"},"content":{"rendered":"<p>pour sa\u00a0th\u00e8se de doctorat en sociologie\u00a0: \u00ab\u00a0<em>Accompagner les exil\u00e9.e.s. Les associations au d\u00e9fi des politiques de l\u2019asile.<\/em>\u00ab\u00a0<\/p>\n\n\n\n<p>Co dirig\u00e9e par Serge Paugam et Isabelle Parizot, la th\u00e8se de Lucie Lepoutre \u00e9tudie sous diff\u00e9rentes facettes l\u2019accompagnement social et juridique r\u00e9alis\u00e9 par les acteurs associatifs aupr\u00e8s des demandeurs d\u2019asile, dans le contexte fran\u00e7ais.<br>Ce travail de recherche souligne, entres-autres, l\u2019importance de consid\u00e9rer l\u2019accompagnement comme construction de liens sociaux ayant trait \u00e0 la reconnaissance (se sentir valoris\u00e9) et \u00e0 la protection (\u00ab\u00a0faire face aux al\u00e9as de la vie\u00a0\u00bb) pour les intervenants comme pour les b\u00e9n\u00e9ficiaires.<\/p>","protected":false},"author":545,"featured_media":15125,"template":"","categories_distinctions":[],"class_list":["post-15123","distinction","type-distinction","status-publish","has-post-thumbnail","hentry"],"acf":[],"yoast_head":"<!-- This site is optimized with the Yoast SEO plugin v25.6 - https:\/\/yoast.com\/wordpress\/plugins\/seo\/ -->\n<title>CMH<\/title>\n<meta name=\"robots\" content=\"index, follow, max-snippet:-1, max-image-preview:large, max-video-preview:-1\" \/>\n<link rel=\"canonical\" href=\"https:\/\/cmh.ens.fr\/en\/distinction\/a-recu-le-prix-de-recherche-caritas-2024\/\" class=\"yoast-seo-meta-tag\" \/>\n<meta property=\"og:locale\" content=\"en_US\" class=\"yoast-seo-meta-tag\" \/>\n<meta property=\"og:type\" content=\"article\" class=\"yoast-seo-meta-tag\" \/>\n<meta property=\"og:title\" content=\"a re\u00e7u le Prix de Recherche Caritas 2024 - CMH\" class=\"yoast-seo-meta-tag\" \/>\n<meta property=\"og:description\" content=\"pour sa\u00a0th\u00e8se de doctorat en sociologie\u00a0: \u00ab\u00a0Accompagner les exil\u00e9.e.s. Les associations au d\u00e9fi des politiques de l\u2019asile.\u00ab\u00a0 Co dirig\u00e9e par Serge Paugam et Isabelle Parizot, la th\u00e8se de Lucie Lepoutre \u00e9tudie sous diff\u00e9rentes facettes l\u2019accompagnement social et juridique r\u00e9alis\u00e9 par les acteurs associatifs aupr\u00e8s des demandeurs d\u2019asile, dans le contexte fran\u00e7ais.Ce travail de recherche souligne, [&hellip;]\" class=\"yoast-seo-meta-tag\" \/>\n<meta property=\"og:url\" content=\"https:\/\/cmh.ens.fr\/en\/distinction\/a-recu-le-prix-de-recherche-caritas-2024\/\" class=\"yoast-seo-meta-tag\" \/>\n<meta property=\"og:site_name\" content=\"CMH\" class=\"yoast-seo-meta-tag\" \/>\n<meta property=\"article:modified_time\" content=\"2024-11-14T09:51:58+00:00\" class=\"yoast-seo-meta-tag\" \/>\n<meta property=\"og:image\" content=\"https:\/\/cmh.ens.fr\/wp-content\/uploads\/lepoutre.png\" class=\"yoast-seo-meta-tag\" \/>\n\t<meta property=\"og:image:width\" content=\"315\" class=\"yoast-seo-meta-tag\" \/>\n\t<meta property=\"og:image:height\" content=\"450\" class=\"yoast-seo-meta-tag\" \/>\n\t<meta property=\"og:image:type\" content=\"image\/png\" class=\"yoast-seo-meta-tag\" \/>\n<meta name=\"twitter:card\" content=\"summary_large_image\" class=\"yoast-seo-meta-tag\" \/>\n<meta name=\"twitter:label1\" content=\"Est. reading time\" class=\"yoast-seo-meta-tag\" \/>\n\t<meta name=\"twitter:data1\" content=\"1 minute\" class=\"yoast-seo-meta-tag\" \/>\n<script type=\"application\/ld+json\" class=\"yoast-schema-graph\">{\"@context\":\"https:\/\/schema.org\",\"@graph\":[{\"@type\":\"WebPage\",\"@id\":\"https:\/\/cmh.ens.fr\/en\/distinction\/a-recu-le-prix-de-recherche-caritas-2024\/\",\"url\":\"https:\/\/cmh.ens.fr\/en\/distinction\/a-recu-le-prix-de-recherche-caritas-2024\/\",\"name\":\"a re\u00e7u le Prix de Recherche Caritas 2024 - CMH\",\"isPartOf\":{\"@id\":\"https:\/\/cmh.ens.fr\/en\/#website\"},\"primaryImageOfPage\":{\"@id\":\"https:\/\/cmh.ens.fr\/en\/distinction\/a-recu-le-prix-de-recherche-caritas-2024\/#primaryimage\"},\"image\":{\"@id\":\"https:\/\/cmh.ens.fr\/en\/distinction\/a-recu-le-prix-de-recherche-caritas-2024\/#primaryimage\"},\"thumbnailUrl\":\"https:\/\/cmh.ens.fr\/wp-content\/uploads\/lepoutre.png\",\"datePublished\":\"2024-11-14T09:42:55+00:00\",\"dateModified\":\"2024-11-14T09:51:58+00:00\",\"breadcrumb\":{\"@id\":\"https:\/\/cmh.ens.fr\/en\/distinction\/a-recu-le-prix-de-recherche-caritas-2024\/#breadcrumb\"},\"inLanguage\":\"en-US\",\"potentialAction\":[{\"@type\":\"ReadAction\",\"target\":[\"https:\/\/cmh.ens.fr\/en\/distinction\/a-recu-le-prix-de-recherche-caritas-2024\/\"]}]},{\"@type\":\"ImageObject\",\"inLanguage\":\"en-US\",\"@id\":\"https:\/\/cmh.ens.fr\/en\/distinction\/a-recu-le-prix-de-recherche-caritas-2024\/#primaryimage\",\"url\":\"https:\/\/cmh.ens.fr\/wp-content\/uploads\/lepoutre.png\",\"contentUrl\":\"https:\/\/cmh.ens.fr\/wp-content\/uploads\/lepoutre.png\",\"width\":315,\"height\":450},{\"@type\":\"BreadcrumbList\",\"@id\":\"https:\/\/cmh.ens.fr\/en\/distinction\/a-recu-le-prix-de-recherche-caritas-2024\/#breadcrumb\",\"itemListElement\":[{\"@type\":\"ListItem\",\"position\":1,\"name\":\"Accueil\",\"item\":\"https:\/\/cmh.ens.fr\/\"},{\"@type\":\"ListItem\",\"position\":2,\"name\":\"Distinctions\",\"item\":\"https:\/\/cmh.ens.fr\/distinction\/\"},{\"@type\":\"ListItem\",\"position\":3,\"name\":\"a re\u00e7u le Prix de Recherche Caritas 2024\"}]},{\"@type\":\"WebSite\",\"@id\":\"https:\/\/cmh.ens.fr\/en\/#website\",\"url\":\"https:\/\/cmh.ens.fr\/en\/\",\"name\":\"CMH\",\"description\":\"Centre Maurice Halbwachs\",\"publisher\":{\"@id\":\"https:\/\/cmh.ens.fr\/en\/#organization\"},\"potentialAction\":[{\"@type\":\"SearchAction\",\"target\":{\"@type\":\"EntryPoint\",\"urlTemplate\":\"https:\/\/cmh.ens.fr\/en\/?s={search_term_string}\"},\"query-input\":{\"@type\":\"PropertyValueSpecification\",\"valueRequired\":true,\"valueName\":\"search_term_string\"}}],\"inLanguage\":\"en-US\"},{\"@type\":\"Organization\",\"@id\":\"https:\/\/cmh.ens.fr\/en\/#organization\",\"name\":\"Centre Maurice Halbwachs\",\"url\":\"https:\/\/cmh.ens.fr\/en\/\",\"logo\":{\"@type\":\"ImageObject\",\"inLanguage\":\"en-US\",\"@id\":\"https:\/\/cmh.ens.fr\/en\/#\/schema\/logo\/image\/\",\"url\":\"https:\/\/www.cmh.ens.fr\/wp-content\/uploads\/siteon0.jpg\",\"contentUrl\":\"https:\/\/www.cmh.ens.fr\/wp-content\/uploads\/siteon0.jpg\",\"width\":86,\"height\":53,\"caption\":\"Centre Maurice Halbwachs\"},\"image\":{\"@id\":\"https:\/\/cmh.ens.fr\/en\/#\/schema\/logo\/image\/\"}}]}<\/script>\n<!-- \/ Yoast SEO plugin. -->","yoast_head_json":{"title":"CMH","robots":{"index":"index","follow":"follow","max-snippet":"max-snippet:-1","max-image-preview":"max-image-preview:large","max-video-preview":"max-video-preview:-1"},"canonical":"https:\/\/cmh.ens.fr\/en\/distinction\/a-recu-le-prix-de-recherche-caritas-2024\/","og_locale":"en_US","og_type":"article","og_title":"a re\u00e7u le Prix de Recherche Caritas 2024 - CMH","og_description":"pour sa\u00a0th\u00e8se de doctorat en sociologie\u00a0: \u00ab\u00a0Accompagner les exil\u00e9.e.s. Les associations au d\u00e9fi des politiques de l\u2019asile.\u00ab\u00a0 Co dirig\u00e9e par Serge Paugam et Isabelle Parizot, la th\u00e8se de Lucie Lepoutre \u00e9tudie sous diff\u00e9rentes facettes l\u2019accompagnement social et juridique r\u00e9alis\u00e9 par les acteurs associatifs aupr\u00e8s des demandeurs d\u2019asile, dans le contexte fran\u00e7ais.Ce travail de recherche souligne, [&hellip;]","og_url":"https:\/\/cmh.ens.fr\/en\/distinction\/a-recu-le-prix-de-recherche-caritas-2024\/","og_site_name":"CMH","article_modified_time":"2024-11-14T09:51:58+00:00","og_image":[{"width":315,"height":450,"url":"https:\/\/cmh.ens.fr\/wp-content\/uploads\/lepoutre.png","type":"image\/png"}],"twitter_card":"summary_large_image","twitter_misc":{"Est. reading time":"1 minute"},"schema":{"@context":"https:\/\/schema.org","@graph":[{"@type":"WebPage","@id":"https:\/\/cmh.ens.fr\/en\/distinction\/a-recu-le-prix-de-recherche-caritas-2024\/","url":"https:\/\/cmh.ens.fr\/en\/distinction\/a-recu-le-prix-de-recherche-caritas-2024\/","name":"a re\u00e7u le Prix de Recherche Caritas 2024 - CMH","isPartOf":{"@id":"https:\/\/cmh.ens.fr\/en\/#website"},"primaryImageOfPage":{"@id":"https:\/\/cmh.ens.fr\/en\/distinction\/a-recu-le-prix-de-recherche-caritas-2024\/#primaryimage"},"image":{"@id":"https:\/\/cmh.ens.fr\/en\/distinction\/a-recu-le-prix-de-recherche-caritas-2024\/#primaryimage"},"thumbnailUrl":"https:\/\/cmh.ens.fr\/wp-content\/uploads\/lepoutre.png","datePublished":"2024-11-14T09:42:55+00:00","dateModified":"2024-11-14T09:51:58+00:00","breadcrumb":{"@id":"https:\/\/cmh.ens.fr\/en\/distinction\/a-recu-le-prix-de-recherche-caritas-2024\/#breadcrumb"},"inLanguage":"en-US","potentialAction":[{"@type":"ReadAction","target":["https:\/\/cmh.ens.fr\/en\/distinction\/a-recu-le-prix-de-recherche-caritas-2024\/"]}]},{"@type":"ImageObject","inLanguage":"en-US","@id":"https:\/\/cmh.ens.fr\/en\/distinction\/a-recu-le-prix-de-recherche-caritas-2024\/#primaryimage","url":"https:\/\/cmh.ens.fr\/wp-content\/uploads\/lepoutre.png","contentUrl":"https:\/\/cmh.ens.fr\/wp-content\/uploads\/lepoutre.png","width":315,"height":450},{"@type":"BreadcrumbList","@id":"https:\/\/cmh.ens.fr\/en\/distinction\/a-recu-le-prix-de-recherche-caritas-2024\/#breadcrumb","itemListElement":[{"@type":"ListItem","position":1,"name":"Accueil","item":"https:\/\/cmh.ens.fr\/"},{"@type":"ListItem","position":2,"name":"Distinctions","item":"https:\/\/cmh.ens.fr\/distinction\/"},{"@type":"ListItem","position":3,"name":"a re\u00e7u le Prix de Recherche Caritas 2024"}]},{"@type":"WebSite","@id":"https:\/\/cmh.ens.fr\/en\/#website","url":"https:\/\/cmh.ens.fr\/en\/","name":"CMH","description":"Centre Maurice Halbwachs","publisher":{"@id":"https:\/\/cmh.ens.fr\/en\/#organization"},"potentialAction":[{"@type":"SearchAction","target":{"@type":"EntryPoint","urlTemplate":"https:\/\/cmh.ens.fr\/en\/?s={search_term_string}"},"query-input":{"@type":"PropertyValueSpecification","valueRequired":true,"valueName":"search_term_string"}}],"inLanguage":"en-US"},{"@type":"Organization","@id":"https:\/\/cmh.ens.fr\/en\/#organization","name":"Centre Maurice Halbwachs","url":"https:\/\/cmh.ens.fr\/en\/","logo":{"@type":"ImageObject","inLanguage":"en-US","@id":"https:\/\/cmh.ens.fr\/en\/#\/schema\/logo\/image\/","url":"https:\/\/www.cmh.ens.fr\/wp-content\/uploads\/siteon0.jpg","contentUrl":"https:\/\/www.cmh.ens.fr\/wp-content\/uploads\/siteon0.jpg","width":86,"height":53,"caption":"Centre Maurice Halbwachs"},"image":{"@id":"https:\/\/cmh.ens.fr\/en\/#\/schema\/logo\/image\/"}}]}},"_links":{"self":[{"href":"https:\/\/cmh.ens.fr\/en\/wp-json\/wp\/v2\/distinction\/15123"}],"collection":[{"href":"https:\/\/cmh.ens.fr\/en\/wp-json\/wp\/v2\/distinction"}],"about":[{"href":"https:\/\/cmh.ens.fr\/en\/wp-json\/wp\/v2\/types\/distinction"}],"author":[{"embeddable":true,"href":"https:\/\/cmh.ens.fr\/en\/wp-json\/wp\/v2\/users\/545"}],"version-history":[{"count":1,"href":"https:\/\/cmh.ens.fr\/en\/wp-json\/wp\/v2\/distinction\/15123\/revisions"}],"predecessor-version":[{"id":15124,"href":"https:\/\/cmh.ens.fr\/en\/wp-json\/wp\/v2\/distinction\/15123\/revisions\/15124"}],"wp:featuredmedia":[{"embeddable":true,"href":"https:\/\/cmh.ens.fr\/en\/wp-json\/wp\/v2\/media\/15125"}],"wp:attachment":[{"href":"https:\/\/cmh.ens.fr\/en\/wp-json\/wp\/v2\/media?parent=15123"}],"wp:term":[{"taxonomy":"categories_distinctions","embeddable":true,"href":"https:\/\/cmh.ens.fr\/en\/wp-json\/wp\/v2\/categories_distinctions?post=15123"}],"curies":[{"name":"wp","href":"https:\/\/api.w.org\/{rel}","templated":true}]}}

a reçu le Prix de Recherche Caritas 2024

<p>pour sa thèse de doctorat en sociologie : « <em>Accompagner les exilé.e.s. Les associations au défi des politiques de l’asile.</em>« </p>



<p>Co dirigée par Serge Paugam et Isabelle Parizot, la thèse de Lucie Lepoutre étudie sous différentes facettes l’accompagnement social et juridique réalisé par les acteurs associatifs auprès des demandeurs d’asile, dans le contexte français.<br>Ce travail de recherche souligne, entres-autres, l’importance de considérer l’accompagnement comme construction de liens sociaux ayant trait à la reconnaissance (se sentir valorisé) et à la protection (« faire face aux aléas de la vie ») pour les intervenants comme pour les bénéficiaires.</p>

<!-- This site is optimized with the Yoast SEO plugin v25.6 - https://yoast.com/wordpress/plugins/seo/ -->
<title>CMH</title>
<meta name="robots" content="index, follow, max-snippet:-1, max-image-preview:large, max-video-preview:-1" />
<link rel="canonical" href="https://cmh.ens.fr/en/distinction/a-recu-le-prix-de-recherche-caritas-2024/" class="yoast-seo-meta-tag" />
<meta property="og:locale" content="en_US" class="yoast-seo-meta-tag" />
<meta property="og:type" content="article" class="yoast-seo-meta-tag" />
<meta property="og:title" content="a reçu le Prix de Recherche Caritas 2024 - CMH" class="yoast-seo-meta-tag" />
<meta property="og:description" content="pour sa thèse de doctorat en sociologie : « Accompagner les exilé.e.s. Les associations au défi des politiques de l’asile.«  Co dirigée par Serge Paugam et Isabelle Parizot, la thèse de Lucie Lepoutre étudie sous différentes facettes l’accompagnement social et juridique réalisé par les acteurs associatifs auprès des demandeurs d’asile, dans le contexte français.Ce travail de recherche souligne, [&hellip;]" class="yoast-seo-meta-tag" />
<meta property="og:url" content="https://cmh.ens.fr/en/distinction/a-recu-le-prix-de-recherche-caritas-2024/" class="yoast-seo-meta-tag" />
<meta property="og:site_name" content="CMH" class="yoast-seo-meta-tag" />
<meta property="article:modified_time" content="2024-11-14T09:51:58+00:00" class="yoast-seo-meta-tag" />
<meta property="og:image" content="https://cmh.ens.fr/wp-content/uploads/lepoutre.png" class="yoast-seo-meta-tag" />
	<meta property="og:image:width" content="315" class="yoast-seo-meta-tag" />
	<meta property="og:image:height" content="450" class="yoast-seo-meta-tag" />
	<meta property="og:image:type" content="image/png" class="yoast-seo-meta-tag" />
<meta name="twitter:card" content="summary_large_image" class="yoast-seo-meta-tag" />
<meta name="twitter:label1" content="Est. reading time" class="yoast-seo-meta-tag" />
	<meta name="twitter:data1" content="1 minute" class="yoast-seo-meta-tag" />
<script type="application/ld+json" class="yoast-schema-graph">{"@context":"https://schema.org","@graph":[{"@type":"WebPage","@id":"https://cmh.ens.fr/en/distinction/a-recu-le-prix-de-recherche-caritas-2024/","url":"https://cmh.ens.fr/en/distinction/a-recu-le-prix-de-recherche-caritas-2024/","name":"a reçu le Prix de Recherche Caritas 2024 - CMH","isPartOf":{"@id":"https://cmh.ens.fr/en/#website"},"primaryImageOfPage":{"@id":"https://cmh.ens.fr/en/distinction/a-recu-le-prix-de-recherche-caritas-2024/#primaryimage"},"image":{"@id":"https://cmh.ens.fr/en/distinction/a-recu-le-prix-de-recherche-caritas-2024/#primaryimage"},"thumbnailUrl":"https://cmh.ens.fr/wp-content/uploads/lepoutre.png","datePublished":"2024-11-14T09:42:55+00:00","dateModified":"2024-11-14T09:51:58+00:00","breadcrumb":{"@id":"https://cmh.ens.fr/en/distinction/a-recu-le-prix-de-recherche-caritas-2024/#breadcrumb"},"inLanguage":"en-US","potentialAction":[{"@type":"ReadAction","target":["https://cmh.ens.fr/en/distinction/a-recu-le-prix-de-recherche-caritas-2024/"]}]},{"@type":"ImageObject","inLanguage":"en-US","@id":"https://cmh.ens.fr/en/distinction/a-recu-le-prix-de-recherche-caritas-2024/#primaryimage","url":"https://cmh.ens.fr/wp-content/uploads/lepoutre.png","contentUrl":"https://cmh.ens.fr/wp-content/uploads/lepoutre.png","width":315,"height":450},{"@type":"BreadcrumbList","@id":"https://cmh.ens.fr/en/distinction/a-recu-le-prix-de-recherche-caritas-2024/#breadcrumb","itemListElement":[{"@type":"ListItem","position":1,"name":"Accueil","item":"https://cmh.ens.fr/"},{"@type":"ListItem","position":2,"name":"Distinctions","item":"https://cmh.ens.fr/distinction/"},{"@type":"ListItem","position":3,"name":"a reçu le Prix de Recherche Caritas 2024"}]},{"@type":"WebSite","@id":"https://cmh.ens.fr/en/#website","url":"https://cmh.ens.fr/en/","name":"CMH","description":"Centre Maurice Halbwachs","publisher":{"@id":"https://cmh.ens.fr/en/#organization"},"potentialAction":[{"@type":"SearchAction","target":{"@type":"EntryPoint","urlTemplate":"https://cmh.ens.fr/en/?s={search_term_string}"},"query-input":{"@type":"PropertyValueSpecification","valueRequired":true,"valueName":"search_term_string"}}],"inLanguage":"en-US"},{"@type":"Organization","@id":"https://cmh.ens.fr/en/#organization","name":"Centre Maurice Halbwachs","url":"https://cmh.ens.fr/en/","logo":{"@type":"ImageObject","inLanguage":"en-US","@id":"https://cmh.ens.fr/en/#/schema/logo/image/","url":"https://www.cmh.ens.fr/wp-content/uploads/siteon0.jpg","contentUrl":"https://www.cmh.ens.fr/wp-content/uploads/siteon0.jpg","width":86,"height":53,"caption":"Centre Maurice Halbwachs"},"image":{"@id":"https://cmh.ens.fr/en/#/schema/logo/image/"}}]}</script>
<!-- / Yoast SEO plugin. -->

a reçu le Prix de Recherche Caritas 2024 - CMH

pour sa thèse de doctorat en sociologie : « Accompagner les exilé.e.s. Les associations au défi des politiques de l’asile.«  Co dirigée par Serge Paugam et Isabelle Parizot, la thèse de Lucie Lepoutre étudie sous différentes facettes l’accompagnement social et juridique réalisé par les acteurs associatifs auprès des demandeurs d’asile, dans le contexte français.Ce travail de recherche souligne, [&hellip;]
