{"id":10320,"date":"2022-06-21T14:31:43","date_gmt":"2022-06-21T12:31:43","guid":{"rendered":"https:\/\/www.cmh.ens.fr\/?post_type=distinction&#038;p=10320"},"modified":"2022-06-21T14:34:05","modified_gmt":"2022-06-21T12:34:05","slug":"vient-de-recevoir-le-deuxieme-prix-du-prix-du-gis-moyen-orient-et-mondes-musulmans-et-de-liismm","status":"publish","type":"distinction","link":"https:\/\/cmh.ens.fr\/en\/distinction\/prix-de-these\/vient-de-recevoir-le-deuxieme-prix-du-prix-du-gis-moyen-orient-et-mondes-musulmans-et-de-liismm\/","title":{"rendered":"vient de recevoir le deuxi\u00e8me prix du Prix du GIS Moyen-Orient et Mondes Musulmans et de l&rsquo;IISMM"},"content":{"rendered":"<p><strong>Selima Keba\u00efli<\/strong>, qui a r\u00e9alis\u00e9 sa th\u00e8se\u00a0: <em>Le genre de la justice transitionnelle. Les effets d\u2019un label international sur des femmes (victimes) en Tunisie (2011-2018),<\/em>\u00a0th\u00e8se de sociologie, soutenue \u00e0 l\u2019EHESS le 22\/01\/2021 sous la direction de Liora Isra\u00ebl et Jocelyne Dakhlia (EHESS, CRH) (<a href=\"http:\/\/majlis-remomm.fr\/72551\" target=\"_blank\" rel=\"noreferrer noopener\">en ligne<\/a>)<\/p>","protected":false},"author":94,"featured_media":10321,"template":"","categories_distinctions":[120],"class_list":["post-10320","distinction","type-distinction","status-publish","has-post-thumbnail","hentry","categories_distinctions-prix-de-these"],"acf":[],"yoast_head":"<!-- This site is optimized with the Yoast SEO plugin v25.6 - https:\/\/yoast.com\/wordpress\/plugins\/seo\/ -->\n<title>CMH<\/title>\n<meta name=\"robots\" content=\"index, follow, max-snippet:-1, max-image-preview:large, max-video-preview:-1\" \/>\n<link rel=\"canonical\" href=\"https:\/\/cmh.ens.fr\/en\/distinction\/prix-de-these\/vient-de-recevoir-le-deuxieme-prix-du-prix-du-gis-moyen-orient-et-mondes-musulmans-et-de-liismm\/\" class=\"yoast-seo-meta-tag\" \/>\n<meta property=\"og:locale\" content=\"en_US\" class=\"yoast-seo-meta-tag\" \/>\n<meta property=\"og:type\" content=\"article\" class=\"yoast-seo-meta-tag\" \/>\n<meta property=\"og:title\" content=\"vient de recevoir le deuxi\u00e8me prix du Prix du GIS Moyen-Orient et Mondes Musulmans et de l&#039;IISMM - CMH\" class=\"yoast-seo-meta-tag\" \/>\n<meta property=\"og:description\" content=\"Selima Keba\u00efli, qui a r\u00e9alis\u00e9 sa th\u00e8se\u00a0: Le genre de la justice transitionnelle. Les effets d\u2019un label international sur des femmes (victimes) en Tunisie (2011-2018),\u00a0th\u00e8se de sociologie, soutenue \u00e0 l\u2019EHESS le 22\/01\/2021 sous la direction de Liora Isra\u00ebl et Jocelyne Dakhlia (EHESS, CRH) (en ligne)\" class=\"yoast-seo-meta-tag\" \/>\n<meta property=\"og:url\" content=\"https:\/\/cmh.ens.fr\/en\/distinction\/prix-de-these\/vient-de-recevoir-le-deuxieme-prix-du-prix-du-gis-moyen-orient-et-mondes-musulmans-et-de-liismm\/\" class=\"yoast-seo-meta-tag\" \/>\n<meta property=\"og:site_name\" content=\"CMH\" class=\"yoast-seo-meta-tag\" \/>\n<meta property=\"article:modified_time\" content=\"2022-06-21T12:34:05+00:00\" class=\"yoast-seo-meta-tag\" \/>\n<meta property=\"og:image\" content=\"https:\/\/cmh.ens.fr\/wp-content\/uploads\/kebali.jpg\" class=\"yoast-seo-meta-tag\" \/>\n\t<meta property=\"og:image:width\" content=\"225\" class=\"yoast-seo-meta-tag\" \/>\n\t<meta property=\"og:image:height\" content=\"225\" class=\"yoast-seo-meta-tag\" \/>\n\t<meta property=\"og:image:type\" content=\"image\/jpeg\" class=\"yoast-seo-meta-tag\" \/>\n<meta name=\"twitter:card\" content=\"summary_large_image\" class=\"yoast-seo-meta-tag\" \/>\n<meta name=\"twitter:label1\" content=\"Est. reading time\" class=\"yoast-seo-meta-tag\" \/>\n\t<meta name=\"twitter:data1\" content=\"1 minute\" class=\"yoast-seo-meta-tag\" \/>\n<script type=\"application\/ld+json\" class=\"yoast-schema-graph\">{\"@context\":\"https:\/\/schema.org\",\"@graph\":[{\"@type\":\"WebPage\",\"@id\":\"https:\/\/cmh.ens.fr\/en\/distinction\/prix-de-these\/vient-de-recevoir-le-deuxieme-prix-du-prix-du-gis-moyen-orient-et-mondes-musulmans-et-de-liismm\/\",\"url\":\"https:\/\/cmh.ens.fr\/en\/distinction\/prix-de-these\/vient-de-recevoir-le-deuxieme-prix-du-prix-du-gis-moyen-orient-et-mondes-musulmans-et-de-liismm\/\",\"name\":\"vient de recevoir le deuxi\u00e8me prix du Prix du GIS Moyen-Orient et Mondes Musulmans et de l'IISMM - CMH\",\"isPartOf\":{\"@id\":\"https:\/\/cmh.ens.fr\/en\/#website\"},\"primaryImageOfPage\":{\"@id\":\"https:\/\/cmh.ens.fr\/en\/distinction\/prix-de-these\/vient-de-recevoir-le-deuxieme-prix-du-prix-du-gis-moyen-orient-et-mondes-musulmans-et-de-liismm\/#primaryimage\"},\"image\":{\"@id\":\"https:\/\/cmh.ens.fr\/en\/distinction\/prix-de-these\/vient-de-recevoir-le-deuxieme-prix-du-prix-du-gis-moyen-orient-et-mondes-musulmans-et-de-liismm\/#primaryimage\"},\"thumbnailUrl\":\"https:\/\/cmh.ens.fr\/wp-content\/uploads\/kebali.jpg\",\"datePublished\":\"2022-06-21T12:31:43+00:00\",\"dateModified\":\"2022-06-21T12:34:05+00:00\",\"breadcrumb\":{\"@id\":\"https:\/\/cmh.ens.fr\/en\/distinction\/prix-de-these\/vient-de-recevoir-le-deuxieme-prix-du-prix-du-gis-moyen-orient-et-mondes-musulmans-et-de-liismm\/#breadcrumb\"},\"inLanguage\":\"en-US\",\"potentialAction\":[{\"@type\":\"ReadAction\",\"target\":[\"https:\/\/cmh.ens.fr\/en\/distinction\/prix-de-these\/vient-de-recevoir-le-deuxieme-prix-du-prix-du-gis-moyen-orient-et-mondes-musulmans-et-de-liismm\/\"]}]},{\"@type\":\"ImageObject\",\"inLanguage\":\"en-US\",\"@id\":\"https:\/\/cmh.ens.fr\/en\/distinction\/prix-de-these\/vient-de-recevoir-le-deuxieme-prix-du-prix-du-gis-moyen-orient-et-mondes-musulmans-et-de-liismm\/#primaryimage\",\"url\":\"https:\/\/cmh.ens.fr\/wp-content\/uploads\/kebali.jpg\",\"contentUrl\":\"https:\/\/cmh.ens.fr\/wp-content\/uploads\/kebali.jpg\",\"width\":225,\"height\":225},{\"@type\":\"BreadcrumbList\",\"@id\":\"https:\/\/cmh.ens.fr\/en\/distinction\/prix-de-these\/vient-de-recevoir-le-deuxieme-prix-du-prix-du-gis-moyen-orient-et-mondes-musulmans-et-de-liismm\/#breadcrumb\",\"itemListElement\":[{\"@type\":\"ListItem\",\"position\":1,\"name\":\"Accueil\",\"item\":\"https:\/\/cmh.ens.fr\/\"},{\"@type\":\"ListItem\",\"position\":2,\"name\":\"Distinctions\",\"item\":\"https:\/\/cmh.ens.fr\/distinction\/\"},{\"@type\":\"ListItem\",\"position\":3,\"name\":\"vient de recevoir le deuxi\u00e8me prix du Prix du GIS Moyen-Orient et Mondes Musulmans et de l&rsquo;IISMM\"}]},{\"@type\":\"WebSite\",\"@id\":\"https:\/\/cmh.ens.fr\/en\/#website\",\"url\":\"https:\/\/cmh.ens.fr\/en\/\",\"name\":\"CMH\",\"description\":\"Centre Maurice Halbwachs\",\"publisher\":{\"@id\":\"https:\/\/cmh.ens.fr\/en\/#organization\"},\"potentialAction\":[{\"@type\":\"SearchAction\",\"target\":{\"@type\":\"EntryPoint\",\"urlTemplate\":\"https:\/\/cmh.ens.fr\/en\/?s={search_term_string}\"},\"query-input\":{\"@type\":\"PropertyValueSpecification\",\"valueRequired\":true,\"valueName\":\"search_term_string\"}}],\"inLanguage\":\"en-US\"},{\"@type\":\"Organization\",\"@id\":\"https:\/\/cmh.ens.fr\/en\/#organization\",\"name\":\"Centre Maurice Halbwachs\",\"url\":\"https:\/\/cmh.ens.fr\/en\/\",\"logo\":{\"@type\":\"ImageObject\",\"inLanguage\":\"en-US\",\"@id\":\"https:\/\/cmh.ens.fr\/en\/#\/schema\/logo\/image\/\",\"url\":\"https:\/\/www.cmh.ens.fr\/wp-content\/uploads\/siteon0.jpg\",\"contentUrl\":\"https:\/\/www.cmh.ens.fr\/wp-content\/uploads\/siteon0.jpg\",\"width\":86,\"height\":53,\"caption\":\"Centre Maurice Halbwachs\"},\"image\":{\"@id\":\"https:\/\/cmh.ens.fr\/en\/#\/schema\/logo\/image\/\"}}]}<\/script>\n<!-- \/ Yoast SEO plugin. -->","yoast_head_json":{"title":"CMH","robots":{"index":"index","follow":"follow","max-snippet":"max-snippet:-1","max-image-preview":"max-image-preview:large","max-video-preview":"max-video-preview:-1"},"canonical":"https:\/\/cmh.ens.fr\/en\/distinction\/prix-de-these\/vient-de-recevoir-le-deuxieme-prix-du-prix-du-gis-moyen-orient-et-mondes-musulmans-et-de-liismm\/","og_locale":"en_US","og_type":"article","og_title":"vient de recevoir le deuxi\u00e8me prix du Prix du GIS Moyen-Orient et Mondes Musulmans et de l'IISMM - CMH","og_description":"Selima Keba\u00efli, qui a r\u00e9alis\u00e9 sa th\u00e8se\u00a0: Le genre de la justice transitionnelle. Les effets d\u2019un label international sur des femmes (victimes) en Tunisie (2011-2018),\u00a0th\u00e8se de sociologie, soutenue \u00e0 l\u2019EHESS le 22\/01\/2021 sous la direction de Liora Isra\u00ebl et Jocelyne Dakhlia (EHESS, CRH) (en ligne)","og_url":"https:\/\/cmh.ens.fr\/en\/distinction\/prix-de-these\/vient-de-recevoir-le-deuxieme-prix-du-prix-du-gis-moyen-orient-et-mondes-musulmans-et-de-liismm\/","og_site_name":"CMH","article_modified_time":"2022-06-21T12:34:05+00:00","og_image":[{"width":225,"height":225,"url":"https:\/\/cmh.ens.fr\/wp-content\/uploads\/kebali.jpg","type":"image\/jpeg"}],"twitter_card":"summary_large_image","twitter_misc":{"Est. reading time":"1 minute"},"schema":{"@context":"https:\/\/schema.org","@graph":[{"@type":"WebPage","@id":"https:\/\/cmh.ens.fr\/en\/distinction\/prix-de-these\/vient-de-recevoir-le-deuxieme-prix-du-prix-du-gis-moyen-orient-et-mondes-musulmans-et-de-liismm\/","url":"https:\/\/cmh.ens.fr\/en\/distinction\/prix-de-these\/vient-de-recevoir-le-deuxieme-prix-du-prix-du-gis-moyen-orient-et-mondes-musulmans-et-de-liismm\/","name":"vient de recevoir le deuxi\u00e8me prix du Prix du GIS Moyen-Orient et Mondes Musulmans et de l'IISMM - CMH","isPartOf":{"@id":"https:\/\/cmh.ens.fr\/en\/#website"},"primaryImageOfPage":{"@id":"https:\/\/cmh.ens.fr\/en\/distinction\/prix-de-these\/vient-de-recevoir-le-deuxieme-prix-du-prix-du-gis-moyen-orient-et-mondes-musulmans-et-de-liismm\/#primaryimage"},"image":{"@id":"https:\/\/cmh.ens.fr\/en\/distinction\/prix-de-these\/vient-de-recevoir-le-deuxieme-prix-du-prix-du-gis-moyen-orient-et-mondes-musulmans-et-de-liismm\/#primaryimage"},"thumbnailUrl":"https:\/\/cmh.ens.fr\/wp-content\/uploads\/kebali.jpg","datePublished":"2022-06-21T12:31:43+00:00","dateModified":"2022-06-21T12:34:05+00:00","breadcrumb":{"@id":"https:\/\/cmh.ens.fr\/en\/distinction\/prix-de-these\/vient-de-recevoir-le-deuxieme-prix-du-prix-du-gis-moyen-orient-et-mondes-musulmans-et-de-liismm\/#breadcrumb"},"inLanguage":"en-US","potentialAction":[{"@type":"ReadAction","target":["https:\/\/cmh.ens.fr\/en\/distinction\/prix-de-these\/vient-de-recevoir-le-deuxieme-prix-du-prix-du-gis-moyen-orient-et-mondes-musulmans-et-de-liismm\/"]}]},{"@type":"ImageObject","inLanguage":"en-US","@id":"https:\/\/cmh.ens.fr\/en\/distinction\/prix-de-these\/vient-de-recevoir-le-deuxieme-prix-du-prix-du-gis-moyen-orient-et-mondes-musulmans-et-de-liismm\/#primaryimage","url":"https:\/\/cmh.ens.fr\/wp-content\/uploads\/kebali.jpg","contentUrl":"https:\/\/cmh.ens.fr\/wp-content\/uploads\/kebali.jpg","width":225,"height":225},{"@type":"BreadcrumbList","@id":"https:\/\/cmh.ens.fr\/en\/distinction\/prix-de-these\/vient-de-recevoir-le-deuxieme-prix-du-prix-du-gis-moyen-orient-et-mondes-musulmans-et-de-liismm\/#breadcrumb","itemListElement":[{"@type":"ListItem","position":1,"name":"Accueil","item":"https:\/\/cmh.ens.fr\/"},{"@type":"ListItem","position":2,"name":"Distinctions","item":"https:\/\/cmh.ens.fr\/distinction\/"},{"@type":"ListItem","position":3,"name":"vient de recevoir le deuxi\u00e8me prix du Prix du GIS Moyen-Orient et Mondes Musulmans et de l&rsquo;IISMM"}]},{"@type":"WebSite","@id":"https:\/\/cmh.ens.fr\/en\/#website","url":"https:\/\/cmh.ens.fr\/en\/","name":"CMH","description":"Centre Maurice Halbwachs","publisher":{"@id":"https:\/\/cmh.ens.fr\/en\/#organization"},"potentialAction":[{"@type":"SearchAction","target":{"@type":"EntryPoint","urlTemplate":"https:\/\/cmh.ens.fr\/en\/?s={search_term_string}"},"query-input":{"@type":"PropertyValueSpecification","valueRequired":true,"valueName":"search_term_string"}}],"inLanguage":"en-US"},{"@type":"Organization","@id":"https:\/\/cmh.ens.fr\/en\/#organization","name":"Centre Maurice Halbwachs","url":"https:\/\/cmh.ens.fr\/en\/","logo":{"@type":"ImageObject","inLanguage":"en-US","@id":"https:\/\/cmh.ens.fr\/en\/#\/schema\/logo\/image\/","url":"https:\/\/www.cmh.ens.fr\/wp-content\/uploads\/siteon0.jpg","contentUrl":"https:\/\/www.cmh.ens.fr\/wp-content\/uploads\/siteon0.jpg","width":86,"height":53,"caption":"Centre Maurice Halbwachs"},"image":{"@id":"https:\/\/cmh.ens.fr\/en\/#\/schema\/logo\/image\/"}}]}},"_links":{"self":[{"href":"https:\/\/cmh.ens.fr\/en\/wp-json\/wp\/v2\/distinction\/10320"}],"collection":[{"href":"https:\/\/cmh.ens.fr\/en\/wp-json\/wp\/v2\/distinction"}],"about":[{"href":"https:\/\/cmh.ens.fr\/en\/wp-json\/wp\/v2\/types\/distinction"}],"author":[{"embeddable":true,"href":"https:\/\/cmh.ens.fr\/en\/wp-json\/wp\/v2\/users\/94"}],"version-history":[{"count":4,"href":"https:\/\/cmh.ens.fr\/en\/wp-json\/wp\/v2\/distinction\/10320\/revisions"}],"predecessor-version":[{"id":10325,"href":"https:\/\/cmh.ens.fr\/en\/wp-json\/wp\/v2\/distinction\/10320\/revisions\/10325"}],"wp:featuredmedia":[{"embeddable":true,"href":"https:\/\/cmh.ens.fr\/en\/wp-json\/wp\/v2\/media\/10321"}],"wp:attachment":[{"href":"https:\/\/cmh.ens.fr\/en\/wp-json\/wp\/v2\/media?parent=10320"}],"wp:term":[{"taxonomy":"categories_distinctions","embeddable":true,"href":"https:\/\/cmh.ens.fr\/en\/wp-json\/wp\/v2\/categories_distinctions?post=10320"}],"curies":[{"name":"wp","href":"https:\/\/api.w.org\/{rel}","templated":true}]}}

vient de recevoir le deuxième prix du Prix du GIS Moyen-Orient et Mondes Musulmans et de l&rsquo;IISMM

<p><strong>Selima Kebaïli</strong>, qui a réalisé sa thèse : <em>Le genre de la justice transitionnelle. Les effets d’un label international sur des femmes (victimes) en Tunisie (2011-2018),</em> thèse de sociologie, soutenue à l’EHESS le 22/01/2021 sous la direction de Liora Israël et Jocelyne Dakhlia (EHESS, CRH) (<a href="http://majlis-remomm.fr/72551" target="_blank" rel="noreferrer noopener">en ligne</a>)</p>

<!-- This site is optimized with the Yoast SEO plugin v25.6 - https://yoast.com/wordpress/plugins/seo/ -->
<title>CMH</title>
<meta name="robots" content="index, follow, max-snippet:-1, max-image-preview:large, max-video-preview:-1" />
<link rel="canonical" href="https://cmh.ens.fr/en/distinction/prix-de-these/vient-de-recevoir-le-deuxieme-prix-du-prix-du-gis-moyen-orient-et-mondes-musulmans-et-de-liismm/" class="yoast-seo-meta-tag" />
<meta property="og:locale" content="en_US" class="yoast-seo-meta-tag" />
<meta property="og:type" content="article" class="yoast-seo-meta-tag" />
<meta property="og:title" content="vient de recevoir le deuxième prix du Prix du GIS Moyen-Orient et Mondes Musulmans et de l&#039;IISMM - CMH" class="yoast-seo-meta-tag" />
<meta property="og:description" content="Selima Kebaïli, qui a réalisé sa thèse : Le genre de la justice transitionnelle. Les effets d’un label international sur des femmes (victimes) en Tunisie (2011-2018), thèse de sociologie, soutenue à l’EHESS le 22/01/2021 sous la direction de Liora Israël et Jocelyne Dakhlia (EHESS, CRH) (en ligne)" class="yoast-seo-meta-tag" />
<meta property="og:url" content="https://cmh.ens.fr/en/distinction/prix-de-these/vient-de-recevoir-le-deuxieme-prix-du-prix-du-gis-moyen-orient-et-mondes-musulmans-et-de-liismm/" class="yoast-seo-meta-tag" />
<meta property="og:site_name" content="CMH" class="yoast-seo-meta-tag" />
<meta property="article:modified_time" content="2022-06-21T12:34:05+00:00" class="yoast-seo-meta-tag" />
<meta property="og:image" content="https://cmh.ens.fr/wp-content/uploads/kebali.jpg" class="yoast-seo-meta-tag" />
	<meta property="og:image:width" content="225" class="yoast-seo-meta-tag" />
	<meta property="og:image:height" content="225" class="yoast-seo-meta-tag" />
	<meta property="og:image:type" content="image/jpeg" class="yoast-seo-meta-tag" />
<meta name="twitter:card" content="summary_large_image" class="yoast-seo-meta-tag" />
<meta name="twitter:label1" content="Est. reading time" class="yoast-seo-meta-tag" />
	<meta name="twitter:data1" content="1 minute" class="yoast-seo-meta-tag" />
<script type="application/ld+json" class="yoast-schema-graph">{"@context":"https://schema.org","@graph":[{"@type":"WebPage","@id":"https://cmh.ens.fr/en/distinction/prix-de-these/vient-de-recevoir-le-deuxieme-prix-du-prix-du-gis-moyen-orient-et-mondes-musulmans-et-de-liismm/","url":"https://cmh.ens.fr/en/distinction/prix-de-these/vient-de-recevoir-le-deuxieme-prix-du-prix-du-gis-moyen-orient-et-mondes-musulmans-et-de-liismm/","name":"vient de recevoir le deuxième prix du Prix du GIS Moyen-Orient et Mondes Musulmans et de l'IISMM - CMH","isPartOf":{"@id":"https://cmh.ens.fr/en/#website"},"primaryImageOfPage":{"@id":"https://cmh.ens.fr/en/distinction/prix-de-these/vient-de-recevoir-le-deuxieme-prix-du-prix-du-gis-moyen-orient-et-mondes-musulmans-et-de-liismm/#primaryimage"},"image":{"@id":"https://cmh.ens.fr/en/distinction/prix-de-these/vient-de-recevoir-le-deuxieme-prix-du-prix-du-gis-moyen-orient-et-mondes-musulmans-et-de-liismm/#primaryimage"},"thumbnailUrl":"https://cmh.ens.fr/wp-content/uploads/kebali.jpg","datePublished":"2022-06-21T12:31:43+00:00","dateModified":"2022-06-21T12:34:05+00:00","breadcrumb":{"@id":"https://cmh.ens.fr/en/distinction/prix-de-these/vient-de-recevoir-le-deuxieme-prix-du-prix-du-gis-moyen-orient-et-mondes-musulmans-et-de-liismm/#breadcrumb"},"inLanguage":"en-US","potentialAction":[{"@type":"ReadAction","target":["https://cmh.ens.fr/en/distinction/prix-de-these/vient-de-recevoir-le-deuxieme-prix-du-prix-du-gis-moyen-orient-et-mondes-musulmans-et-de-liismm/"]}]},{"@type":"ImageObject","inLanguage":"en-US","@id":"https://cmh.ens.fr/en/distinction/prix-de-these/vient-de-recevoir-le-deuxieme-prix-du-prix-du-gis-moyen-orient-et-mondes-musulmans-et-de-liismm/#primaryimage","url":"https://cmh.ens.fr/wp-content/uploads/kebali.jpg","contentUrl":"https://cmh.ens.fr/wp-content/uploads/kebali.jpg","width":225,"height":225},{"@type":"BreadcrumbList","@id":"https://cmh.ens.fr/en/distinction/prix-de-these/vient-de-recevoir-le-deuxieme-prix-du-prix-du-gis-moyen-orient-et-mondes-musulmans-et-de-liismm/#breadcrumb","itemListElement":[{"@type":"ListItem","position":1,"name":"Accueil","item":"https://cmh.ens.fr/"},{"@type":"ListItem","position":2,"name":"Distinctions","item":"https://cmh.ens.fr/distinction/"},{"@type":"ListItem","position":3,"name":"vient de recevoir le deuxième prix du Prix du GIS Moyen-Orient et Mondes Musulmans et de l&rsquo;IISMM"}]},{"@type":"WebSite","@id":"https://cmh.ens.fr/en/#website","url":"https://cmh.ens.fr/en/","name":"CMH","description":"Centre Maurice Halbwachs","publisher":{"@id":"https://cmh.ens.fr/en/#organization"},"potentialAction":[{"@type":"SearchAction","target":{"@type":"EntryPoint","urlTemplate":"https://cmh.ens.fr/en/?s={search_term_string}"},"query-input":{"@type":"PropertyValueSpecification","valueRequired":true,"valueName":"search_term_string"}}],"inLanguage":"en-US"},{"@type":"Organization","@id":"https://cmh.ens.fr/en/#organization","name":"Centre Maurice Halbwachs","url":"https://cmh.ens.fr/en/","logo":{"@type":"ImageObject","inLanguage":"en-US","@id":"https://cmh.ens.fr/en/#/schema/logo/image/","url":"https://www.cmh.ens.fr/wp-content/uploads/siteon0.jpg","contentUrl":"https://www.cmh.ens.fr/wp-content/uploads/siteon0.jpg","width":86,"height":53,"caption":"Centre Maurice Halbwachs"},"image":{"@id":"https://cmh.ens.fr/en/#/schema/logo/image/"}}]}</script>
<!-- / Yoast SEO plugin. -->

vient de recevoir le deuxième prix du Prix du GIS Moyen-Orient et Mondes Musulmans et de l'IISMM - CMH

Selima Kebaïli, qui a réalisé sa thèse : Le genre de la justice transitionnelle. Les effets d’un label international sur des femmes (victimes) en Tunisie (2011-2018), thèse de sociologie, soutenue à l’EHESS le 22/01/2021 sous la direction de Liora Israël et Jocelyne Dakhlia (EHESS, CRH) (en ligne)
