{"version":"1.0","provider_name":"CMH","provider_url":"https:\/\/cmh.ens.fr\/en","author_name":"Muriel Schilovitz","author_url":"https:\/\/cmh.ens.fr\/en\/author\/muriel-schilovitz\/","title":"Le rural : un objet pour les sciences sociales ? - CMH","type":"rich","width":600,"height":338,"html":"<blockquote class=\"wp-embedded-content\" data-secret=\"UHng8UVufY\"><a href=\"https:\/\/cmh.ens.fr\/en\/evenement\/le-rural-un-objet-pour-les-sciences-sociales\/\">Le rural\u00a0: un objet pour les sciences sociales\u00a0?<\/a><\/blockquote><iframe sandbox=\"allow-scripts\" security=\"restricted\" src=\"https:\/\/cmh.ens.fr\/en\/evenement\/le-rural-un-objet-pour-les-sciences-sociales\/embed\/#?secret=UHng8UVufY\" width=\"600\" height=\"338\" title=\"&#8220;Le rural\u00a0: un objet pour les sciences sociales\u00a0?&#8221; &#8212; CMH\" data-secret=\"UHng8UVufY\" frameborder=\"0\" marginwidth=\"0\" marginheight=\"0\" scrolling=\"no\" class=\"wp-embedded-content\"><\/iframe><script>\n\/*! This file is auto-generated *\/\n!function(d,l){\"use strict\";l.querySelector&&d.addEventListener&&\"undefined\"!=typeof URL&&(d.wp=d.wp||{},d.wp.receiveEmbedMessage||(d.wp.receiveEmbedMessage=function(e){var t=e.data;if((t||t.secret||t.message||t.value)&&!\/[^a-zA-Z0-9]\/.test(t.secret)){for(var s,r,n,a=l.querySelectorAll('iframe[data-secret=\"'+t.secret+'\"]'),o=l.querySelectorAll('blockquote[data-secret=\"'+t.secret+'\"]'),c=new RegExp(\"^https?:$\",\"i\"),i=0;i<o.length;i++)o[i].style.display=\"none\";for(i=0;i<a.length;i++)s=a[i],e.source===s.contentWindow&&(s.removeAttribute(\"style\"),\"height\"===t.message?(1e3<(r=parseInt(t.value,10))?r=1e3:~~r<200&&(r=200),s.height=r):\"link\"===t.message&&(r=new URL(s.getAttribute(\"src\")),n=new URL(t.value),c.test(n.protocol))&&n.host===r.host&&l.activeElement===s&&(d.top.location.href=t.value))}},d.addEventListener(\"message\",d.wp.receiveEmbedMessage,!1),l.addEventListener(\"DOMContentLoaded\",function(){for(var e,t,s=l.querySelectorAll(\"iframe.wp-embedded-content\"),r=0;r<s.length;r++)(t=(e=s[r]).getAttribute(\"data-secret\"))||(t=Math.random().toString(36).substring(2,12),e.src+=\"#?secret=\"+t,e.setAttribute(\"data-secret\",t)),e.contentWindow.postMessage({message:\"ready\",secret:t},\"*\")},!1)))}(window,document);\n<\/script>","description":"Jeudi 6 et Vendredi 7 mars Ces Journ\u00e9es d\u2019\u00e9tudes s\u2019inscrivent dans le prolongement des r\u00e9flexions men\u00e9es au sein du s\u00e9minaire \u00ab\u00a0Ethnographies des mondes ruraux\u00a0: reconfigurations locales et transformations globales\u00a0\u00bb (UE177) et du R\u00e9seau international de recherche \u00ab\u00a0Ethnographies des mondes ruraux\u00a0\u00bb. Elles se donnent pour objectif de questionner le rural \u00e0 la fois comme espaces aux [&hellip;]"}

Jeudi 6 et Vendredi 7 mars Ces Journées d’études s’inscrivent dans le prolongement des réflexions menées au sein du séminaire « Ethnographies des mondes ruraux : reconfigurations locales et transformations globales » (UE177) et du Réseau international de recherche « Ethnographies des mondes ruraux ». Elles se donnent pour objectif de questionner le rural à la fois comme espaces aux [&hellip;]
