{"version":"1.0","provider_name":"CMH","provider_url":"https:\/\/cmh.ens.fr\/en","author_name":"Muriel Schilovitz","author_url":"https:\/\/cmh.ens.fr\/en\/author\/muriel-schilovitz\/","title":"Lancement Chaire MACIF-ENS - CMH","type":"rich","width":600,"height":338,"html":"<blockquote class=\"wp-embedded-content\" data-secret=\"YpvThCofhd\"><a href=\"https:\/\/cmh.ens.fr\/en\/evenement\/lancement-chaire-macif-ens\/\">Lancement Chaire MACIF-ENS<\/a><\/blockquote><iframe sandbox=\"allow-scripts\" security=\"restricted\" src=\"https:\/\/cmh.ens.fr\/en\/evenement\/lancement-chaire-macif-ens\/embed\/#?secret=YpvThCofhd\" width=\"600\" height=\"338\" title=\"&#8220;Lancement Chaire MACIF-ENS&#8221; &#8212; CMH\" data-secret=\"YpvThCofhd\" frameborder=\"0\" marginwidth=\"0\" marginheight=\"0\" scrolling=\"no\" class=\"wp-embedded-content\"><\/iframe><script>\n\/*! This file is auto-generated *\/\n!function(d,l){\"use strict\";l.querySelector&&d.addEventListener&&\"undefined\"!=typeof URL&&(d.wp=d.wp||{},d.wp.receiveEmbedMessage||(d.wp.receiveEmbedMessage=function(e){var t=e.data;if((t||t.secret||t.message||t.value)&&!\/[^a-zA-Z0-9]\/.test(t.secret)){for(var s,r,n,a=l.querySelectorAll('iframe[data-secret=\"'+t.secret+'\"]'),o=l.querySelectorAll('blockquote[data-secret=\"'+t.secret+'\"]'),c=new RegExp(\"^https?:$\",\"i\"),i=0;i<o.length;i++)o[i].style.display=\"none\";for(i=0;i<a.length;i++)s=a[i],e.source===s.contentWindow&&(s.removeAttribute(\"style\"),\"height\"===t.message?(1e3<(r=parseInt(t.value,10))?r=1e3:~~r<200&&(r=200),s.height=r):\"link\"===t.message&&(r=new URL(s.getAttribute(\"src\")),n=new URL(t.value),c.test(n.protocol))&&n.host===r.host&&l.activeElement===s&&(d.top.location.href=t.value))}},d.addEventListener(\"message\",d.wp.receiveEmbedMessage,!1),l.addEventListener(\"DOMContentLoaded\",function(){for(var e,t,s=l.querySelectorAll(\"iframe.wp-embedded-content\"),r=0;r<s.length;r++)(t=(e=s[r]).getAttribute(\"data-secret\"))||(t=Math.random().toString(36).substring(2,12),e.src+=\"#?secret=\"+t,e.setAttribute(\"data-secret\",t)),e.contentWindow.postMessage({message:\"ready\",secret:t},\"*\")},!1)))}(window,document);\n<\/script>","description":"Changement climatique\u00a0: Nouvelles fractures, Nouvelles mutualisations Fr\u00e9d\u00e9ric Worms, Directeur de l&rsquo;\u00c9cole normale sup\u00e9rieure-PSL,St\u00e9phane Isra\u00ebl, Pr\u00e9sident de la Fondation de l&rsquo;ENS,Jean-Louis Grosse-Delasalle, Pr\u00e9sident de la Macif,Jean-Philippe Dogneton, Directeur g\u00e9n\u00e9ral de la Macif,ont le plaisir de vous convier \u00e0 la soir\u00e9e de pr\u00e9sentation de la chaire MACIF-ENS \u00ab\u00a0Changement climatique\u00a0: Nouvelles fractures, Nouvelles mutualisations\u00a0\u00bb Au programme\u00a0:Pr\u00e9sentations scientifiques de [&hellip;]"}

Changement climatique : Nouvelles fractures, Nouvelles mutualisations Frédéric Worms, Directeur de l&rsquo;École normale supérieure-PSL,Stéphane Israël, Président de la Fondation de l&rsquo;ENS,Jean-Louis Grosse-Delasalle, Président de la Macif,Jean-Philippe Dogneton, Directeur général de la Macif,ont le plaisir de vous convier à la soirée de présentation de la chaire MACIF-ENS « Changement climatique : Nouvelles fractures, Nouvelles mutualisations » Au programme :Présentations scientifiques de [&hellip;]
